-- https://www.phpmyadmin.net/
--
-- Tempo de geração: 11-Ago-2021 às 11:54
-- Versão do servidor: 5.7.35
-- versão do PHP: 7.3.28

START TRANSACTION;



--
-- Banco de dados: `wwcmst_cms3`
--

-- --------------------------------------------------------

--
-- Estrutura da tabela `action`
--

CREATE TABLE `action` (
  `actionId` int(11) NOT NULL,
  `ownerId` int(11) NOT NULL,
  `triggerType` varchar(50) DEFAULT NULL,
  `triggerCode` varchar(50) DEFAULT NULL,
  `actionType` varchar(50) DEFAULT NULL,
  `source` varchar(50) DEFAULT NULL,
  `sourceId` int(11) DEFAULT NULL,
  `target` varchar(50) DEFAULT NULL,
  `targetId` int(11) DEFAULT NULL,
  `widgetId` int(11) DEFAULT NULL,
  `layoutCode` varchar(50) DEFAULT NULL
) ENGINE=InnoDB DEFAULT CHARSET=utf8;

-- --------------------------------------------------------

--
-- Estrutura da tabela `auditlog`
--

CREATE TABLE `auditlog` (
  `logId` int(11) NOT NULL,
  `logDate` int(11) NOT NULL,
  `userId` int(11) NOT NULL,
  `message` varchar(255) NOT NULL,
  `entity` varchar(50) NOT NULL,
  `entityId` int(11) NOT NULL,
  `objectAfter` text
) ENGINE=InnoDB DEFAULT CHARSET=utf8;

--
-- Extraindo dados da tabela `auditlog`
--

INSERT INTO `auditlog` (`logId`, `logDate`, `userId`, `message`, `entity`, `entityId`, `objectAfter`) VALUES
(1, 1628599479, 0, 'Added', 'Media', 1, '{\"mediaId\":1,\"name\":\"Logo\",\"mediaType\":\"image\",\"fileName\":\"xibo_logo_square.png\",\"folderId\":null}'),
(2, 1628599479, 0, 'Added', 'Media', 2, '{\"mediaId\":2,\"name\":\"Default Layout Background\",\"mediaType\":\"image\",\"fileName\":\"default layout3 background.jpg\",\"folderId\":null}'),
(3, 1628599479, 0, 'Added', 'Widget', 1, '{\"widgetId\":1,\"type\":\"image\",\"layoutId\":\"1\",\"campaignId\":\"1\"}'),
(4, 1628599479, 0, 'Saved', 'Playlist', 1, '{\"campaignId\":[\"1\"],\"layoutId\":[\"1\"]}'),
(5, 1628599479, 0, 'Added', 'Widget', 2, '{\"widgetId\":2,\"type\":\"text\",\"layoutId\":\"1\",\"campaignId\":\"1\"}'),
(6, 1628599479, 0, 'Saved', 'Playlist', 2, '{\"campaignId\":[\"1\"],\"layoutId\":[\"1\"]}'),
(7, 1628599479, 0, 'Added', 'Widget', 3, '{\"widgetId\":3,\"type\":\"spacer\",\"layoutId\":\"1\",\"campaignId\":\"1\"}'),
(8, 1628599479, 0, 'Added', 'Widget', 4, '{\"widgetId\":4,\"type\":\"text\",\"layoutId\":\"1\",\"campaignId\":\"1\"}'),
(9, 1628599479, 0, 'Saved', 'Playlist', 3, '{\"campaignId\":[\"1\"],\"layoutId\":[\"1\"]}'),
(10, 1628599479, 0, 'Added', 'Widget', 5, '{\"widgetId\":5,\"type\":\"clock\",\"layoutId\":\"1\",\"campaignId\":\"1\"}'),
(11, 1628599479, 0, 'Saved', 'Playlist', 4, '{\"campaignId\":[\"1\"],\"layoutId\":[\"1\"]}'),
(12, 1628599479, 0, 'Added', 'Media', 3, '{\"mediaId\":3,\"name\":\"jquery.min.js\",\"mediaType\":\"module\",\"fileName\":\"\\/home\\/wwcmst\\/public_html\\/cms3\\/modules\\/vendor\\/jquery.min.js\",\"folderId\":null}'),
(13, 1628599479, 0, 'Added', 'Media', 4, '{\"mediaId\":4,\"name\":\"xibo-layout-scaler.js\",\"mediaType\":\"module\",\"fileName\":\"\\/home\\/wwcmst\\/public_html\\/cms3\\/modules\\/xibo-layout-scaler.js\",\"folderId\":null}'),
(14, 1628599479, 0, 'Added', 'Media', 5, '{\"mediaId\":5,\"name\":\"xibo-interactive-control.min.js\",\"mediaType\":\"module\",\"fileName\":\"\\/home\\/wwcmst\\/public_html\\/cms3\\/modules\\/xibo-interactive-control.min.js\",\"folderId\":null}'),
(15, 1628599479, 0, 'Updated', 'Media', 3, '{\"fileName\":\"jquery.min.js > \\/home\\/wwcmst\\/public_html\\/cms3\\/modules\\/vendor\\/jquery.min.js\"}'),
(16, 1628599479, 0, 'Updated', 'Media', 4, '{\"fileName\":\"xibo-layout-scaler.js > \\/home\\/wwcmst\\/public_html\\/cms3\\/modules\\/xibo-layout-scaler.js\"}'),
(17, 1628599479, 0, 'Updated', 'Media', 5, '{\"fileName\":\"xibo-interactive-control.min.js > \\/home\\/wwcmst\\/public_html\\/cms3\\/modules\\/xibo-interactive-control.min.js\"}'),
(18, 1628599479, 0, 'Added', 'Media', 6, '{\"mediaId\":6,\"name\":\"moment.js\",\"mediaType\":\"module\",\"fileName\":\"\\/home\\/wwcmst\\/public_html\\/cms3\\/modules\\/vendor\\/moment.js\",\"folderId\":null}'),
(19, 1628599479, 0, 'Added', 'Media', 7, '{\"mediaId\":7,\"name\":\"xibo-text-render.js\",\"mediaType\":\"module\",\"fileName\":\"\\/home\\/wwcmst\\/public_html\\/cms3\\/modules\\/xibo-text-render.js\",\"folderId\":null}'),
(20, 1628599479, 0, 'Updated', 'Media', 3, '{\"fileName\":\"jquery.min.js > \\/home\\/wwcmst\\/public_html\\/cms3\\/modules\\/vendor\\/jquery.min.js\"}'),
(21, 1628599479, 0, 'Updated', 'Media', 4, '{\"fileName\":\"xibo-layout-scaler.js > \\/home\\/wwcmst\\/public_html\\/cms3\\/modules\\/xibo-layout-scaler.js\"}'),
(22, 1628599479, 0, 'Updated', 'Media', 5, '{\"fileName\":\"xibo-interactive-control.min.js > \\/home\\/wwcmst\\/public_html\\/cms3\\/modules\\/xibo-interactive-control.min.js\"}'),
(23, 1628599479, 0, 'Updated', 'Media', 6, '{\"fileName\":\"moment.js > \\/home\\/wwcmst\\/public_html\\/cms3\\/modules\\/vendor\\/moment.js\"}'),
(24, 1628599479, 0, 'Added', 'Media', 8, '{\"mediaId\":8,\"name\":\"Chart.min.js\",\"mediaType\":\"module\",\"fileName\":\"\\/home\\/wwcmst\\/public_html\\/cms3\\/modules\\/vendor\\/Chart.min.js\",\"folderId\":null}'),
(25, 1628599479, 0, 'Updated', 'Media', 3, '{\"fileName\":\"jquery.min.js > \\/home\\/wwcmst\\/public_html\\/cms3\\/modules\\/vendor\\/jquery.min.js\"}'),
(26, 1628599479, 0, 'Updated', 'Media', 4, '{\"fileName\":\"xibo-layout-scaler.js > \\/home\\/wwcmst\\/public_html\\/cms3\\/modules\\/xibo-layout-scaler.js\"}'),
(27, 1628599479, 0, 'Updated', 'Media', 5, '{\"fileName\":\"xibo-interactive-control.min.js > \\/home\\/wwcmst\\/public_html\\/cms3\\/modules\\/xibo-interactive-control.min.js\"}'),
(28, 1628599479, 0, 'Added', 'Media', 9, '{\"mediaId\":9,\"name\":\"jquery-cycle-2.1.6.min.js\",\"mediaType\":\"module\",\"fileName\":\"\\/home\\/wwcmst\\/public_html\\/cms3\\/modules\\/vendor\\/jquery-cycle-2.1.6.min.js\",\"folderId\":null}'),
(29, 1628599479, 0, 'Updated', 'Media', 6, '{\"fileName\":\"moment.js > \\/home\\/wwcmst\\/public_html\\/cms3\\/modules\\/vendor\\/moment.js\"}'),
(30, 1628599479, 0, 'Added', 'Media', 10, '{\"mediaId\":10,\"name\":\"flipclock.min.js\",\"mediaType\":\"module\",\"fileName\":\"\\/home\\/wwcmst\\/public_html\\/cms3\\/modules\\/vendor\\/flipclock.min.js\",\"folderId\":null}'),
(31, 1628599479, 0, 'Updated', 'Media', 3, '{\"fileName\":\"jquery.min.js > \\/home\\/wwcmst\\/public_html\\/cms3\\/modules\\/vendor\\/jquery.min.js\"}'),
(32, 1628599479, 0, 'Updated', 'Media', 4, '{\"fileName\":\"xibo-layout-scaler.js > \\/home\\/wwcmst\\/public_html\\/cms3\\/modules\\/xibo-layout-scaler.js\"}'),
(33, 1628599479, 0, 'Updated', 'Media', 5, '{\"fileName\":\"xibo-interactive-control.min.js > \\/home\\/wwcmst\\/public_html\\/cms3\\/modules\\/xibo-interactive-control.min.js\"}'),
(34, 1628599479, 0, 'Added', 'Media', 11, '{\"mediaId\":11,\"name\":\"xibo-countdown-render.js\",\"mediaType\":\"module\",\"fileName\":\"\\/home\\/wwcmst\\/public_html\\/cms3\\/modules\\/xibo-countdown-render.js\",\"folderId\":null}'),
(35, 1628599479, 0, 'Updated', 'Media', 6, '{\"fileName\":\"moment.js > \\/home\\/wwcmst\\/public_html\\/cms3\\/modules\\/vendor\\/moment.js\"}'),
(36, 1628599479, 0, 'Updated', 'Media', 3, '{\"fileName\":\"jquery.min.js > \\/home\\/wwcmst\\/public_html\\/cms3\\/modules\\/vendor\\/jquery.min.js\"}'),
(37, 1628599479, 0, 'Updated', 'Media', 4, '{\"fileName\":\"xibo-layout-scaler.js > \\/home\\/wwcmst\\/public_html\\/cms3\\/modules\\/xibo-layout-scaler.js\"}'),
(38, 1628599479, 0, 'Updated', 'Media', 5, '{\"fileName\":\"xibo-interactive-control.min.js > \\/home\\/wwcmst\\/public_html\\/cms3\\/modules\\/xibo-interactive-control.min.js\"}'),
(39, 1628599479, 0, 'Updated', 'Media', 6, '{\"fileName\":\"moment.js > \\/home\\/wwcmst\\/public_html\\/cms3\\/modules\\/vendor\\/moment.js\"}'),
(40, 1628599479, 0, 'Added', 'Media', 12, '{\"mediaId\":12,\"name\":\"jquery.marquee.min.js\",\"mediaType\":\"module\",\"fileName\":\"\\/home\\/wwcmst\\/public_html\\/cms3\\/modules\\/vendor\\/jquery.marquee.min.js\",\"folderId\":null}'),
(41, 1628599479, 0, 'Updated', 'Media', 9, '{\"fileName\":\"jquery-cycle-2.1.6.min.js > \\/home\\/wwcmst\\/public_html\\/cms3\\/modules\\/vendor\\/jquery-cycle-2.1.6.min.js\"}'),
(42, 1628599479, 0, 'Updated', 'Media', 7, '{\"fileName\":\"xibo-text-render.js > \\/home\\/wwcmst\\/public_html\\/cms3\\/modules\\/xibo-text-render.js\"}'),
(43, 1628599479, 0, 'Added', 'Media', 13, '{\"mediaId\":13,\"name\":\"xibo-image-render.js\",\"mediaType\":\"module\",\"fileName\":\"\\/home\\/wwcmst\\/public_html\\/cms3\\/modules\\/xibo-image-render.js\",\"folderId\":null}'),
(44, 1628599479, 0, 'Updated', 'Media', 3, '{\"fileName\":\"jquery.min.js > \\/home\\/wwcmst\\/public_html\\/cms3\\/modules\\/vendor\\/jquery.min.js\"}'),
(45, 1628599479, 0, 'Updated', 'Media', 4, '{\"fileName\":\"xibo-layout-scaler.js > \\/home\\/wwcmst\\/public_html\\/cms3\\/modules\\/xibo-layout-scaler.js\"}'),
(46, 1628599479, 0, 'Updated', 'Media', 5, '{\"fileName\":\"xibo-interactive-control.min.js > \\/home\\/wwcmst\\/public_html\\/cms3\\/modules\\/xibo-interactive-control.min.js\"}'),
(47, 1628599479, 0, 'Updated', 'Media', 9, '{\"fileName\":\"jquery-cycle-2.1.6.min.js > \\/home\\/wwcmst\\/public_html\\/cms3\\/modules\\/vendor\\/jquery-cycle-2.1.6.min.js\"}'),
(48, 1628599479, 0, 'Updated', 'Media', 6, '{\"fileName\":\"moment.js > \\/home\\/wwcmst\\/public_html\\/cms3\\/modules\\/vendor\\/moment.js\"}'),
(49, 1628599479, 0, 'Added', 'Media', 14, '{\"mediaId\":14,\"name\":\"xibo-dataset-render.js\",\"mediaType\":\"module\",\"fileName\":\"\\/home\\/wwcmst\\/public_html\\/cms3\\/modules\\/xibo-dataset-render.js\",\"folderId\":null}'),
(50, 1628599479, 0, 'Updated', 'Media', 13, '{\"fileName\":\"xibo-image-render.js > \\/home\\/wwcmst\\/public_html\\/cms3\\/modules\\/xibo-image-render.js\"}'),
(51, 1628599479, 0, 'Updated', 'Media', 3, '{\"fileName\":\"jquery.min.js > \\/home\\/wwcmst\\/public_html\\/cms3\\/modules\\/vendor\\/jquery.min.js\"}'),
(52, 1628599479, 0, 'Updated', 'Media', 4, '{\"fileName\":\"xibo-layout-scaler.js > \\/home\\/wwcmst\\/public_html\\/cms3\\/modules\\/xibo-layout-scaler.js\"}'),
(53, 1628599479, 0, 'Updated', 'Media', 5, '{\"fileName\":\"xibo-interactive-control.min.js > \\/home\\/wwcmst\\/public_html\\/cms3\\/modules\\/xibo-interactive-control.min.js\"}'),
(54, 1628599479, 0, 'Updated', 'Media', 13, '{\"fileName\":\"xibo-image-render.js > \\/home\\/wwcmst\\/public_html\\/cms3\\/modules\\/xibo-image-render.js\"}'),
(55, 1628599479, 0, 'Added', 'Media', 15, '{\"mediaId\":15,\"name\":\"Aileron Heavy Regular\",\"mediaType\":\"font\",\"fileName\":\"\\/home\\/wwcmst\\/public_html\\/cms3\\/modules\\/fonts\\/Aileron-Heavy.otf\",\"folderId\":null}'),
(56, 1628599479, 0, 'Added', 'Media', 16, '{\"mediaId\":16,\"name\":\"Aileron Regular\",\"mediaType\":\"font\",\"fileName\":\"\\/home\\/wwcmst\\/public_html\\/cms3\\/modules\\/fonts\\/Aileron-Regular.otf\",\"folderId\":null}'),
(57, 1628599479, 0, 'Added', 'Media', 17, '{\"mediaId\":17,\"name\":\"Dancing Script Regular\",\"mediaType\":\"font\",\"fileName\":\"\\/home\\/wwcmst\\/public_html\\/cms3\\/modules\\/fonts\\/DancingScript-Regular.ttf\",\"folderId\":null}'),
(58, 1628599479, 0, 'Added', 'Media', 18, '{\"mediaId\":18,\"name\":\"Railway Regular\",\"mediaType\":\"font\",\"fileName\":\"\\/home\\/wwcmst\\/public_html\\/cms3\\/modules\\/fonts\\/Railway.ttf\",\"folderId\":null}'),
(59, 1628599479, 0, 'Added', 'Media', 19, '{\"mediaId\":19,\"name\":\"Linear Regular\",\"mediaType\":\"font\",\"fileName\":\"\\/home\\/wwcmst\\/public_html\\/cms3\\/modules\\/fonts\\/linear-by-braydon-fuller.otf\",\"folderId\":null}'),
(60, 1628599479, 0, 'Updated', 'Media', 3, '{\"fileName\":\"jquery.min.js > \\/home\\/wwcmst\\/public_html\\/cms3\\/modules\\/vendor\\/jquery.min.js\"}'),
(61, 1628599479, 0, 'Updated', 'Media', 4, '{\"fileName\":\"xibo-layout-scaler.js > \\/home\\/wwcmst\\/public_html\\/cms3\\/modules\\/xibo-layout-scaler.js\"}'),
(62, 1628599479, 0, 'Updated', 'Media', 5, '{\"fileName\":\"xibo-interactive-control.min.js > \\/home\\/wwcmst\\/public_html\\/cms3\\/modules\\/xibo-interactive-control.min.js\"}'),
(63, 1628599479, 0, 'Updated', 'Media', 3, '{\"fileName\":\"jquery.min.js > \\/home\\/wwcmst\\/public_html\\/cms3\\/modules\\/vendor\\/jquery.min.js\"}'),
(64, 1628599479, 0, 'Updated', 'Media', 4, '{\"fileName\":\"xibo-layout-scaler.js > \\/home\\/wwcmst\\/public_html\\/cms3\\/modules\\/xibo-layout-scaler.js\"}'),
(65, 1628599479, 0, 'Updated', 'Media', 5, '{\"fileName\":\"xibo-interactive-control.min.js > \\/home\\/wwcmst\\/public_html\\/cms3\\/modules\\/xibo-interactive-control.min.js\"}'),
(66, 1628599479, 0, 'Updated', 'Media', 3, '{\"fileName\":\"jquery.min.js > \\/home\\/wwcmst\\/public_html\\/cms3\\/modules\\/vendor\\/jquery.min.js\"}'),
(67, 1628599479, 0, 'Updated', 'Media', 4, '{\"fileName\":\"xibo-layout-scaler.js > \\/home\\/wwcmst\\/public_html\\/cms3\\/modules\\/xibo-layout-scaler.js\"}'),
(68, 1628599479, 0, 'Updated', 'Media', 5, '{\"fileName\":\"xibo-interactive-control.min.js > \\/home\\/wwcmst\\/public_html\\/cms3\\/modules\\/xibo-interactive-control.min.js\"}'),
(69, 1628599479, 0, 'Updated', 'Media', 3, '{\"fileName\":\"jquery.min.js > \\/home\\/wwcmst\\/public_html\\/cms3\\/modules\\/vendor\\/jquery.min.js\"}'),
(70, 1628599479, 0, 'Updated', 'Media', 4, '{\"fileName\":\"xibo-layout-scaler.js > \\/home\\/wwcmst\\/public_html\\/cms3\\/modules\\/xibo-layout-scaler.js\"}'),
(71, 1628599479, 0, 'Updated', 'Media', 5, '{\"fileName\":\"xibo-interactive-control.min.js > \\/home\\/wwcmst\\/public_html\\/cms3\\/modules\\/xibo-interactive-control.min.js\"}'),
(72, 1628599479, 0, 'Updated', 'Media', 3, '{\"fileName\":\"jquery.min.js > \\/home\\/wwcmst\\/public_html\\/cms3\\/modules\\/vendor\\/jquery.min.js\"}'),
(73, 1628599479, 0, 'Updated', 'Media', 4, '{\"fileName\":\"xibo-layout-scaler.js > \\/home\\/wwcmst\\/public_html\\/cms3\\/modules\\/xibo-layout-scaler.js\"}'),
(74, 1628599479, 0, 'Updated', 'Media', 5, '{\"fileName\":\"xibo-interactive-control.min.js > \\/home\\/wwcmst\\/public_html\\/cms3\\/modules\\/xibo-interactive-control.min.js\"}'),
(75, 1628599479, 0, 'Updated', 'Media', 3, '{\"fileName\":\"jquery.min.js > \\/home\\/wwcmst\\/public_html\\/cms3\\/modules\\/vendor\\/jquery.min.js\"}'),
(76, 1628599479, 0, 'Updated', 'Media', 4, '{\"fileName\":\"xibo-layout-scaler.js > \\/home\\/wwcmst\\/public_html\\/cms3\\/modules\\/xibo-layout-scaler.js\"}'),
(77, 1628599479, 0, 'Updated', 'Media', 5, '{\"fileName\":\"xibo-interactive-control.min.js > \\/home\\/wwcmst\\/public_html\\/cms3\\/modules\\/xibo-interactive-control.min.js\"}'),
(78, 1628599479, 0, 'Updated', 'Media', 7, '{\"fileName\":\"xibo-text-render.js > \\/home\\/wwcmst\\/public_html\\/cms3\\/modules\\/xibo-text-render.js\"}'),
(79, 1628599479, 0, 'Updated', 'Media', 12, '{\"fileName\":\"jquery.marquee.min.js > \\/home\\/wwcmst\\/public_html\\/cms3\\/modules\\/vendor\\/jquery.marquee.min.js\"}'),
(80, 1628599479, 0, 'Updated', 'Media', 9, '{\"fileName\":\"jquery-cycle-2.1.6.min.js > \\/home\\/wwcmst\\/public_html\\/cms3\\/modules\\/vendor\\/jquery-cycle-2.1.6.min.js\"}'),
(81, 1628599479, 0, 'Updated', 'Media', 3, '{\"fileName\":\"jquery.min.js > \\/home\\/wwcmst\\/public_html\\/cms3\\/modules\\/vendor\\/jquery.min.js\"}'),
(82, 1628599479, 0, 'Updated', 'Media', 4, '{\"fileName\":\"xibo-layout-scaler.js > \\/home\\/wwcmst\\/public_html\\/cms3\\/modules\\/xibo-layout-scaler.js\"}'),
(83, 1628599479, 0, 'Updated', 'Media', 5, '{\"fileName\":\"xibo-interactive-control.min.js > \\/home\\/wwcmst\\/public_html\\/cms3\\/modules\\/xibo-interactive-control.min.js\"}'),
(84, 1628599479, 0, 'Added', 'Media', 20, '{\"mediaId\":20,\"name\":\"pdf.js\",\"mediaType\":\"module\",\"fileName\":\"\\/home\\/wwcmst\\/public_html\\/cms3\\/modules\\/vendor\\/pdfjs\\/pdf.js\",\"folderId\":null}'),
(85, 1628599479, 0, 'Added', 'Media', 21, '{\"mediaId\":21,\"name\":\"pdf.worker.js\",\"mediaType\":\"module\",\"fileName\":\"\\/home\\/wwcmst\\/public_html\\/cms3\\/modules\\/vendor\\/pdfjs\\/pdf.worker.js\",\"folderId\":null}'),
(86, 1628599479, 0, 'Added', 'Media', 22, '{\"mediaId\":22,\"name\":\"compatibility.js\",\"mediaType\":\"module\",\"fileName\":\"\\/home\\/wwcmst\\/public_html\\/cms3\\/modules\\/vendor\\/pdfjs\\/compatibility.js\",\"folderId\":null}'),
(87, 1628599479, 0, 'Updated', 'Media', 3, '{\"fileName\":\"jquery.min.js > \\/home\\/wwcmst\\/public_html\\/cms3\\/modules\\/vendor\\/jquery.min.js\"}'),
(88, 1628599479, 0, 'Updated', 'Media', 4, '{\"fileName\":\"xibo-layout-scaler.js > \\/home\\/wwcmst\\/public_html\\/cms3\\/modules\\/xibo-layout-scaler.js\"}'),
(89, 1628599479, 0, 'Updated', 'Media', 5, '{\"fileName\":\"xibo-interactive-control.min.js > \\/home\\/wwcmst\\/public_html\\/cms3\\/modules\\/xibo-interactive-control.min.js\"}'),
(90, 1628599479, 0, 'Updated', 'Media', 3, '{\"fileName\":\"jquery.min.js > \\/home\\/wwcmst\\/public_html\\/cms3\\/modules\\/vendor\\/jquery.min.js\"}'),
(91, 1628599479, 0, 'Updated', 'Media', 4, '{\"fileName\":\"xibo-layout-scaler.js > \\/home\\/wwcmst\\/public_html\\/cms3\\/modules\\/xibo-layout-scaler.js\"}'),
(92, 1628599479, 0, 'Updated', 'Media', 5, '{\"fileName\":\"xibo-interactive-control.min.js > \\/home\\/wwcmst\\/public_html\\/cms3\\/modules\\/xibo-interactive-control.min.js\"}'),
(93, 1628599479, 0, 'Updated', 'Media', 3, '{\"fileName\":\"jquery.min.js > \\/home\\/wwcmst\\/public_html\\/cms3\\/modules\\/vendor\\/jquery.min.js\"}'),
(94, 1628599479, 0, 'Updated', 'Media', 4, '{\"fileName\":\"xibo-layout-scaler.js > \\/home\\/wwcmst\\/public_html\\/cms3\\/modules\\/xibo-layout-scaler.js\"}'),
(95, 1628599479, 0, 'Updated', 'Media', 5, '{\"fileName\":\"xibo-interactive-control.min.js > \\/home\\/wwcmst\\/public_html\\/cms3\\/modules\\/xibo-interactive-control.min.js\"}'),
(96, 1628599479, 0, 'Updated', 'Media', 3, '{\"fileName\":\"jquery.min.js > \\/home\\/wwcmst\\/public_html\\/cms3\\/modules\\/vendor\\/jquery.min.js\"}'),
(97, 1628599479, 0, 'Updated', 'Media', 4, '{\"fileName\":\"xibo-layout-scaler.js > \\/home\\/wwcmst\\/public_html\\/cms3\\/modules\\/xibo-layout-scaler.js\"}'),
(98, 1628599479, 0, 'Updated', 'Media', 5, '{\"fileName\":\"xibo-interactive-control.min.js > \\/home\\/wwcmst\\/public_html\\/cms3\\/modules\\/xibo-interactive-control.min.js\"}'),
(99, 1628599479, 0, 'Updated', 'Media', 3, '{\"fileName\":\"jquery.min.js > \\/home\\/wwcmst\\/public_html\\/cms3\\/modules\\/vendor\\/jquery.min.js\"}'),
(100, 1628599479, 0, 'Updated', 'Media', 4, '{\"fileName\":\"xibo-layout-scaler.js > \\/home\\/wwcmst\\/public_html\\/cms3\\/modules\\/xibo-layout-scaler.js\"}'),
(101, 1628599479, 0, 'Updated', 'Media', 5, '{\"fileName\":\"xibo-interactive-control.min.js > \\/home\\/wwcmst\\/public_html\\/cms3\\/modules\\/xibo-interactive-control.min.js\"}'),
(102, 1628599479, 0, 'Updated', 'Media', 3, '{\"fileName\":\"jquery.min.js > \\/home\\/wwcmst\\/public_html\\/cms3\\/modules\\/vendor\\/jquery.min.js\"}'),
(103, 1628599479, 0, 'Updated', 'Media', 4, '{\"fileName\":\"xibo-layout-scaler.js > \\/home\\/wwcmst\\/public_html\\/cms3\\/modules\\/xibo-layout-scaler.js\"}'),
(104, 1628599479, 0, 'Updated', 'Media', 5, '{\"fileName\":\"xibo-interactive-control.min.js > \\/home\\/wwcmst\\/public_html\\/cms3\\/modules\\/xibo-interactive-control.min.js\"}'),
(105, 1628599479, 0, 'Updated', 'Media', 3, '{\"fileName\":\"jquery.min.js > \\/home\\/wwcmst\\/public_html\\/cms3\\/modules\\/vendor\\/jquery.min.js\"}'),
(106, 1628599479, 0, 'Updated', 'Media', 4, '{\"fileName\":\"xibo-layout-scaler.js > \\/home\\/wwcmst\\/public_html\\/cms3\\/modules\\/xibo-layout-scaler.js\"}'),
(107, 1628599479, 0, 'Updated', 'Media', 5, '{\"fileName\":\"xibo-interactive-control.min.js > \\/home\\/wwcmst\\/public_html\\/cms3\\/modules\\/xibo-interactive-control.min.js\"}'),
(108, 1628599479, 0, 'Updated', 'Media', 6, '{\"fileName\":\"moment.js > \\/home\\/wwcmst\\/public_html\\/cms3\\/modules\\/vendor\\/moment.js\"}'),
(109, 1628599479, 0, 'Updated', 'Media', 12, '{\"fileName\":\"jquery.marquee.min.js > \\/home\\/wwcmst\\/public_html\\/cms3\\/modules\\/vendor\\/jquery.marquee.min.js\"}'),
(110, 1628599479, 0, 'Updated', 'Media', 9, '{\"fileName\":\"jquery-cycle-2.1.6.min.js > \\/home\\/wwcmst\\/public_html\\/cms3\\/modules\\/vendor\\/jquery-cycle-2.1.6.min.js\"}'),
(111, 1628599479, 0, 'Updated', 'Media', 7, '{\"fileName\":\"xibo-text-render.js > \\/home\\/wwcmst\\/public_html\\/cms3\\/modules\\/xibo-text-render.js\"}'),
(112, 1628599479, 0, 'Updated', 'Media', 13, '{\"fileName\":\"xibo-image-render.js > \\/home\\/wwcmst\\/public_html\\/cms3\\/modules\\/xibo-image-render.js\"}'),
(113, 1628599479, 0, 'Updated', 'Media', 3, '{\"fileName\":\"jquery.min.js > \\/home\\/wwcmst\\/public_html\\/cms3\\/modules\\/vendor\\/jquery.min.js\"}'),
(114, 1628599479, 0, 'Updated', 'Media', 4, '{\"fileName\":\"xibo-layout-scaler.js > \\/home\\/wwcmst\\/public_html\\/cms3\\/modules\\/xibo-layout-scaler.js\"}'),
(115, 1628599479, 0, 'Updated', 'Media', 5, '{\"fileName\":\"xibo-interactive-control.min.js > \\/home\\/wwcmst\\/public_html\\/cms3\\/modules\\/xibo-interactive-control.min.js\"}'),
(116, 1628599479, 0, 'Updated', 'Media', 6, '{\"fileName\":\"moment.js > \\/home\\/wwcmst\\/public_html\\/cms3\\/modules\\/vendor\\/moment.js\"}'),
(117, 1628599479, 0, 'Updated', 'Media', 12, '{\"fileName\":\"jquery.marquee.min.js > \\/home\\/wwcmst\\/public_html\\/cms3\\/modules\\/vendor\\/jquery.marquee.min.js\"}'),
(118, 1628599479, 0, 'Updated', 'Media', 9, '{\"fileName\":\"jquery-cycle-2.1.6.min.js > \\/home\\/wwcmst\\/public_html\\/cms3\\/modules\\/vendor\\/jquery-cycle-2.1.6.min.js\"}'),
(119, 1628599479, 0, 'Updated', 'Media', 7, '{\"fileName\":\"xibo-text-render.js > \\/home\\/wwcmst\\/public_html\\/cms3\\/modules\\/xibo-text-render.js\"}'),
(120, 1628599479, 0, 'Updated', 'Media', 13, '{\"fileName\":\"xibo-image-render.js > \\/home\\/wwcmst\\/public_html\\/cms3\\/modules\\/xibo-image-render.js\"}'),
(121, 1628599479, 0, 'Updated', 'Media', 3, '{\"fileName\":\"jquery.min.js > \\/home\\/wwcmst\\/public_html\\/cms3\\/modules\\/vendor\\/jquery.min.js\"}'),
(122, 1628599479, 0, 'Updated', 'Media', 4, '{\"fileName\":\"xibo-layout-scaler.js > \\/home\\/wwcmst\\/public_html\\/cms3\\/modules\\/xibo-layout-scaler.js\"}'),
(123, 1628599479, 0, 'Updated', 'Media', 5, '{\"fileName\":\"xibo-interactive-control.min.js > \\/home\\/wwcmst\\/public_html\\/cms3\\/modules\\/xibo-interactive-control.min.js\"}'),
(124, 1628599480, 0, 'Updated', 'Media', 3, '{\"fileName\":\"jquery.min.js > \\/home\\/wwcmst\\/public_html\\/cms3\\/modules\\/vendor\\/jquery.min.js\"}'),
(125, 1628599480, 0, 'Updated', 'Media', 4, '{\"fileName\":\"xibo-layout-scaler.js > \\/home\\/wwcmst\\/public_html\\/cms3\\/modules\\/xibo-layout-scaler.js\"}'),
(126, 1628599480, 0, 'Updated', 'Media', 5, '{\"fileName\":\"xibo-interactive-control.min.js > \\/home\\/wwcmst\\/public_html\\/cms3\\/modules\\/xibo-interactive-control.min.js\"}'),
(127, 1628599480, 0, 'Updated', 'Media', 3, '{\"fileName\":\"jquery.min.js > \\/home\\/wwcmst\\/public_html\\/cms3\\/modules\\/vendor\\/jquery.min.js\"}'),
(128, 1628599480, 0, 'Updated', 'Media', 4, '{\"fileName\":\"xibo-layout-scaler.js > \\/home\\/wwcmst\\/public_html\\/cms3\\/modules\\/xibo-layout-scaler.js\"}'),
(129, 1628599480, 0, 'Updated', 'Media', 5, '{\"fileName\":\"xibo-interactive-control.min.js > \\/home\\/wwcmst\\/public_html\\/cms3\\/modules\\/xibo-interactive-control.min.js\"}'),
(130, 1628599480, 0, 'Added', 'Media', 23, '{\"mediaId\":23,\"name\":\"xibo-webpage-render.js\",\"mediaType\":\"module\",\"fileName\":\"\\/home\\/wwcmst\\/public_html\\/cms3\\/modules\\/xibo-webpage-render.js\",\"folderId\":null}'),
(131, 1628599501, 1, 'Login Granted', 'User', 1, '{\"IPAddress\":\"179.221.228.221\",\"UserAgent\":[\"Mozilla\\/5.0 (Windows NT 10.0; Win64; x64) AppleWebKit\\/537.36 (KHTML, like Gecko) Chrome\\/92.0.4515.131 Safari\\/537.36\"]}'),
(132, 1628599612, 1, 'Added', 'Media', 24, '{\"mediaId\":24,\"name\":\"Medicos_Lateral.png\",\"mediaType\":\"image\",\"fileName\":\"Medicos_Lateral.png\",\"folderId\":null}'),
(133, 1628599612, 1, 'Added', 'Media', 25, '{\"mediaId\":25,\"name\":\"Missao lateral.png\",\"mediaType\":\"image\",\"fileName\":\"Missao lateral.png\",\"folderId\":null}'),
(134, 1628599612, 1, 'Added', 'Media', 26, '{\"mediaId\":26,\"name\":\"Trofeu Lateral.png\",\"mediaType\":\"image\",\"fileName\":\"Trofeu Lateral.png\",\"folderId\":null}'),
(135, 1628599612, 1, 'Added', 'Media', 27, '{\"mediaId\":27,\"name\":\"verdwe.jpeg\",\"mediaType\":\"image\",\"fileName\":\"verdwe.jpeg\",\"folderId\":null}'),
(136, 1628599612, 1, 'Added', 'Layout', 2, '{\"layoutId\":2,\"layout\":\"GLOBO 2 2 GLOBO 2 2 copy\",\"campaignId\":2}'),
(137, 1628599612, 1, 'Added', 'Widget', 6, '{\"widgetId\":6,\"type\":\"localvideo\",\"layoutId\":\"2\",\"campaignId\":\"2\"}'),
(138, 1628599612, 1, 'Saved', 'Playlist', 5, '{\"campaignId\":[\"2\"],\"layoutId\":[\"2\"]}'),
(139, 1628599612, 1, 'Added', 'Region', 5, '{\"regionId\":5,\"campaignId\":\"2\",\"details\":\"Region GLOBO-1 - 1514 x 869 (0, 0). RegionId = 5, LayoutId = 2. OwnerId = 1. Duration = 0\"}'),
(140, 1628599612, 1, 'Saved', 'Playlist', 6, '{\"campaignId\":[\"2\"],\"layoutId\":[\"2\"]}'),
(141, 1628599612, 1, 'Added', 'Region', 6, '{\"regionId\":6,\"campaignId\":\"2\",\"details\":\"Region GLOBO 2-3 - 1159 x 211 (869, 355). RegionId = 6, LayoutId = 2. OwnerId = 1. Duration = 0\"}'),
(142, 1628599612, 1, 'Added', 'Widget', 7, '{\"widgetId\":7,\"type\":\"image\",\"layoutId\":\"2\",\"campaignId\":\"2\"}'),
(143, 1628599612, 1, 'Added', 'Widget', 8, '{\"widgetId\":8,\"type\":\"image\",\"layoutId\":\"2\",\"campaignId\":\"2\"}'),
(144, 1628599612, 1, 'Added', 'Widget', 9, '{\"widgetId\":9,\"type\":\"image\",\"layoutId\":\"2\",\"campaignId\":\"2\"}'),
(145, 1628599612, 1, 'Saved', 'Playlist', 7, '{\"campaignId\":[\"2\"],\"layoutId\":[\"2\"]}'),
(146, 1628599612, 1, 'Added', 'Region', 7, '{\"regionId\":7,\"campaignId\":\"2\",\"details\":\"Region GLOBO 2 2 GLOBO 2-3 - 406 x 1080 (2, 1514). RegionId = 7, LayoutId = 2. OwnerId = 1. Duration = 0\"}'),
(147, 1628599612, 1, 'Added', 'Widget', 10, '{\"widgetId\":10,\"type\":\"embedded\",\"layoutId\":\"2\",\"campaignId\":\"2\"}'),
(148, 1628599612, 1, 'Saved', 'Playlist', 8, '{\"campaignId\":[\"2\"],\"layoutId\":[\"2\"]}'),
(149, 1628599612, 1, 'Added', 'Region', 8, '{\"regionId\":8,\"campaignId\":\"2\",\"details\":\"Region GLOBO 2 2 GLOBO 2-4 - 343 x 86 (874, 7). RegionId = 8, LayoutId = 2. OwnerId = 1. Duration = 0\"}'),
(150, 1628599612, 1, 'Added', 'Widget', 11, '{\"widgetId\":11,\"type\":\"clock\",\"layoutId\":\"2\",\"campaignId\":\"2\"}'),
(151, 1628599612, 1, 'Saved', 'Playlist', 9, '{\"campaignId\":[\"2\"],\"layoutId\":[\"2\"]}'),
(152, 1628599612, 1, 'Added', 'Region', 9, '{\"regionId\":9,\"campaignId\":\"2\",\"details\":\"Region GLOBO 2 2 GLOBO 2-5 - 346 x 110 (972, 5). RegionId = 9, LayoutId = 2. OwnerId = 1. Duration = 0\"}'),
(153, 1628599625, 1, 'Saved', 'Playlist', 7, '{\"campaignId\":[\"2\"],\"layoutId\":[\"2\"]}'),
(154, 1628599625, 1, 'Saved', 'Playlist', 8, '{\"campaignId\":[\"2\"],\"layoutId\":[\"2\"]}'),
(155, 1628599625, 1, 'Saved', 'Playlist', 9, '{\"campaignId\":[\"2\"],\"layoutId\":[\"2\"]}'),
(156, 1628599625, 1, 'Saved', 'Playlist', 5, '{\"campaignId\":[\"2\"],\"layoutId\":[\"2\"]}'),
(157, 1628599633, 1, 'Checked out', 'Layout', 3, '{\"layoutId\":2,\"layout\":\"GLOBO 2 2 GLOBO 2 2 copy\",\"campaignId\":2}'),
(158, 1628599633, 1, 'Added', 'Widget', 12, '{\"widgetId\":12,\"type\":\"image\",\"layoutId\":\"3\",\"campaignId\":\"2\"}'),
(159, 1628599633, 1, 'Added', 'Widget', 13, '{\"widgetId\":13,\"type\":\"image\",\"layoutId\":\"3\",\"campaignId\":\"2\"}'),
(160, 1628599633, 1, 'Added', 'Widget', 14, '{\"widgetId\":14,\"type\":\"image\",\"layoutId\":\"3\",\"campaignId\":\"2\"}'),
(161, 1628599633, 1, 'Saved', 'Playlist', 10, '{\"playlistId\":\"7 > 10\",\"regionId\":\"7 > 10\",\"campaignId\":[\"2\"],\"layoutId\":[\"3\"]}'),
(162, 1628599633, 1, 'Added', 'Region', 10, '{\"regionId\":10,\"campaignId\":\"2\",\"details\":\"Region GLOBO 2 2 GLOBO 2-3 - 406 x 1080 (2, 1514). RegionId = 10, LayoutId = 3. OwnerId = 1. Duration = 60\"}'),
(163, 1628599633, 1, 'Added', 'Widget', 15, '{\"widgetId\":15,\"type\":\"embedded\",\"layoutId\":\"3\",\"campaignId\":\"2\"}'),
(164, 1628599633, 1, 'Saved', 'Playlist', 11, '{\"playlistId\":\"8 > 11\",\"regionId\":\"8 > 11\",\"campaignId\":[\"2\"],\"layoutId\":[\"3\"]}'),
(165, 1628599633, 1, 'Added', 'Region', 11, '{\"regionId\":11,\"campaignId\":\"2\",\"details\":\"Region GLOBO 2 2 GLOBO 2-4 - 343 x 86 (874, 7). RegionId = 11, LayoutId = 3. OwnerId = 1. Duration = 60\"}'),
(166, 1628599633, 1, 'Added', 'Widget', 16, '{\"widgetId\":16,\"type\":\"clock\",\"layoutId\":\"3\",\"campaignId\":\"2\"}'),
(167, 1628599633, 1, 'Saved', 'Playlist', 12, '{\"playlistId\":\"9 > 12\",\"regionId\":\"9 > 12\",\"campaignId\":[\"2\"],\"layoutId\":[\"3\"]}'),
(168, 1628599633, 1, 'Added', 'Region', 12, '{\"regionId\":12,\"campaignId\":\"2\",\"details\":\"Region GLOBO 2 2 GLOBO 2-5 - 346 x 110 (972, 5). RegionId = 12, LayoutId = 3. OwnerId = 1. Duration = 60\"}'),
(169, 1628599633, 1, 'Saved', 'Playlist', 13, '{\"playlistId\":\"6 > 13\",\"regionId\":\"6 > 13\",\"campaignId\":[\"2\"],\"layoutId\":[\"3\"]}'),
(170, 1628599633, 1, 'Added', 'Region', 13, '{\"regionId\":13,\"campaignId\":\"2\",\"details\":\"Region GLOBO 2-3 - 1159 x 211 (869, 355). RegionId = 13, LayoutId = 3. OwnerId = 1. Duration = 0\"}'),
(171, 1628599633, 1, 'Added', 'Widget', 17, '{\"widgetId\":17,\"type\":\"localvideo\",\"layoutId\":\"3\",\"campaignId\":\"2\"}'),
(172, 1628599633, 1, 'Saved', 'Playlist', 14, '{\"playlistId\":\"5 > 14\",\"regionId\":\"5 > 14\",\"campaignId\":[\"2\"],\"layoutId\":[\"3\"]}'),
(173, 1628599633, 1, 'Added', 'Region', 14, '{\"regionId\":14,\"campaignId\":\"2\",\"details\":\"Region GLOBO-1 - 1514 x 869 (0, 0). RegionId = 14, LayoutId = 3. OwnerId = 1. Duration = 84000\"}'),
(174, 1628599633, 1, 'Updated', 'Layout', 2, '{\"publishedStatusId\":\"1 > 2\",\"publishedStatus\":\"Published > Draft\",\"campaignId\":[2]}'),
(175, 1628599635, 1, 'Saved', 'Playlist', 10, '{\"campaignId\":[\"2\"],\"layoutId\":[\"3\"]}'),
(176, 1628599635, 1, 'Saved', 'Playlist', 11, '{\"campaignId\":[\"2\"],\"layoutId\":[\"3\"]}'),
(177, 1628599635, 1, 'Saved', 'Playlist', 12, '{\"campaignId\":[\"2\"],\"layoutId\":[\"3\"]}'),
(178, 1628599635, 1, 'Saved', 'Playlist', 14, '{\"campaignId\":[\"2\"],\"layoutId\":[\"3\"]}'),
(179, 1628599649, 1, 'Updated Draft', 'Layout', 3, '{\"status\":\"4 > 3\",\"campaignId\":[2]}'),
(180, 1628599649, 1, 'Saved', 'Playlist', 15, '{\"campaignId\":[\"2\"],\"layoutId\":[\"3\"]}'),
(181, 1628599649, 1, 'Added', 'Region', 15, '{\"regionId\":15,\"campaignId\":\"2\",\"details\":\"Region GLOBO 2 2 GLOBO 2 2 copy-6 - drawer - 1920 x 1080 (0, 0). RegionId = 15, LayoutId = 3. OwnerId = 1. Duration = 0\"}'),
(182, 1628600039, 1, 'Added', 'Media', 28, '{\"mediaId\":28,\"name\":\"1001.mp4\",\"mediaType\":\"video\",\"fileName\":\"1001.mp4\",\"folderId\":1}'),
(183, 1628600597, 1, 'Saved', 'Playlist', 3, '{\"campaignId\":[\"1\"],\"layoutId\":[\"1\"]}'),
(184, 1628600597, 1, 'Saved', 'Playlist', 2, '{\"campaignId\":[\"1\"],\"layoutId\":[\"1\"]}'),
(185, 1628600597, 1, 'Saved', 'Playlist', 1, '{\"campaignId\":[\"1\"],\"layoutId\":[\"1\"]}'),
(186, 1628600597, 1, 'Saved', 'Playlist', 4, '{\"campaignId\":[\"1\"],\"layoutId\":[\"1\"]}'),
(187, 1628600606, 1, 'Checked out', 'Layout', 4, '{\"layoutId\":1,\"layout\":\"Default Layout\",\"campaignId\":1}'),
(188, 1628600606, 1, 'Added', 'Widget', 18, '{\"widgetId\":18,\"type\":\"spacer\",\"layoutId\":\"4\",\"campaignId\":\"1\"}'),
(189, 1628600606, 1, 'Added', 'Widget', 19, '{\"widgetId\":19,\"type\":\"text\",\"layoutId\":\"4\",\"campaignId\":\"1\"}'),
(190, 1628600606, 1, 'Saved', 'Playlist', 16, '{\"playlistId\":\"3 > 16\",\"regionId\":\"3 > 16\",\"campaignId\":[\"1\"],\"layoutId\":[\"4\"]}'),
(191, 1628600606, 1, 'Added', 'Region', 16, '{\"regionId\":16,\"campaignId\":\"1\",\"details\":\"Region Explainer - 1626 x 145 (618, 147). RegionId = 16, LayoutId = 4. OwnerId = 1. Duration = 25\"}'),
(192, 1628600606, 1, 'Added', 'Widget', 20, '{\"widgetId\":20,\"type\":\"text\",\"layoutId\":\"4\",\"campaignId\":\"1\"}'),
(193, 1628600606, 1, 'Saved', 'Playlist', 17, '{\"playlistId\":\"2 > 17\",\"regionId\":\"2 > 17\",\"campaignId\":[\"1\"],\"layoutId\":[\"4\"]}'),
(194, 1628600606, 1, 'Added', 'Region', 17, '{\"regionId\":17,\"campaignId\":\"1\",\"details\":\"Region Header - 1109 x 216 (290, 413). RegionId = 17, LayoutId = 4. OwnerId = 1. Duration = 10\"}'),
(195, 1628600606, 1, 'Added', 'Widget', 21, '{\"widgetId\":21,\"type\":\"image\",\"layoutId\":\"4\",\"campaignId\":\"1\"}'),
(196, 1628600606, 1, 'Saved', 'Playlist', 18, '{\"playlistId\":\"1 > 18\",\"regionId\":\"1 > 18\",\"campaignId\":[\"1\"],\"layoutId\":[\"4\"]}'),
(197, 1628600606, 1, 'Added', 'Region', 18, '{\"regionId\":18,\"campaignId\":\"1\",\"details\":\"Region Logo - 267 x 157 (16, 24). RegionId = 18, LayoutId = 4. OwnerId = 1. Duration = 60\"}'),
(198, 1628600606, 1, 'Added', 'Widget', 22, '{\"widgetId\":22,\"type\":\"clock\",\"layoutId\":\"4\",\"campaignId\":\"1\"}'),
(199, 1628600606, 1, 'Saved', 'Playlist', 19, '{\"playlistId\":\"4 > 19\",\"regionId\":\"4 > 19\",\"campaignId\":[\"1\"],\"layoutId\":[\"4\"]}'),
(200, 1628600606, 1, 'Added', 'Region', 19, '{\"regionId\":19,\"campaignId\":\"1\",\"details\":\"Region Time - 126 x 58 (971, 1741). RegionId = 19, LayoutId = 4. OwnerId = 1. Duration = 5\"}'),
(201, 1628600606, 1, 'Updated', 'Layout', 1, '{\"publishedStatusId\":\"1 > 2\",\"publishedStatus\":\"Published > Draft\",\"campaignId\":[1]}'),
(202, 1628600607, 1, 'Saved', 'Playlist', 16, '{\"campaignId\":[\"1\"],\"layoutId\":[\"4\"]}'),
(203, 1628600607, 1, 'Saved', 'Playlist', 17, '{\"campaignId\":[\"1\"],\"layoutId\":[\"4\"]}'),
(204, 1628600607, 1, 'Saved', 'Playlist', 18, '{\"campaignId\":[\"1\"],\"layoutId\":[\"4\"]}'),
(205, 1628600607, 1, 'Saved', 'Playlist', 19, '{\"campaignId\":[\"1\"],\"layoutId\":[\"4\"]}'),
(206, 1628600709, 1, 'Deleted', 'Media', 28, '{\"mediaId\":28,\"name\":\"1001.mp4\",\"mediaType\":\"video\",\"fileName\":\"1001.mp4\"}'),
(207, 1628600923, 1, 'Added', 'Media', 29, '{\"mediaId\":29,\"name\":\"Menina Veneno.mp4\",\"mediaType\":\"video\",\"fileName\":\"Menina Veneno.mp4\",\"folderId\":1}'),
(208, 1628600925, 1, 'Added', 'Media', 30, '{\"mediaId\":30,\"name\":\"Pingos de amor.mp4\",\"mediaType\":\"video\",\"fileName\":\"Pingos de amor.mp4\",\"folderId\":1}'),
(209, 1628600934, 1, 'Added', 'Media', 31, '{\"mediaId\":31,\"name\":\"Eu Disse a Ela.mp4\",\"mediaType\":\"video\",\"fileName\":\"Eu Disse a Ela.mp4\",\"folderId\":1}'),
(210, 1628600948, 1, 'Added', 'Media', 32, '{\"mediaId\":32,\"name\":\"Skank - Acima do Sol (Ao Vivo).mp4\",\"mediaType\":\"video\",\"fileName\":\"Skank - Acima do Sol (Ao Vivo).mp4\",\"folderId\":1}'),
(211, 1628601016, 1, 'Added', 'Layout', 5, '{\"layoutId\":5,\"layout\":\"VTS\",\"campaignId\":3}'),
(212, 1628601016, 1, 'Saved', 'Playlist', 20, '{\"campaignId\":[\"3\"],\"layoutId\":[\"5\"]}'),
(213, 1628601016, 1, 'Added', 'Region', 20, '{\"regionId\":20,\"campaignId\":\"3\",\"details\":\"Region VTS-1 - 1920 x 1080 (0, 0). RegionId = 20, LayoutId = 5. OwnerId = 1. Duration = 0\"}'),
(214, 1628601016, 1, 'Saved', 'Playlist', 20, '{\"campaignId\":[\"3\"],\"layoutId\":[\"5\"]}'),
(215, 1628601016, 1, 'Checked out', 'Layout', 6, '{\"layoutId\":5,\"layout\":\"VTS\",\"campaignId\":3}'),
(216, 1628601016, 1, 'Saved', 'Playlist', 21, '{\"playlistId\":\"20 > 21\",\"regionId\":\"20 > 21\",\"campaignId\":[\"3\"],\"layoutId\":[\"6\"]}'),
(217, 1628601016, 1, 'Added', 'Region', 21, '{\"regionId\":21,\"campaignId\":\"3\",\"details\":\"Region VTS-1 - 1920 x 1080 (0, 0). RegionId = 21, LayoutId = 6. OwnerId = 1. Duration = 0\"}'),
(218, 1628601044, 1, 'Added', 'Widget', 23, '{\"widgetId\":23,\"type\":\"video\",\"layoutId\":\"6\",\"campaignId\":\"3\"}'),
(219, 1628601044, 1, 'Added', 'Widget', 24, '{\"widgetId\":24,\"type\":\"video\",\"layoutId\":\"6\",\"campaignId\":\"3\"}'),
(220, 1628601044, 1, 'Added', 'Widget', 25, '{\"widgetId\":25,\"type\":\"video\",\"layoutId\":\"6\",\"campaignId\":\"3\"}'),
(221, 1628601045, 1, 'Saved', 'Playlist', 21, '{\"campaignId\":[\"3\"],\"layoutId\":[\"6\"]}'),
(222, 1628601087, 1, 'Deleted', 'Playlist', 20, '{\"playlistId\":20,\"regionId\":20}'),
(223, 1628601087, 1, 'Region Deleted', 'Region', 20, '{\"regionId\":20,\"layoutId\":5}'),
(224, 1628601087, 1, 'Layout Deleted', 'Layout', 5, '{\"layoutId\":5}'),
(225, 1628601087, 1, 'Deleted draft for 6', 'Layout', 5, '{\"parentId\":\" > 6\"}'),
(226, 1628601087, 1, 'Updated Draft', 'Layout', 6, '{\"publishedStatusId\":\"2 > 1\",\"campaignId\":[3]}'),
(227, 1628601319, 1, 'Display Saved', 'Display', 1, '{\"defaultLayoutId\":\"1 > 6\",\"licensed\":\"0 > 1\"}'),
(228, 1628602252, 1, 'Updated', 'Media', 29, '{\"folderId\":\"1 > 2\"}'),
(229, 1628602282, 1, 'Updated', 'Media', 30, '{\"folderId\":\"1 > 2\"}'),
(230, 1628602291, 1, 'Updated', 'Media', 31, '{\"folderId\":\"1 > 2\"}'),
(231, 1628602303, 1, 'Updated', 'Media', 32, '{\"folderId\":\"1 > 2\"}'),
(232, 1628602587, 1, 'Added', 'Media', 33, '{\"mediaId\":33,\"name\":\"Adrian Gurvitz - Classic (Tradu\\u00e7\\u00e3o).mp4\",\"mediaType\":\"video\",\"fileName\":\"Adrian Gurvitz - Classic (Tradu\\u00e7\\u00e3o).mp4\",\"folderId\":2}'),
(233, 1628602598, 1, 'Added', 'Media', 34, '{\"mediaId\":34,\"name\":\"David Gates - Take me now.mp4\",\"mediaType\":\"video\",\"fileName\":\"David Gates - Take me now.mp4\",\"folderId\":2}'),
(234, 1628602601, 1, 'Added', 'Media', 35, '{\"mediaId\":35,\"name\":\"Elton John - Empty Garden (Hey Hey Johnny) Legendado Tradu\\u00e7\\u00e3o.mp4\",\"mediaType\":\"video\",\"fileName\":\"Elton John - Empty Garden (Hey Hey Johnny) Legendado Tradu\\u00e7\\u00e3o.mp4\",\"folderId\":2}'),
(235, 1628602611, 1, 'Added', 'Media', 36, '{\"mediaId\":36,\"name\":\"EVERYTHING I OWN- Tradu\\u00e7\\u00e3o (David Gates).mp4\",\"mediaType\":\"video\",\"fileName\":\"EVERYTHING I OWN- Tradu\\u00e7\\u00e3o (David Gates).mp4\",\"folderId\":2}'),
(236, 1628602794, 1, 'Saved', 'Widget', 23, '{\"campaignId\":[\"3\"],\"layoutId\":[\"6\"]}'),
(237, 1628602794, 1, 'Saved', 'Widget', 24, '{\"campaignId\":[\"3\"],\"layoutId\":[\"6\"]}'),
(238, 1628602794, 1, 'Saved', 'Widget', 25, '{\"campaignId\":[\"3\"],\"layoutId\":[\"6\"]}'),
(239, 1628602794, 1, 'Saved', 'Playlist', 21, '{\"folderId\":\"1 > 2\",\"campaignId\":[\"3\"],\"layoutId\":[\"6\"]}'),
(240, 1628602819, 1, 'Checked out', 'Layout', 7, '{\"layoutId\":6,\"layout\":\"VTS\",\"campaignId\":3}'),
(241, 1628602819, 1, 'Added', 'Widget', 26, '{\"widgetId\":26,\"type\":\"video\",\"layoutId\":\"7\",\"campaignId\":\"3\"}'),
(242, 1628602819, 1, 'Added', 'Widget', 27, '{\"widgetId\":27,\"type\":\"video\",\"layoutId\":\"7\",\"campaignId\":\"3\"}'),
(243, 1628602819, 1, 'Added', 'Widget', 28, '{\"widgetId\":28,\"type\":\"video\",\"layoutId\":\"7\",\"campaignId\":\"3\"}'),
(244, 1628602819, 1, 'Saved', 'Playlist', 22, '{\"playlistId\":\"21 > 22\",\"regionId\":\"21 > 22\",\"campaignId\":[\"3\"],\"layoutId\":[\"7\"]}'),
(245, 1628602819, 1, 'Added', 'Region', 22, '{\"regionId\":22,\"campaignId\":\"3\",\"details\":\"Region VTS-1 - 1920 x 1080 (0, 0). RegionId = 22, LayoutId = 7. OwnerId = 1. Duration = 760\"}'),
(246, 1628602819, 1, 'Updated', 'Layout', 6, '{\"publishedStatusId\":\"1 > 2\",\"publishedStatus\":\"Published > Draft\",\"campaignId\":[3]}'),
(247, 1628602820, 1, 'Saved', 'Playlist', 22, '{\"campaignId\":[\"3\"],\"layoutId\":[\"7\"]}'),
(248, 1628602828, 1, 'Updated Draft', 'Layout', 7, '{\"status\":\"1 > 3\",\"campaignId\":[3]}'),
(249, 1628602828, 1, 'Saved', 'Playlist', 23, '{\"campaignId\":[\"3\"],\"layoutId\":[\"7\"]}'),
(250, 1628602828, 1, 'Added', 'Region', 23, '{\"regionId\":23,\"campaignId\":\"3\",\"details\":\"Region VTS-2 - drawer - 1920 x 1080 (0, 0). RegionId = 23, LayoutId = 7. OwnerId = 1. Duration = 0\"}'),
(251, 1628602873, 1, 'Saved', 'Widget', 26, '{\"campaignId\":[\"3\"],\"layoutId\":[\"7\"]}'),
(252, 1628602873, 1, 'Saved', 'Widget', 27, '{\"campaignId\":[\"3\"],\"layoutId\":[\"7\"]}'),
(253, 1628602873, 1, 'Saved', 'Widget', 28, '{\"campaignId\":[\"3\"],\"layoutId\":[\"7\"]}'),
(254, 1628602873, 1, 'Added', 'Widget', 29, '{\"widgetId\":29,\"type\":\"video\",\"layoutId\":\"7\",\"campaignId\":\"3\"}'),
(255, 1628602873, 1, 'Added', 'Widget', 30, '{\"widgetId\":30,\"type\":\"video\",\"layoutId\":\"7\",\"campaignId\":\"3\"}'),
(256, 1628602873, 1, 'Added', 'Widget', 31, '{\"widgetId\":31,\"type\":\"video\",\"layoutId\":\"7\",\"campaignId\":\"3\"}'),
(257, 1628602873, 1, 'Added', 'Widget', 32, '{\"widgetId\":32,\"type\":\"video\",\"layoutId\":\"7\",\"campaignId\":\"3\"}'),
(258, 1628602875, 1, 'Saved', 'Playlist', 22, '{\"campaignId\":[\"3\"],\"layoutId\":[\"7\"]}'),
(259, 1628602908, 1, 'Deleted', 'Widget', 23, '{\"widgetId\":23,\"playlistId\":21}'),
(260, 1628602908, 1, 'Deleted', 'Widget', 24, '{\"widgetId\":24,\"playlistId\":21}'),
(261, 1628602908, 1, 'Deleted', 'Widget', 25, '{\"widgetId\":25,\"playlistId\":21}'),
(262, 1628602908, 1, 'Deleted', 'Playlist', 21, '{\"playlistId\":21,\"regionId\":21}'),
(263, 1628602908, 1, 'Region Deleted', 'Region', 21, '{\"regionId\":21,\"layoutId\":6}'),
(264, 1628602908, 1, 'Layout Deleted', 'Layout', 6, '{\"layoutId\":6}'),
(265, 1628602908, 1, 'Deleted draft for 7', 'Layout', 6, '{\"parentId\":\" > 7\"}'),
(266, 1628602908, 1, 'Updated Draft', 'Layout', 7, '{\"publishedStatusId\":\"2 > 1\",\"campaignId\":[3]}'),
(267, 1628603119, 1, 'Updated', 'Settings', 0, '{\"DEFAULT_LANGUAGE\":\"en_GB > pt_BR\",\"defaultTimezone\":\"UTC > America\\/Recife\",\"DATE_FORMAT\":\"Y-m-d H:i > d-m-Y H:i\",\"RESTING_LOG_LEVEL\":\"Error > emergency\",\"audit\":\"Error > emergency\"}'),
(268, 1628603239, 1, 'Saved', 'Playlist', 25, '{\"playlistId\":\"24 > 25\",\"name\":\"CLP > CLP 2\"}'),
(269, 1628603263, 1, 'Added', 'Layout', 8, '{\"layoutId\":8,\"layout\":\"PLAYLIST\",\"campaignId\":4}'),
(270, 1628603263, 1, 'Saved', 'Playlist', 26, '{\"campaignId\":[\"4\"],\"layoutId\":[\"8\"]}'),
(271, 1628603263, 1, 'Added', 'Region', 24, '{\"regionId\":24,\"campaignId\":\"4\",\"details\":\"Region PLAYLIST-1 - 1920 x 1080 (0, 0). RegionId = 24, LayoutId = 8. OwnerId = 1. Duration = 0\"}'),
(272, 1628603263, 1, 'Saved', 'Playlist', 26, '{\"campaignId\":[\"4\"],\"layoutId\":[\"8\"]}'),
(273, 1628603263, 1, 'Checked out', 'Layout', 9, '{\"layoutId\":8,\"layout\":\"PLAYLIST\",\"campaignId\":4}'),
(274, 1628603263, 1, 'Saved', 'Playlist', 27, '{\"playlistId\":\"26 > 27\",\"regionId\":\"24 > 25\",\"campaignId\":[\"4\"],\"layoutId\":[\"9\"]}'),
(275, 1628603263, 1, 'Added', 'Region', 25, '{\"regionId\":25,\"campaignId\":\"4\",\"details\":\"Region PLAYLIST-1 - 1920 x 1080 (0, 0). RegionId = 25, LayoutId = 9. OwnerId = 1. Duration = 0\"}'),
(276, 1628603279, 1, 'Added', 'Widget', 49, '{\"widgetId\":49,\"type\":\"subplaylist\",\"layoutId\":\"9\",\"campaignId\":\"4\"}'),
(277, 1628603294, 1, 'Saved', 'Widget', 49, '{\"calculatedDuration\":\"0 > 3966\",\"campaignId\":[\"4\"],\"layoutId\":[\"9\"]}'),
(278, 1628603296, 1, 'Saved', 'Playlist', 27, '{\"campaignId\":[\"4\"],\"layoutId\":[\"9\"]}'),
(279, 1628603375, 1, 'Updated Draft', 'Layout', 9, '{\"status\":\"1 > 3\",\"campaignId\":[4]}'),
(280, 1628603375, 1, 'Saved', 'Playlist', 28, '{\"campaignId\":[\"4\"],\"layoutId\":[\"9\"]}'),
(281, 1628603375, 1, 'Added', 'Region', 26, '{\"regionId\":26,\"campaignId\":\"4\",\"details\":\"Region PLAYLIST-2 - drawer - 1920 x 1080 (0, 0). RegionId = 26, LayoutId = 9. OwnerId = 1. Duration = 0\"}'),
(282, 1628603417, 1, 'Added', 'Media', 37, '{\"mediaId\":37,\"name\":\"DSC_0002.JPG\",\"mediaType\":\"image\",\"fileName\":\"DSC_0002.JPG\",\"folderId\":2}'),
(283, 1628603417, 1, 'Added', 'Widget', 50, '{\"widgetId\":50,\"type\":\"image\",\"layoutId\":\"9\",\"campaignId\":\"4\"}'),
(284, 1628603438, 1, 'Saved', 'Widget', 50, '{\"campaignId\":[\"4\"],\"layoutId\":[\"9\"]}'),
(285, 1628603439, 1, 'Saved', 'Widget', 50, '{\"campaignId\":[\"4\"],\"layoutId\":[\"9\"]}'),
(286, 1628603513, 1, 'Deleted', 'Playlist', 26, '{\"playlistId\":26,\"regionId\":24}'),
(287, 1628603513, 1, 'Region Deleted', 'Region', 24, '{\"regionId\":24,\"layoutId\":8}'),
(288, 1628603513, 1, 'Layout Deleted', 'Layout', 8, '{\"layoutId\":8}'),
(289, 1628603513, 1, 'Deleted draft for 9', 'Layout', 8, '{\"parentId\":\" > 9\"}'),
(290, 1628603513, 1, 'Updated Draft', 'Layout', 9, '{\"publishedStatusId\":\"2 > 1\",\"campaignId\":[4]}'),
(291, 1628603548, 1, 'Added', 'Schedule', 1, '{\"eventId\":1,\"eventTypeId\":1,\"campaignId\":4,\"commandId\":null,\"displayGroups\":\"[{\\\"displayGroupId\\\":1,\\\"displayGroup\\\":\\\"Leelbox-unknown\\\"}]\",\"scheduleReminders\":\"[]\",\"userId\":1,\"fromDt\":\"1969-12-31 21:00:00\",\"toDt\":\"2038-01-19 00:14:07\",\"isPriority\":0,\"displayOrder\":10,\"recurrenceType\":\"\",\"recurrenceDetail\":null,\"recurrenceRange\":null,\"recurrenceRepeatsOn\":null,\"recurrenceMonthlyRepeatsOn\":0,\"campaign\":\"PLAYLIST\",\"command\":null,\"dayPartId\":2,\"isAlways\":null,\"isCustom\":null,\"syncEvent\":0,\"syncTimezone\":0,\"shareOfVoice\":null,\"isGeoAware\":0,\"geoLocation\":\"\"}'),
(292, 1628604383, 1, 'Checked out', 'Layout', 10, '{\"layoutId\":9,\"layout\":\"PLAYLIST\",\"campaignId\":4}'),
(293, 1628604383, 1, 'Added', 'Widget', 51, '{\"widgetId\":51,\"type\":\"subplaylist\",\"layoutId\":\"10\",\"campaignId\":\"4\"}'),
(294, 1628604383, 1, 'Saved', 'Playlist', 29, '{\"playlistId\":\"27 > 29\",\"regionId\":\"25 > 27\",\"campaignId\":[\"4\"],\"layoutId\":[\"10\"]}'),
(295, 1628604383, 1, 'Added', 'Region', 27, '{\"regionId\":27,\"campaignId\":\"4\",\"details\":\"Region PLAYLIST-1 - 1920 x 1080 (0, 0). RegionId = 27, LayoutId = 10. OwnerId = 1. Duration = 3966\"}'),
(296, 1628604383, 1, 'Added', 'Widget', 52, '{\"widgetId\":52,\"type\":\"image\",\"layoutId\":\"10\",\"campaignId\":\"4\"}'),
(297, 1628604383, 1, 'Saved', 'Playlist', 30, '{\"playlistId\":\"28 > 30\",\"regionId\":\"26 > 28\",\"campaignId\":[\"4\"],\"layoutId\":[\"10\"]}'),
(298, 1628604383, 1, 'Added', 'Region', 28, '{\"regionId\":28,\"campaignId\":\"4\",\"details\":\"Region PLAYLIST-2 - drawer - 1920 x 1080 (0, 0). RegionId = 28, LayoutId = 10. OwnerId = 1. Duration = 0\"}'),
(299, 1628604383, 1, 'Updated', 'Layout', 9, '{\"publishedStatusId\":\"1 > 2\",\"publishedStatus\":\"Published > Draft\",\"campaignId\":[4]}'),
(300, 1628604383, 1, 'Saved', 'Widget', 52, '{\"widgetId\":\"50 > 52\",\"playlistId\":\"28 > 30\",\"widgetOptions\":\"[\\n    {\\n        \\\"widgetId\\\": \\\"50 > 52\\\"\\n    },\\n    {\\n        \\\"widgetId\\\": \\\"50 > 52\\\"\\n    },\\n    {\\n        \\\"widgetId\\\": \\\"50 > 52\\\"\\n    },\\n    {\\n        \\\"widgetId\\\": \\\"50 > 52\\\"\\n    },\\n    {\\n        \\\"widgetId\\\": \\\"50 > 52\\\"\\n    },\\n    {\\n        \\\"widgetId\\\": \\\"50 > 52\\\",\\n        \\\"targetRegionId\\\": \\\"25 > 27\\\"\\n    },\\n    {\\n        \\\"widgetId\\\": \\\"50 > 52\\\"\\n    }\\n]\",\"campaignId\":[\"4\"],\"layoutId\":[\"10\"]}'),
(301, 1628604385, 1, 'Saved', 'Playlist', 29, '{\"campaignId\":[\"4\"],\"layoutId\":[\"10\"]}'),
(302, 1628604399, 1, 'Deleted', 'Widget', 52, '{\"widgetId\":52,\"playlistId\":30}'),
(303, 1628604464, 1, 'Deleted', 'Widget', 49, '{\"widgetId\":49,\"playlistId\":27}'),
(304, 1628604464, 1, 'Deleted', 'Playlist', 27, '{\"playlistId\":27,\"regionId\":25}'),
(305, 1628604464, 1, 'Region Deleted', 'Region', 25, '{\"regionId\":25,\"layoutId\":9}'),
(306, 1628604464, 1, 'Deleted', 'Widget', 50, '{\"widgetId\":50,\"playlistId\":28}'),
(307, 1628604464, 1, 'Deleted', 'Playlist', 28, '{\"playlistId\":28,\"regionId\":26}'),
(308, 1628604464, 1, 'Region Deleted', 'Region', 26, '{\"regionId\":26,\"layoutId\":9}'),
(309, 1628604464, 1, 'Layout Deleted', 'Layout', 9, '{\"layoutId\":9}'),
(310, 1628604464, 1, 'Deleted draft for 10', 'Layout', 9, '{\"parentId\":\" > 10\"}'),
(311, 1628604464, 1, 'Updated Draft', 'Layout', 10, '{\"publishedStatusId\":\"2 > 1\",\"campaignId\":[4]}'),
(312, 1628605042, 1, 'Saved', 'Widget', 37, '{\"displayOrder\":\"5 > 1\"}'),
(313, 1628605042, 1, 'Saved', 'Widget', 33, '{\"displayOrder\":\"1 > 2\"}'),
(314, 1628605042, 1, 'Saved', 'Widget', 34, '{\"displayOrder\":\"2 > 3\"}'),
(315, 1628605042, 1, 'Saved', 'Widget', 35, '{\"displayOrder\":\"3 > 4\"}'),
(316, 1628605042, 1, 'Saved', 'Widget', 36, '{\"displayOrder\":\"4 > 5\"}'),
(317, 1628605047, 1, 'Saved', 'Widget', 38, '{\"displayOrder\":\"6 > 2\"}'),
(318, 1628605047, 1, 'Saved', 'Widget', 33, '{\"displayOrder\":\"2 > 3\"}'),
(319, 1628605047, 1, 'Saved', 'Widget', 34, '{\"displayOrder\":\"3 > 4\"}'),
(320, 1628605047, 1, 'Saved', 'Widget', 35, '{\"displayOrder\":\"4 > 5\"}'),
(321, 1628605047, 1, 'Saved', 'Widget', 36, '{\"displayOrder\":\"5 > 6\"}'),
(322, 1628605052, 1, 'Saved', 'Widget', 39, '{\"displayOrder\":\"7 > 3\"}'),
(323, 1628605052, 1, 'Saved', 'Widget', 33, '{\"displayOrder\":\"3 > 4\"}'),
(324, 1628605052, 1, 'Saved', 'Widget', 34, '{\"displayOrder\":\"4 > 5\"}'),
(325, 1628605052, 1, 'Saved', 'Widget', 35, '{\"displayOrder\":\"5 > 6\"}'),
(326, 1628605052, 1, 'Saved', 'Widget', 36, '{\"displayOrder\":\"6 > 7\"}'),
(327, 1628605058, 1, 'Saved', 'Widget', 40, '{\"displayOrder\":\"8 > 4\"}'),
(328, 1628605058, 1, 'Saved', 'Widget', 33, '{\"displayOrder\":\"4 > 5\"}'),
(329, 1628605058, 1, 'Saved', 'Widget', 34, '{\"displayOrder\":\"5 > 6\"}'),
(330, 1628605058, 1, 'Saved', 'Widget', 35, '{\"displayOrder\":\"6 > 7\"}'),
(331, 1628605058, 1, 'Saved', 'Widget', 36, '{\"displayOrder\":\"7 > 8\"}'),
(332, 1628605114, 1, 'Checked out', 'Layout', 11, '{\"layoutId\":10,\"layout\":\"PLAYLIST\",\"campaignId\":4}'),
(333, 1628605114, 1, 'Added', 'Widget', 53, '{\"widgetId\":53,\"type\":\"subplaylist\",\"layoutId\":\"11\",\"campaignId\":\"4\"}'),
(334, 1628605114, 1, 'Saved', 'Playlist', 31, '{\"playlistId\":\"29 > 31\",\"regionId\":\"27 > 29\",\"campaignId\":[\"4\"],\"layoutId\":[\"11\"]}'),
(335, 1628605114, 1, 'Added', 'Region', 29, '{\"regionId\":29,\"campaignId\":\"4\",\"details\":\"Region PLAYLIST-1 - 1920 x 1080 (0, 0). RegionId = 29, LayoutId = 11. OwnerId = 1. Duration = 3966\"}'),
(336, 1628605114, 1, 'Saved', 'Playlist', 32, '{\"playlistId\":\"30 > 32\",\"regionId\":\"28 > 30\",\"campaignId\":[\"4\"],\"layoutId\":[\"11\"]}'),
(337, 1628605114, 1, 'Added', 'Region', 30, '{\"regionId\":30,\"campaignId\":\"4\",\"details\":\"Region PLAYLIST-2 - drawer - 1920 x 1080 (0, 0). RegionId = 30, LayoutId = 11. OwnerId = 1. Duration = 0\"}'),
(338, 1628605114, 1, 'Updated', 'Layout', 10, '{\"publishedStatusId\":\"1 > 2\",\"publishedStatus\":\"Published > Draft\",\"campaignId\":[4]}'),
(339, 1628605115, 1, 'Saved', 'Playlist', 31, '{\"campaignId\":[\"4\"],\"layoutId\":[\"11\"]}'),
(340, 1628605133, 1, 'Deleted', 'Widget', 51, '{\"widgetId\":51,\"playlistId\":29}'),
(341, 1628605133, 1, 'Deleted', 'Playlist', 29, '{\"playlistId\":29,\"regionId\":27}'),
(342, 1628605133, 1, 'Region Deleted', 'Region', 27, '{\"regionId\":27,\"layoutId\":10}'),
(343, 1628605133, 1, 'Deleted', 'Playlist', 30, '{\"playlistId\":30,\"regionId\":28}'),
(344, 1628605133, 1, 'Region Deleted', 'Region', 28, '{\"regionId\":28,\"layoutId\":10}'),
(345, 1628605133, 1, 'Layout Deleted', 'Layout', 10, '{\"layoutId\":10}'),
(346, 1628605133, 1, 'Deleted draft for 11', 'Layout', 10, '{\"parentId\":\" > 11\"}'),
(347, 1628605133, 1, 'Updated Draft', 'Layout', 11, '{\"publishedStatusId\":\"2 > 1\",\"campaignId\":[4]}'),
(348, 1628691687, 1, 'Login Granted', 'User', 1, '{\"IPAddress\":\"179.221.228.221\",\"UserAgent\":[\"Mozilla\\/5.0 (Windows NT 10.0; Win64; x64) AppleWebKit\\/537.36 (KHTML, like Gecko) Chrome\\/92.0.4515.131 Safari\\/537.36\"]}');
INSERT INTO `auditlog` (`logId`, `logDate`, `userId`, `message`, `entity`, `entityId`, `objectAfter`) VALUES
(349, 1628691751, 1, 'Deleted', 'Widget', 44, '{\"widgetId\":44,\"playlistId\":25}'),
(350, 1628691751, 1, 'Deleted', 'Widget', 36, '{\"widgetId\":36,\"playlistId\":24}'),
(351, 1628691751, 1, 'Deleted', 'Media', 32, '{\"mediaId\":32,\"name\":\"Skank - Acima do Sol (Ao Vivo).mp4\",\"mediaType\":\"video\",\"fileName\":\"Skank - Acima do Sol (Ao Vivo).mp4\"}'),
(352, 1628691761, 1, 'Deleted', 'Widget', 26, '{\"widgetId\":26,\"playlistId\":22}'),
(353, 1628691761, 1, 'Deleted', 'Widget', 41, '{\"widgetId\":41,\"playlistId\":25}'),
(354, 1628691761, 1, 'Deleted', 'Widget', 33, '{\"widgetId\":33,\"playlistId\":24}'),
(355, 1628691761, 1, 'Deleted', 'Media', 29, '{\"mediaId\":29,\"name\":\"Menina Veneno.mp4\",\"mediaType\":\"video\",\"fileName\":\"Menina Veneno.mp4\"}'),
(356, 1628691769, 1, 'Deleted', 'Widget', 37, '{\"widgetId\":37,\"playlistId\":24}'),
(357, 1628691769, 1, 'Deleted', 'Widget', 29, '{\"widgetId\":29,\"playlistId\":22}'),
(358, 1628691769, 1, 'Deleted', 'Widget', 45, '{\"widgetId\":45,\"playlistId\":25}'),
(359, 1628691769, 1, 'Deleted', 'Media', 33, '{\"mediaId\":33,\"name\":\"Adrian Gurvitz - Classic (Tradu\\u00e7\\u00e3o).mp4\",\"mediaType\":\"video\",\"fileName\":\"Adrian Gurvitz - Classic (Tradu\\u00e7\\u00e3o).mp4\"}'),
(360, 1628691776, 1, 'Deleted', 'Widget', 38, '{\"widgetId\":38,\"playlistId\":24}'),
(361, 1628691776, 1, 'Deleted', 'Widget', 30, '{\"widgetId\":30,\"playlistId\":22}'),
(362, 1628691776, 1, 'Deleted', 'Widget', 46, '{\"widgetId\":46,\"playlistId\":25}'),
(363, 1628691776, 1, 'Deleted', 'Media', 34, '{\"mediaId\":34,\"name\":\"David Gates - Take me now.mp4\",\"mediaType\":\"video\",\"fileName\":\"David Gates - Take me now.mp4\"}'),
(364, 1628691781, 1, 'Deleted', 'Media', 37, '{\"mediaId\":37,\"name\":\"DSC_0002.JPG\",\"mediaType\":\"image\",\"fileName\":\"DSC_0002.JPG\"}'),
(365, 1628691790, 1, 'Deleted', 'Widget', 39, '{\"widgetId\":39,\"playlistId\":24}'),
(366, 1628691790, 1, 'Deleted', 'Widget', 31, '{\"widgetId\":31,\"playlistId\":22}'),
(367, 1628691790, 1, 'Deleted', 'Widget', 47, '{\"widgetId\":47,\"playlistId\":25}'),
(368, 1628691790, 1, 'Deleted', 'Media', 35, '{\"mediaId\":35,\"name\":\"Elton John - Empty Garden (Hey Hey Johnny) Legendado Tradu\\u00e7\\u00e3o.mp4\",\"mediaType\":\"video\",\"fileName\":\"Elton John - Empty Garden (Hey Hey Johnny) Legendado Tradu\\u00e7\\u00e3o.mp4\"}'),
(369, 1628691797, 1, 'Deleted', 'Widget', 43, '{\"widgetId\":43,\"playlistId\":25}'),
(370, 1628691797, 1, 'Deleted', 'Widget', 28, '{\"widgetId\":28,\"playlistId\":22}'),
(371, 1628691797, 1, 'Deleted', 'Widget', 35, '{\"widgetId\":35,\"playlistId\":24}'),
(372, 1628691797, 1, 'Deleted', 'Media', 31, '{\"mediaId\":31,\"name\":\"Eu Disse a Ela.mp4\",\"mediaType\":\"video\",\"fileName\":\"Eu Disse a Ela.mp4\"}'),
(373, 1628691802, 1, 'Deleted', 'Widget', 40, '{\"widgetId\":40,\"playlistId\":24}'),
(374, 1628691802, 1, 'Deleted', 'Widget', 32, '{\"widgetId\":32,\"playlistId\":22}'),
(375, 1628691802, 1, 'Deleted', 'Widget', 48, '{\"widgetId\":48,\"playlistId\":25}'),
(376, 1628691802, 1, 'Deleted', 'Media', 36, '{\"mediaId\":36,\"name\":\"EVERYTHING I OWN- Tradu\\u00e7\\u00e3o (David Gates).mp4\",\"mediaType\":\"video\",\"fileName\":\"EVERYTHING I OWN- Tradu\\u00e7\\u00e3o (David Gates).mp4\"}'),
(377, 1628691809, 1, 'Deleted', 'Widget', 42, '{\"widgetId\":42,\"playlistId\":25}'),
(378, 1628691809, 1, 'Deleted', 'Widget', 27, '{\"widgetId\":27,\"playlistId\":22}'),
(379, 1628691809, 1, 'Deleted', 'Widget', 34, '{\"widgetId\":34,\"playlistId\":24}'),
(380, 1628691809, 1, 'Deleted', 'Media', 30, '{\"mediaId\":30,\"name\":\"Pingos de amor.mp4\",\"mediaType\":\"video\",\"fileName\":\"Pingos de amor.mp4\"}'),
(381, 1628691831, 1, 'Deleted', 'Playlist', 22, '{\"playlistId\":22,\"regionId\":22}'),
(382, 1628691831, 1, 'Region Deleted', 'Region', 22, '{\"regionId\":22,\"layoutId\":7}'),
(383, 1628691831, 1, 'Deleted', 'Playlist', 23, '{\"playlistId\":23,\"regionId\":23}'),
(384, 1628691831, 1, 'Region Deleted', 'Region', 23, '{\"regionId\":23,\"layoutId\":7}'),
(385, 1628691831, 1, 'Layout Deleted', 'Layout', 7, '{\"layoutId\":7}'),
(386, 1628691831, 1, 'Deleted', 'Layout', 7, '[]'),
(387, 1628691838, 1, 'Deleted', 'Widget', 53, '{\"widgetId\":53,\"playlistId\":31}'),
(388, 1628691838, 1, 'Deleted', 'Playlist', 31, '{\"playlistId\":31,\"regionId\":29}'),
(389, 1628691838, 1, 'Region Deleted', 'Region', 29, '{\"regionId\":29,\"layoutId\":11}'),
(390, 1628691838, 1, 'Deleted', 'Playlist', 32, '{\"playlistId\":32,\"regionId\":30}'),
(391, 1628691838, 1, 'Region Deleted', 'Region', 30, '{\"regionId\":30,\"layoutId\":11}'),
(392, 1628691838, 1, 'Deleted', 'Schedule', 1, '{\"eventId\":1,\"eventTypeId\":1,\"campaignId\":4,\"commandId\":0,\"displayGroups\":\"[{\\\"displayGroupId\\\":1,\\\"displayGroup\\\":\\\"Leelbox-unknown\\\"}]\",\"scheduleReminders\":\"[]\",\"userId\":1,\"fromDt\":\"1969-12-31 21:00:00\",\"toDt\":\"2038-01-19 00:14:07\",\"isPriority\":0,\"displayOrder\":\"10\",\"recurrenceType\":null,\"recurrenceDetail\":null,\"recurrenceRange\":null,\"recurrenceRepeatsOn\":null,\"recurrenceMonthlyRepeatsOn\":0,\"campaign\":\"PLAYLIST\",\"command\":null,\"dayPartId\":2,\"isAlways\":1,\"isCustom\":0,\"syncEvent\":0,\"syncTimezone\":0,\"shareOfVoice\":null,\"isGeoAware\":0,\"geoLocation\":\"\"}'),
(393, 1628691838, 1, 'Layout Deleted', 'Layout', 11, '{\"layoutId\":11}'),
(394, 1628691838, 1, 'Deleted', 'Layout', 11, '[]'),
(395, 1628691850, 1, 'Deleted', 'Widget', 12, '{\"widgetId\":12,\"playlistId\":10}'),
(396, 1628691850, 1, 'Deleted', 'Widget', 13, '{\"widgetId\":13,\"playlistId\":10}'),
(397, 1628691851, 1, 'Deleted', 'Widget', 14, '{\"widgetId\":14,\"playlistId\":10}'),
(398, 1628691851, 1, 'Deleted', 'Playlist', 10, '{\"playlistId\":10,\"regionId\":10}'),
(399, 1628691851, 1, 'Region Deleted', 'Region', 10, '{\"regionId\":10,\"layoutId\":3}'),
(400, 1628691851, 1, 'Deleted', 'Widget', 15, '{\"widgetId\":15,\"playlistId\":11}'),
(401, 1628691851, 1, 'Deleted', 'Playlist', 11, '{\"playlistId\":11,\"regionId\":11}'),
(402, 1628691851, 1, 'Region Deleted', 'Region', 11, '{\"regionId\":11,\"layoutId\":3}'),
(403, 1628691851, 1, 'Deleted', 'Widget', 16, '{\"widgetId\":16,\"playlistId\":12}'),
(404, 1628691851, 1, 'Deleted', 'Playlist', 12, '{\"playlistId\":12,\"regionId\":12}'),
(405, 1628691851, 1, 'Region Deleted', 'Region', 12, '{\"regionId\":12,\"layoutId\":3}'),
(406, 1628691851, 1, 'Deleted', 'Playlist', 13, '{\"playlistId\":13,\"regionId\":13}'),
(407, 1628691851, 1, 'Region Deleted', 'Region', 13, '{\"regionId\":13,\"layoutId\":3}'),
(408, 1628691851, 1, 'Deleted', 'Widget', 17, '{\"widgetId\":17,\"playlistId\":14}'),
(409, 1628691851, 1, 'Deleted', 'Playlist', 14, '{\"playlistId\":14,\"regionId\":14}'),
(410, 1628691851, 1, 'Region Deleted', 'Region', 14, '{\"regionId\":14,\"layoutId\":3}'),
(411, 1628691851, 1, 'Deleted', 'Playlist', 15, '{\"playlistId\":15,\"regionId\":15}'),
(412, 1628691851, 1, 'Region Deleted', 'Region', 15, '{\"regionId\":15,\"layoutId\":3}'),
(413, 1628691851, 1, 'Layout Deleted', 'Layout', 3, '{\"layoutId\":3}'),
(414, 1628691851, 1, 'Deleted draft for 2', 'Layout', 3, '[]'),
(415, 1628691851, 1, 'Deleted', 'Widget', 7, '{\"widgetId\":7,\"playlistId\":7}'),
(416, 1628691851, 1, 'Deleted', 'Widget', 8, '{\"widgetId\":8,\"playlistId\":7}'),
(417, 1628691851, 1, 'Deleted', 'Widget', 9, '{\"widgetId\":9,\"playlistId\":7}'),
(418, 1628691851, 1, 'Deleted', 'Playlist', 7, '{\"playlistId\":7,\"regionId\":7}'),
(419, 1628691851, 1, 'Region Deleted', 'Region', 7, '{\"regionId\":7,\"layoutId\":2}'),
(420, 1628691851, 1, 'Deleted', 'Widget', 10, '{\"widgetId\":10,\"playlistId\":8}'),
(421, 1628691851, 1, 'Deleted', 'Playlist', 8, '{\"playlistId\":8,\"regionId\":8}'),
(422, 1628691851, 1, 'Region Deleted', 'Region', 8, '{\"regionId\":8,\"layoutId\":2}'),
(423, 1628691851, 1, 'Deleted', 'Widget', 11, '{\"widgetId\":11,\"playlistId\":9}'),
(424, 1628691851, 1, 'Deleted', 'Playlist', 9, '{\"playlistId\":9,\"regionId\":9}'),
(425, 1628691851, 1, 'Region Deleted', 'Region', 9, '{\"regionId\":9,\"layoutId\":2}'),
(426, 1628691851, 1, 'Deleted', 'Playlist', 6, '{\"playlistId\":6,\"regionId\":6}'),
(427, 1628691851, 1, 'Region Deleted', 'Region', 6, '{\"regionId\":6,\"layoutId\":2}'),
(428, 1628691851, 1, 'Deleted', 'Widget', 6, '{\"widgetId\":6,\"playlistId\":5}'),
(429, 1628691851, 1, 'Deleted', 'Playlist', 5, '{\"playlistId\":5,\"regionId\":5}'),
(430, 1628691851, 1, 'Region Deleted', 'Region', 5, '{\"regionId\":5,\"layoutId\":2}'),
(431, 1628691851, 1, 'Layout Deleted', 'Layout', 2, '{\"layoutId\":2}'),
(432, 1628691851, 1, 'Deleted', 'Layout', 2, '[]'),
(433, 1628691919, 1, 'Added', 'Layout', 12, '{\"layoutId\":12,\"layout\":\"Uol-Celebridades\",\"campaignId\":5}'),
(434, 1628691919, 1, 'Added', 'Widget', 54, '{\"widgetId\":54,\"type\":\"ticker\",\"layoutId\":\"12\",\"campaignId\":\"5\"}'),
(435, 1628691919, 1, 'Saved', 'Playlist', 33, '{\"campaignId\":[\"5\"],\"layoutId\":[\"12\"]}'),
(436, 1628691919, 1, 'Added', 'Region', 31, '{\"regionId\":31,\"campaignId\":\"5\",\"details\":\"Region 1 - 1920 x 1080 (0, 0). RegionId = 31, LayoutId = 12. OwnerId = 1. Duration = 0\"}'),
(437, 1628691941, 1, 'Added', 'Layout', 13, '{\"layoutId\":13,\"layout\":\"Uol-Cotidiano\",\"campaignId\":6}'),
(438, 1628691941, 1, 'Added', 'Widget', 55, '{\"widgetId\":55,\"type\":\"ticker\",\"layoutId\":\"13\",\"campaignId\":\"6\"}'),
(439, 1628691941, 1, 'Saved', 'Playlist', 34, '{\"campaignId\":[\"6\"],\"layoutId\":[\"13\"]}'),
(440, 1628691941, 1, 'Added', 'Region', 32, '{\"regionId\":32,\"campaignId\":\"6\",\"details\":\"Region 1 - 1920 x 1080 (0, 0). RegionId = 32, LayoutId = 13. OwnerId = 1. Duration = 0\"}'),
(441, 1628691941, 1, 'Added', 'Layout', 14, '{\"layoutId\":14,\"layout\":\"Uol-Destaques\",\"campaignId\":7}'),
(442, 1628691941, 1, 'Added', 'Widget', 56, '{\"widgetId\":56,\"type\":\"ticker\",\"layoutId\":\"14\",\"campaignId\":\"7\"}'),
(443, 1628691941, 1, 'Saved', 'Playlist', 35, '{\"campaignId\":[\"7\"],\"layoutId\":[\"14\"]}'),
(444, 1628691941, 1, 'Added', 'Region', 33, '{\"regionId\":33,\"campaignId\":\"7\",\"details\":\"Region 1 - 1920 x 1080 (0, 0). RegionId = 33, LayoutId = 14. OwnerId = 1. Duration = 0\"}'),
(445, 1628691941, 1, 'Added', 'Layout', 15, '{\"layoutId\":15,\"layout\":\"Uol-Economia\",\"campaignId\":8}'),
(446, 1628691941, 1, 'Added', 'Widget', 57, '{\"widgetId\":57,\"type\":\"ticker\",\"layoutId\":\"15\",\"campaignId\":\"8\"}'),
(447, 1628691941, 1, 'Saved', 'Playlist', 36, '{\"campaignId\":[\"8\"],\"layoutId\":[\"15\"]}'),
(448, 1628691941, 1, 'Added', 'Region', 34, '{\"regionId\":34,\"campaignId\":\"8\",\"details\":\"Region 1 - 1920 x 1080 (0, 0). RegionId = 34, LayoutId = 15. OwnerId = 1. Duration = 0\"}'),
(449, 1628691942, 1, 'Added', 'Layout', 19, '{\"layoutId\":19,\"layout\":\"Uol-Internacional\",\"campaignId\":12}'),
(450, 1628691942, 1, 'Added', 'Widget', 58, '{\"widgetId\":58,\"type\":\"ticker\",\"layoutId\":\"19\",\"campaignId\":\"12\"}'),
(451, 1628691942, 1, 'Saved', 'Playlist', 37, '{\"campaignId\":[\"12\"],\"layoutId\":[\"19\"]}'),
(452, 1628691942, 1, 'Added', 'Region', 35, '{\"regionId\":35,\"campaignId\":\"12\",\"details\":\"Region 1 - 1920 x 1080 (0, 0). RegionId = 35, LayoutId = 19. OwnerId = 1. Duration = 0\"}'),
(453, 1628691942, 1, 'Added', 'Layout', 20, '{\"layoutId\":20,\"layout\":\"Uol-Pol\\u00edtica\",\"campaignId\":13}'),
(454, 1628691942, 1, 'Added', 'Widget', 59, '{\"widgetId\":59,\"type\":\"ticker\",\"layoutId\":\"20\",\"campaignId\":\"13\"}'),
(455, 1628691942, 1, 'Saved', 'Playlist', 38, '{\"campaignId\":[\"13\"],\"layoutId\":[\"20\"]}'),
(456, 1628691942, 1, 'Added', 'Region', 36, '{\"regionId\":36,\"campaignId\":\"13\",\"details\":\"Region 1 - 1920 x 1080 (0, 0). RegionId = 36, LayoutId = 20. OwnerId = 1. Duration = 0\"}'),
(457, 1628691986, 1, 'Added', 'Layout', 22, '{\"layoutId\":22,\"layout\":\"Uol-Esportes\",\"campaignId\":15}'),
(458, 1628691986, 1, 'Added', 'Widget', 60, '{\"widgetId\":60,\"type\":\"ticker\",\"layoutId\":\"22\",\"campaignId\":\"15\"}'),
(459, 1628691986, 1, 'Saved', 'Playlist', 39, '{\"campaignId\":[\"15\"],\"layoutId\":[\"22\"]}'),
(460, 1628691986, 1, 'Added', 'Region', 37, '{\"regionId\":37,\"campaignId\":\"15\",\"details\":\"Region 1 - 1920 x 1080 (0, 0). RegionId = 37, LayoutId = 22. OwnerId = 1. Duration = 0\"}'),
(461, 1628692010, 1, 'Checked out', 'Layout', 24, '{\"layoutId\":12,\"layout\":\"Uol-Celebridades\",\"campaignId\":5}'),
(462, 1628692010, 1, 'Added', 'Widget', 61, '{\"widgetId\":61,\"type\":\"ticker\",\"layoutId\":\"24\",\"campaignId\":\"5\"}'),
(463, 1628692010, 1, 'Saved', 'Playlist', 40, '{\"playlistId\":\"33 > 40\",\"regionId\":\"31 > 38\",\"campaignId\":[\"5\"],\"layoutId\":[\"24\"]}'),
(464, 1628692010, 1, 'Added', 'Region', 38, '{\"regionId\":38,\"campaignId\":\"5\",\"details\":\"Region 1 - 1920 x 1080 (0, 0). RegionId = 38, LayoutId = 24. OwnerId = 1. Duration = 0\"}'),
(465, 1628692010, 1, 'Updated', 'Layout', 12, '{\"publishedStatusId\":\"1 > 2\",\"publishedStatus\":\"Published > Draft\",\"campaignId\":[5]}'),
(466, 1628692040, 1, 'Saved', 'Playlist', 40, '{\"campaignId\":[\"5\"],\"layoutId\":[\"24\"]}'),
(467, 1628692042, 1, 'Added', 'Media', 38, '{\"mediaId\":38,\"name\":\"ticker_261b9258340671e7a76ffa4686f13832\",\"mediaType\":\"module\",\"fileName\":\"http:\\/\\/conteudo.imguol.com.br\\/c\\/parceiros\\/8e\\/2019\\/12\\/28\\/decio-piccinini-reproducao-1577558501699_v2_1920x1080.jpg\",\"folderId\":null}'),
(468, 1628692042, 1, 'Added', 'Media', 39, '{\"mediaId\":39,\"name\":\"ticker_c7fa20b092266f08ce307130b817eb37\",\"mediaType\":\"module\",\"fileName\":\"http:\\/\\/conteudo.imguol.com.br\\/c\\/parceiros\\/96\\/2021\\/07\\/09\\/a-cantora-fluminense-anitta-foto-reproducao-1625806948467_v2_1920x1080.jpg\",\"folderId\":null}'),
(469, 1628692042, 1, 'Added', 'Media', 40, '{\"mediaId\":40,\"name\":\"ticker_47a3e757f081f0f637d630f7da537390\",\"mediaType\":\"module\",\"fileName\":\"http:\\/\\/conteudo.imguol.com.br\\/c\\/entretenimento\\/4d\\/2019\\/06\\/12\\/glamour-garcia-e-britney-em-a-dona-do-pedaco-1560351641185_v2_1920x1080.jpg\",\"folderId\":null}'),
(470, 1628692042, 1, 'Added', 'Media', 41, '{\"mediaId\":41,\"name\":\"ticker_f6f33ccb4ee1fde4f70c44b5aa7bd487\",\"mediaType\":\"module\",\"fileName\":\"http:\\/\\/conteudo.imguol.com.br\\/c\\/entretenimento\\/32\\/2019\\/08\\/13\\/principe-andrew-1565700550981_v2_1920x1080.jpg\",\"folderId\":null}'),
(471, 1628692042, 1, 'Added', 'Media', 42, '{\"mediaId\":42,\"name\":\"ticker_4e81b47172b72bca05623609c16d4d7f\",\"mediaType\":\"module\",\"fileName\":\"http:\\/\\/conteudo.imguol.com.br\\/79\\/2021\\/07\\/26\\/meme-jojo-todinho-1627302662292_v2_1920x1080.jpg\",\"folderId\":null}'),
(472, 1628692042, 1, 'Added', 'Media', 43, '{\"mediaId\":43,\"name\":\"ticker_fe64a9e0c38bf2c8a3fedc2046ba4664\",\"mediaType\":\"module\",\"fileName\":\"http:\\/\\/conteudo.imguol.com.br\\/c\\/entretenimento\\/72\\/2021\\/03\\/12\\/luan-santana-1615578662867_v2_1920x1080.jpg\",\"folderId\":null}'),
(473, 1628692042, 1, 'Added', 'Media', 44, '{\"mediaId\":44,\"name\":\"ticker_0ea58075d399483826e4fbddfdde3fcd\",\"mediaType\":\"module\",\"fileName\":\"http:\\/\\/conteudo.imguol.com.br\\/cb\\/2020\\/11\\/01\\/tom-veiga-e-o-manipulador-do-papagaio-louro-jose-1604265412152_v2_1920x1080.jpg\",\"folderId\":null}'),
(474, 1628692042, 1, 'Added', 'Media', 45, '{\"mediaId\":45,\"name\":\"ticker_e59f37aee3aae1b65452dad9f442ce36\",\"mediaType\":\"module\",\"fileName\":\"http:\\/\\/conteudo.imguol.com.br\\/c\\/entretenimento\\/4f\\/2021\\/07\\/21\\/gabi-martins-no-e-ai-beleza-1626880594482_v2_1920x1080.jpg\",\"folderId\":null}'),
(475, 1628692042, 1, 'Added', 'Media', 46, '{\"mediaId\":46,\"name\":\"ticker_36fcb9e02254ff663d3be984a76a1c33\",\"mediaType\":\"module\",\"fileName\":\"http:\\/\\/conteudo.imguol.com.br\\/c\\/entretenimento\\/c4\\/2020\\/01\\/05\\/a-atriz-christina-applegate-indicada-a-melhor-atriz-em-serie-de-comedia-por-disque-amiga-para-matar-1578269992701_v2_1920x1080.jpg\",\"folderId\":null}'),
(476, 1628692042, 1, 'Added', 'Media', 47, '{\"mediaId\":47,\"name\":\"ticker_5bdbfc1061bc22d8887aaf38a5b47d22\",\"mediaType\":\"module\",\"fileName\":\"http:\\/\\/conteudo.imguol.com.br\\/c\\/entretenimento\\/b2\\/2019\\/09\\/13\\/o-apresentador-marcos-mion-na-sede-de-a-fazenda-11-1568410584911_v2_1920x1080.jpg\",\"folderId\":null}'),
(477, 1628692042, 1, 'Added', 'Media', 48, '{\"mediaId\":48,\"name\":\"ticker_025960f770d439a7bf1397ed0c522668\",\"mediaType\":\"module\",\"fileName\":\"http:\\/\\/conteudo.imguol.com.br\\/c\\/splash\\/a7\\/2021\\/03\\/14\\/beyonce-aceita-o-premio-de-melhor-cancao-de-rap-por-savage-no-palco-do-grammy-2021-1615775648806_v2_1920x1080.jpg\",\"folderId\":null}'),
(478, 1628692042, 1, 'Added', 'Media', 49, '{\"mediaId\":49,\"name\":\"ticker_830d5d61f6e86a8df27fdddfaba969d8\",\"mediaType\":\"module\",\"fileName\":\"http:\\/\\/conteudo.imguol.com.br\\/c\\/parceiros\\/a4\\/2020\\/10\\/10\\/ator-de-venom-substitui-hugh-jackman-como-wolverine-em-imagem-veja-1602344757466_v2_1920x1080.jpg\",\"folderId\":null}'),
(479, 1628692042, 1, 'Added', 'Media', 50, '{\"mediaId\":50,\"name\":\"ticker_a1ed7bb1f9ffd211726df35df6a9e201\",\"mediaType\":\"module\",\"fileName\":\"http:\\/\\/conteudo.imguol.com.br\\/eb\\/2021\\/05\\/27\\/ross-david-schwimmer-e-rachel-jennifer-aniston-em-friends-1622117563850_v2_1920x1080.jpg\",\"folderId\":null}'),
(480, 1628692042, 1, 'Added', 'Media', 51, '{\"mediaId\":51,\"name\":\"ticker_7dd5878f2c13a989a8b2bc643e1e6e35\",\"mediaType\":\"module\",\"fileName\":\"http:\\/\\/conteudo.imguol.com.br\\/c\\/parceiros\\/e6\\/2021\\/05\\/06\\/pocah-reproducao-1620309803484_v2_1920x1080.jpg\",\"folderId\":null}'),
(481, 1628692042, 1, 'Added', 'Media', 52, '{\"mediaId\":52,\"name\":\"ticker_0b54460836f50006da69e2f3c89d032d\",\"mediaType\":\"module\",\"fileName\":\"http:\\/\\/conteudo.imguol.com.br\\/c\\/entretenimento\\/ab\\/2021\\/07\\/04\\/tiago-leifert-no-comando-do-super-danca-dos-famosos-1625436232656_v2_1920x1080.png\",\"folderId\":null}'),
(482, 1628692042, 1, 'Added', 'Media', 53, '{\"mediaId\":53,\"name\":\"ticker_db05abe2b258b72fad48be53abb4f63f\",\"mediaType\":\"module\",\"fileName\":\"http:\\/\\/conteudo.imguol.com.br\\/9f\\/2021\\/05\\/28\\/camilla-de-lucas-faz-desabafo-apos-receber-ameaca-de-morte-reproducao-instagram-1622198319682_v2_1920x1080.jpg\",\"folderId\":null}'),
(483, 1628692042, 1, 'Added', 'Media', 54, '{\"mediaId\":54,\"name\":\"ticker_08e47f7da5cc9b78ae2350b82b6ba653\",\"mediaType\":\"module\",\"fileName\":\"http:\\/\\/conteudo.imguol.com.br\\/9b\\/2020\\/02\\/14\\/bbb-20-marcela-esta-no-paredao-1581670100296_1920x1080.jpg\",\"folderId\":null}'),
(484, 1628692042, 1, 'Added', 'Media', 55, '{\"mediaId\":55,\"name\":\"ticker_bd686da3af9d3b10f7c98b886ee7de50\",\"mediaType\":\"module\",\"fileName\":\"http:\\/\\/bp.imguol.com\\/84\\/2016\\/05\\/16\\/juju-salimeni-1463429319402_1920x1080.jpg\",\"folderId\":null}'),
(485, 1628692042, 1, 'Added', 'Media', 56, '{\"mediaId\":56,\"name\":\"ticker_1f3f5cc23d90d3e2097fb1be1e2c5f1d\",\"mediaType\":\"module\",\"fileName\":\"http:\\/\\/conteudo.imguol.com.br\\/c\\/entretenimento\\/6a\\/2016\\/03\\/22\\/22mar2016---o-casal-tarcisio-meira-e-gloria-menezes-na-28-edicao-do-premio-shell-de-teatro-em-sao-paulo-1458691005203_v2_1920x1080.jpg\",\"folderId\":null}'),
(486, 1628692042, 1, 'Added', 'Media', 57, '{\"mediaId\":57,\"name\":\"ticker_1f8ec6f3b75f4960f59134bbefe538c6\",\"mediaType\":\"module\",\"fileName\":\"http:\\/\\/conteudo.imguol.com.br\\/c\\/entretenimento\\/25\\/2018\\/11\\/18\\/jeniffer-nascimento-finalista-do-popstar-1542558308382_v2_1920x1080.jpg\",\"folderId\":null}'),
(487, 1628692102, 1, 'Saved', 'Widget', 61, '{\"duration\":\"5 > 15\",\"useDuration\":\"0 > 1\",\"calculatedDuration\":\"5 > 15\",\"widgetOptions\":\"[\\n    {\\n        \\\"randomiseItems\\\": \\\"0 > 1\\\"\\n    },\\n    {\\n        \\\"css\\\": \\\".linkfoto > img { width:1920px;height:1080px;}\\\\n.logo1{display: block; margin: 15px auto 30px auto}\\\\n.cycle-overlay {color: white;background-color: rgba(0,0,0,0.6);position: absolute;bottom: 0;width: 20%;height:100%;padding: 15px;}\\\\n > .linkfoto > img { width:1920px;height:1080px;}\\\\r\\\\n.logo1{display: block; margin: 15px auto 30px auto}\\\\r\\\\n.cycle-overlay {color: white;background-color: rgba(0,0,0,0.6);position: absolute;bottom: 0;width: 20%;height:100%;padding: 15px;}\\\\r\\\\n\\\"\\n    },\\n    {\\n        \\\"noDataMessage\\\": \\\"<p><span style=\\\\\\\"font-size: 48px;\\\\\\\"><span style=\\\\\\\"color: #ffffff;\\\\\\\">No Data returned from the source<\\\\\\/span><\\\\\\/span><\\\\\\/p>\\\\n > <p><span style=\\\\\\\"font-size: 48px;\\\\\\\"><span style=\\\\\\\"color: #ffffff;\\\\\\\">No Data returned from the source<\\\\\\/span><\\\\\\/span><\\\\\\/p>\\\\r\\\\n\\\"\\n    },\\n    {\\n        \\\"template\\\": \\\"<div class=\\\\\\\"linkfoto\\\\\\\">[linkfoto|image]\\\\n<div class=\\\\\\\"cycle-overlay\\\\\\\">\\\\n<div class=\\\\\\\"logo1\\\\\\\"><img src=\\\\\\\"https:\\\\\\/\\\\\\/www.mgatv.com.br\\\\\\/uol\\\\\\/logo1.png\\\\\\\" \\\\\\/><\\\\\\/div>\\\\n\\\\n<p style=\\\\\\\"font-family: Arial, Verdana, sans-serif; font-size:65px; color:yellow;\\\\\\\">[Title]<\\\\\\/p>\\\\n\\\\n<p style=\\\\\\\"font-family: Arial, Verdana, sans-serif; font-size:50px; margin-top:40px;\\\\\\\">[Description]<\\\\\\/p>\\\\n<\\\\\\/div>\\\\n<\\\\\\/div>\\\\n > <div class=\\\\\\\"linkfoto\\\\\\\">[linkfoto|image]\\\\r\\\\n<div class=\\\\\\\"cycle-overlay\\\\\\\">\\\\r\\\\n<div class=\\\\\\\"logo1\\\\\\\"><img src=\\\\\\\"https:\\\\\\/\\\\\\/www.mgatv.com.br\\\\\\/uol\\\\\\/logo1.png\\\\\\\" \\\\\\/><\\\\\\/div>\\\\r\\\\n\\\\r\\\\n<p style=\\\\\\\"font-family: Arial, Verdana, sans-serif; font-size:65px; color:yellow;\\\\\\\">[Title]<\\\\\\/p>\\\\r\\\\n\\\\r\\\\n<p style=\\\\\\\"font-family: Arial, Verdana, sans-serif; font-size:50px; margin-top:40px;\\\\\\\">[Description]<\\\\\\/p>\\\\r\\\\n<\\\\\\/div>\\\\r\\\\n<\\\\\\/div>\\\\r\\\\n\\\"\\n    }\\n]\",\"campaignId\":[\"5\"],\"layoutId\":[\"24\"]}'),
(488, 1628692103, 1, 'Saved', 'Playlist', 40, '{\"campaignId\":[\"5\"],\"layoutId\":[\"24\"]}'),
(489, 1628692103, 1, 'Updated', 'Media', 38, '{\"fileName\":\"decio-piccinini-reproducao-1577558501699_v2_1920x1080.jpg > http:\\/\\/conteudo.imguol.com.br\\/c\\/parceiros\\/8e\\/2019\\/12\\/28\\/decio-piccinini-reproducao-1577558501699_v2_1920x1080.jpg\",\"expires\":\"2021-08-12 11:27:22 > 2021-08-11 15:28:23\"}'),
(490, 1628692103, 1, 'Updated', 'Media', 48, '{\"fileName\":\"beyonce-aceita-o-premio-de-melhor-cancao-de-rap-por-savage-no-palco-do-grammy-2021-1615775648806_v2_1920x1080.jpg > http:\\/\\/conteudo.imguol.com.br\\/c\\/splash\\/a7\\/2021\\/03\\/14\\/beyonce-aceita-o-premio-de-melhor-cancao-de-rap-por-savage-no-palco-do-grammy-2021-1615775648806_v2_1920x1080.jpg\",\"expires\":\"2021-08-12 11:27:22 > 2021-08-11 15:28:23\"}'),
(491, 1628692103, 1, 'Updated', 'Media', 56, '{\"fileName\":\"22mar2016---o-casal-tarcisio-meira-e-gloria-menezes-na-28-edicao-do-premio-shell-de-teatro-em-sao-paulo-1458691005203_v2_1920x1080.jpg > http:\\/\\/conteudo.imguol.com.br\\/c\\/entretenimento\\/6a\\/2016\\/03\\/22\\/22mar2016---o-casal-tarcisio-meira-e-gloria-menezes-na-28-edicao-do-premio-shell-de-teatro-em-sao-paulo-1458691005203_v2_1920x1080.jpg\",\"expires\":\"2021-08-12 11:27:22 > 2021-08-11 15:28:23\"}'),
(492, 1628692103, 1, 'Updated', 'Media', 55, '{\"fileName\":\"juju-salimeni-1463429319402_1920x1080.jpg > http:\\/\\/bp.imguol.com\\/84\\/2016\\/05\\/16\\/juju-salimeni-1463429319402_1920x1080.jpg\",\"expires\":\"2021-08-12 11:27:22 > 2021-08-11 15:28:23\"}'),
(493, 1628692103, 1, 'Updated', 'Media', 54, '{\"fileName\":\"bbb-20-marcela-esta-no-paredao-1581670100296_1920x1080.jpg > http:\\/\\/conteudo.imguol.com.br\\/9b\\/2020\\/02\\/14\\/bbb-20-marcela-esta-no-paredao-1581670100296_1920x1080.jpg\",\"expires\":\"2021-08-12 11:27:22 > 2021-08-11 15:28:23\"}'),
(494, 1628692103, 1, 'Updated', 'Media', 53, '{\"fileName\":\"camilla-de-lucas-faz-desabafo-apos-receber-ameaca-de-morte-reproducao-instagram-1622198319682_v2_1920x1080.jpg > http:\\/\\/conteudo.imguol.com.br\\/9f\\/2021\\/05\\/28\\/camilla-de-lucas-faz-desabafo-apos-receber-ameaca-de-morte-reproducao-instagram-1622198319682_v2_1920x1080.jpg\",\"expires\":\"2021-08-12 11:27:22 > 2021-08-11 15:28:23\"}'),
(495, 1628692103, 1, 'Updated', 'Media', 52, '{\"fileName\":\"tiago-leifert-no-comando-do-super-danca-dos-famosos-1625436232656_v2_1920x1080.png > http:\\/\\/conteudo.imguol.com.br\\/c\\/entretenimento\\/ab\\/2021\\/07\\/04\\/tiago-leifert-no-comando-do-super-danca-dos-famosos-1625436232656_v2_1920x1080.png\",\"expires\":\"2021-08-12 11:27:22 > 2021-08-11 15:28:23\"}'),
(496, 1628692103, 1, 'Updated', 'Media', 51, '{\"fileName\":\"pocah-reproducao-1620309803484_v2_1920x1080.jpg > http:\\/\\/conteudo.imguol.com.br\\/c\\/parceiros\\/e6\\/2021\\/05\\/06\\/pocah-reproducao-1620309803484_v2_1920x1080.jpg\",\"expires\":\"2021-08-12 11:27:22 > 2021-08-11 15:28:23\"}'),
(497, 1628692103, 1, 'Updated', 'Media', 50, '{\"fileName\":\"ross-david-schwimmer-e-rachel-jennifer-aniston-em-friends-1622117563850_v2_1920x1080.jpg > http:\\/\\/conteudo.imguol.com.br\\/eb\\/2021\\/05\\/27\\/ross-david-schwimmer-e-rachel-jennifer-aniston-em-friends-1622117563850_v2_1920x1080.jpg\",\"expires\":\"2021-08-12 11:27:22 > 2021-08-11 15:28:23\"}'),
(498, 1628692103, 1, 'Updated', 'Media', 49, '{\"fileName\":\"ator-de-venom-substitui-hugh-jackman-como-wolverine-em-imagem-veja-1602344757466_v2_1920x1080.jpg > http:\\/\\/conteudo.imguol.com.br\\/c\\/parceiros\\/a4\\/2020\\/10\\/10\\/ator-de-venom-substitui-hugh-jackman-como-wolverine-em-imagem-veja-1602344757466_v2_1920x1080.jpg\",\"expires\":\"2021-08-12 11:27:22 > 2021-08-11 15:28:23\"}'),
(499, 1628692103, 1, 'Updated', 'Media', 47, '{\"fileName\":\"o-apresentador-marcos-mion-na-sede-de-a-fazenda-11-1568410584911_v2_1920x1080.jpg > http:\\/\\/conteudo.imguol.com.br\\/c\\/entretenimento\\/b2\\/2019\\/09\\/13\\/o-apresentador-marcos-mion-na-sede-de-a-fazenda-11-1568410584911_v2_1920x1080.jpg\",\"expires\":\"2021-08-12 11:27:22 > 2021-08-11 15:28:23\"}'),
(500, 1628692103, 1, 'Updated', 'Media', 39, '{\"fileName\":\"a-cantora-fluminense-anitta-foto-reproducao-1625806948467_v2_1920x1080.jpg > http:\\/\\/conteudo.imguol.com.br\\/c\\/parceiros\\/96\\/2021\\/07\\/09\\/a-cantora-fluminense-anitta-foto-reproducao-1625806948467_v2_1920x1080.jpg\",\"expires\":\"2021-08-12 11:27:22 > 2021-08-11 15:28:23\"}'),
(501, 1628692103, 1, 'Updated', 'Media', 46, '{\"fileName\":\"a-atriz-christina-applegate-indicada-a-melhor-atriz-em-serie-de-comedia-por-disque-amiga-para-matar-1578269992701_v2_1920x1080.jpg > http:\\/\\/conteudo.imguol.com.br\\/c\\/entretenimento\\/c4\\/2020\\/01\\/05\\/a-atriz-christina-applegate-indicada-a-melhor-atriz-em-serie-de-comedia-por-disque-amiga-para-matar-1578269992701_v2_1920x1080.jpg\",\"expires\":\"2021-08-12 11:27:22 > 2021-08-11 15:28:23\"}'),
(502, 1628692103, 1, 'Updated', 'Media', 45, '{\"fileName\":\"gabi-martins-no-e-ai-beleza-1626880594482_v2_1920x1080.jpg > http:\\/\\/conteudo.imguol.com.br\\/c\\/entretenimento\\/4f\\/2021\\/07\\/21\\/gabi-martins-no-e-ai-beleza-1626880594482_v2_1920x1080.jpg\",\"expires\":\"2021-08-12 11:27:22 > 2021-08-11 15:28:23\"}'),
(503, 1628692103, 1, 'Updated', 'Media', 44, '{\"fileName\":\"tom-veiga-e-o-manipulador-do-papagaio-louro-jose-1604265412152_v2_1920x1080.jpg > http:\\/\\/conteudo.imguol.com.br\\/cb\\/2020\\/11\\/01\\/tom-veiga-e-o-manipulador-do-papagaio-louro-jose-1604265412152_v2_1920x1080.jpg\",\"expires\":\"2021-08-12 11:27:22 > 2021-08-11 15:28:23\"}'),
(504, 1628692103, 1, 'Updated', 'Media', 43, '{\"fileName\":\"luan-santana-1615578662867_v2_1920x1080.jpg > http:\\/\\/conteudo.imguol.com.br\\/c\\/entretenimento\\/72\\/2021\\/03\\/12\\/luan-santana-1615578662867_v2_1920x1080.jpg\",\"expires\":\"2021-08-12 11:27:22 > 2021-08-11 15:28:23\"}'),
(505, 1628692103, 1, 'Updated', 'Media', 42, '{\"fileName\":\"meme-jojo-todinho-1627302662292_v2_1920x1080.jpg > http:\\/\\/conteudo.imguol.com.br\\/79\\/2021\\/07\\/26\\/meme-jojo-todinho-1627302662292_v2_1920x1080.jpg\",\"expires\":\"2021-08-12 11:27:22 > 2021-08-11 15:28:23\"}'),
(506, 1628692103, 1, 'Updated', 'Media', 41, '{\"fileName\":\"principe-andrew-1565700550981_v2_1920x1080.jpg > http:\\/\\/conteudo.imguol.com.br\\/c\\/entretenimento\\/32\\/2019\\/08\\/13\\/principe-andrew-1565700550981_v2_1920x1080.jpg\",\"expires\":\"2021-08-12 11:27:22 > 2021-08-11 15:28:23\"}'),
(507, 1628692103, 1, 'Updated', 'Media', 40, '{\"fileName\":\"glamour-garcia-e-britney-em-a-dona-do-pedaco-1560351641185_v2_1920x1080.jpg > http:\\/\\/conteudo.imguol.com.br\\/c\\/entretenimento\\/4d\\/2019\\/06\\/12\\/glamour-garcia-e-britney-em-a-dona-do-pedaco-1560351641185_v2_1920x1080.jpg\",\"expires\":\"2021-08-12 11:27:22 > 2021-08-11 15:28:23\"}'),
(508, 1628692104, 1, 'Updated', 'Media', 57, '{\"fileName\":\"jeniffer-nascimento-finalista-do-popstar-1542558308382_v2_1920x1080.jpg > http:\\/\\/conteudo.imguol.com.br\\/c\\/entretenimento\\/25\\/2018\\/11\\/18\\/jeniffer-nascimento-finalista-do-popstar-1542558308382_v2_1920x1080.jpg\",\"expires\":\"2021-08-12 11:27:22 > 2021-08-11 15:28:23\"}'),
(509, 1628692118, 1, 'Saved', 'Playlist', 34, '{\"campaignId\":[\"6\"],\"layoutId\":[\"13\"]}'),
(510, 1628692119, 1, 'Added', 'Media', 58, '{\"mediaId\":58,\"name\":\"ticker_ca8fd2cd5cbf8719b623d5a7c6a05812\",\"mediaType\":\"module\",\"fileName\":\"http:\\/\\/conteudo.imguol.com.br\\/c\\/noticias\\/ce\\/2017\\/01\\/12\\/diu-anticoncepcional-1484215837754_1920x1080.jpg\",\"folderId\":null}'),
(511, 1628692119, 1, 'Added', 'Media', 59, '{\"mediaId\":59,\"name\":\"ticker_c956661148115696c32b305fe64b6765\",\"mediaType\":\"module\",\"fileName\":\"http:\\/\\/conteudo.imguol.com.br\\/c\\/parceiros\\/fe\\/2021\\/07\\/28\\/mulher-tomando-vacina-1627506186753_v2_1920x1080.jpg\",\"folderId\":null}'),
(512, 1628692119, 1, 'Added', 'Media', 60, '{\"mediaId\":60,\"name\":\"ticker_cbced2eb83971abd3744c6c129aff726\",\"mediaType\":\"module\",\"fileName\":\"http:\\/\\/conteudo.imguol.com.br\\/c\\/noticias\\/a0\\/2020\\/05\\/28\\/imagem-ilustrativa-do-coronavirus-em-frente-aos-dizeres-fake-news-1590717268518_v2_1920x1080.jpg\",\"folderId\":null}'),
(513, 1628692119, 1, 'Added', 'Media', 61, '{\"mediaId\":61,\"name\":\"ticker_a373b1291042b02a3eba7b7e79a8c2fa\",\"mediaType\":\"module\",\"fileName\":\"http:\\/\\/conteudo.imguol.com.br\\/c\\/entretenimento\\/da\\/2020\\/06\\/12\\/violencia-violencia-contra-a-mulher-feminicidio-1591987141282_v2_1920x1080.jpg\",\"folderId\":null}'),
(514, 1628692119, 1, 'Added', 'Media', 62, '{\"mediaId\":62,\"name\":\"ticker_05e5383623b98a62e9803c080df628f2\",\"mediaType\":\"module\",\"fileName\":\"http:\\/\\/conteudo.imguol.com.br\\/c\\/noticias\\/9c\\/2021\\/07\\/24\\/estatua-do-borba-gato-em-chamas-na-tarde-de-hoje-incendio-ja-foi-controlado-1627151123228_v2_1920x1080.jpg\",\"folderId\":null}'),
(515, 1628692119, 1, 'Added', 'Media', 63, '{\"mediaId\":63,\"name\":\"ticker_cd96891a2156704ba7c41c201c1af8c0\",\"mediaType\":\"module\",\"fileName\":\"http:\\/\\/conteudo.imguol.com.br\\/c\\/entretenimento\\/f5\\/2021\\/01\\/06\\/look-com-as-tonalidades-das-cores-de-2021-amarelo-e-cinza-look-mulher-roupa-estilo-1609961599767_v2_1920x1080.jpg\",\"folderId\":null}'),
(516, 1628692119, 1, 'Added', 'Media', 64, '{\"mediaId\":64,\"name\":\"ticker_76ad5b1f0522849e9dc39ba2e933e231\",\"mediaType\":\"module\",\"fileName\":\"http:\\/\\/conteudo.imguol.com.br\\/c\\/noticias\\/43\\/2020\\/09\\/15\\/o-ministro-da-educacao-milton-ribeiro-durante-anuncio-dos-resultados-do-ideb-e-do-saeb-2019-1600176366045_v2_1920x1080.jpg\",\"folderId\":null}'),
(517, 1628692119, 1, 'Added', 'Media', 65, '{\"mediaId\":65,\"name\":\"ticker_ed574fdcd36953af7329225369541854\",\"mediaType\":\"module\",\"fileName\":\"http:\\/\\/conteudo.imguol.com.br\\/c\\/noticias\\/97\\/2016\\/12\\/17\\/17dez2016---papai-noel-mergulhador-alimenta-sardinhas-no-aquario-coex-em-seul-na-coreia-do-sul-1481979669819_1920x1080.jpg\",\"folderId\":null}'),
(518, 1628692119, 1, 'Added', 'Media', 66, '{\"mediaId\":66,\"name\":\"ticker_f3a714bfc19bb7dd781a19321314a12c\",\"mediaType\":\"module\",\"fileName\":\"http:\\/\\/conteudo.imguol.com.br\\/c\\/noticias\\/36\\/2021\\/07\\/27\\/23jul2021---profissional-de-saude-segura-seringa-e-vacina-contra-covid-19-em-imagem-ilustrativa-1627409460685_v2_1920x1080.jpg\",\"folderId\":null}'),
(519, 1628692119, 1, 'Added', 'Media', 67, '{\"mediaId\":67,\"name\":\"ticker_0de8855063fec7a24db467be5478ef99\",\"mediaType\":\"module\",\"fileName\":\"http:\\/\\/conteudo.imguol.com.br\\/c\\/noticias\\/97\\/2019\\/08\\/23\\/um-dos-gatos-que-a-engenharia-jacy-alimenta-no-parque-da-aclimacao-em-sp-1566585707189_v2_1920x1080.jpg\",\"folderId\":null}'),
(520, 1628692119, 1, 'Added', 'Media', 68, '{\"mediaId\":68,\"name\":\"ticker_9de1257cea0137efc6b7449e31b3764b\",\"mediaType\":\"module\",\"fileName\":\"http:\\/\\/conteudo.imguol.com.br\\/c\\/noticias\\/1b\\/2019\\/04\\/27\\/26abr2019---o-prefeito-de-sao-paulo-bruno-covas-faz-o-lancamento-do-policiamento-com-patinete-eletrico-que-sera-utilizado-pela-guarda-civil-metropolitana-gcm-com-secretarios-de-seguranca-urbana-jose-1556377579927_v2_1920x1080.jpg\",\"folderId\":null}'),
(521, 1628692119, 1, 'Added', 'Media', 69, '{\"mediaId\":69,\"name\":\"ticker_7639d1d137300aa30a1abc0ab2b388ed\",\"mediaType\":\"module\",\"fileName\":\"http:\\/\\/conteudo.imguol.com.br\\/c\\/noticias\\/44\\/2021\\/08\\/10\\/gilson-machado-da-silva-conhecido-como-gilson-motorista-foi-eleito-vereador-em-2020-1628629330141_v2_1920x1080.jpg\",\"folderId\":null}'),
(522, 1628692119, 1, 'Added', 'Media', 70, '{\"mediaId\":70,\"name\":\"ticker_013b625b9445476a3d778ede8eaeb28e\",\"mediaType\":\"module\",\"fileName\":\"http:\\/\\/conteudo.imguol.com.br\\/c\\/entretenimento\\/c5\\/2019\\/11\\/07\\/homem-preso-algemas-1573134775871_v2_1920x1080.jpg\",\"folderId\":null}'),
(523, 1628692119, 1, 'Added', 'Media', 71, '{\"mediaId\":71,\"name\":\"ticker_acf205a68d131e8f03c6e98861879260\",\"mediaType\":\"module\",\"fileName\":\"http:\\/\\/conteudo.imguol.com.br\\/c\\/entretenimento\\/f6\\/2021\\/01\\/21\\/brasilia-df-brasil-12-08-2019-10h00-indias-de-varias-etnias-invadem-predio-onde-fica-a-secretaria-de-saude-indigena-em-brasilia-centenas-de-indigenas-que-participam-da-marcha-das-mulheres-indigenas-1611251964859_v2_1920x1080.jpg\",\"folderId\":null}'),
(524, 1628692119, 1, 'Added', 'Media', 72, '{\"mediaId\":72,\"name\":\"ticker_095f2a87a1323c7e02647d8bdf59ef33\",\"mediaType\":\"module\",\"fileName\":\"http:\\/\\/conteudo.imguol.com.br\\/c\\/noticias\\/2014\\/05\\/28\\/28mai2014---caatinga---parque-nacional-da-serra-da-capivara-pi-1401309752992_1920x1080.jpg\",\"folderId\":null}'),
(525, 1628692119, 1, 'Added', 'Media', 73, '{\"mediaId\":73,\"name\":\"ticker_b570e5ca59076e4fd701a0df2e411b38\",\"mediaType\":\"module\",\"fileName\":\"http:\\/\\/conteudo.imguol.com.br\\/c\\/parceiros\\/a7\\/2021\\/02\\/25\\/ministerio-da-saude-anuncia-acordo-para-comprar-20-milhoes-de-doses-da-vacina-covaxin-1614298686257_v2_1920x1080.jpg\",\"folderId\":null}'),
(526, 1628692119, 1, 'Added', 'Media', 74, '{\"mediaId\":74,\"name\":\"ticker_a1711fb06acbdd71dd50d7f768d8df6f\",\"mediaType\":\"module\",\"fileName\":\"http:\\/\\/conteudo.imguol.com.br\\/9e\\/2019\\/04\\/25\\/violencia-contra-a-mulher-1556205241965_1920x1080.png\",\"folderId\":null}'),
(527, 1628692119, 1, 'Added', 'Media', 75, '{\"mediaId\":75,\"name\":\"ticker_57eeb0d55e332d5229fc65d38c378dd0\",\"mediaType\":\"module\",\"fileName\":\"http:\\/\\/conteudo.imguol.com.br\\/c\\/noticias\\/d5\\/2021\\/06\\/27\\/16jun2021---trabalhadores-da-saude-atendem-a-pacientes-com-covid-19-na-unidade-de-terapia-intensiva-uti-do-hospital-ipiranga-na-zona-sul-da-capital-paulista-1624820627922_v2_1920x1080.jpg\",\"folderId\":null}'),
(528, 1628692119, 1, 'Added', 'Media', 76, '{\"mediaId\":76,\"name\":\"ticker_81eedfdb66c6691de69a676f3c3189ae\",\"mediaType\":\"module\",\"fileName\":\"http:\\/\\/conteudo.imguol.com.br\\/5f\\/2021\\/07\\/05\\/equipe-de-saude-vacina-preso-contra-o-coronavirus-em-sao-paulo-1625484426223_v2_1920x1080.jpg\",\"folderId\":null}'),
(529, 1628692119, 1, 'Added', 'Media', 77, '{\"mediaId\":77,\"name\":\"ticker_2f90e062c2c76df620bb77e4e70dc7fa\",\"mediaType\":\"module\",\"fileName\":\"http:\\/\\/conteudo.imguol.com.br\\/c\\/noticias\\/94\\/2021\\/08\\/10\\/inauguracao-da-estacao-mendes-vila-natal-da-linha-9-esmeralda-da-cptm-1628614929173_v2_1920x1080.jpg\",\"folderId\":null}'),
(530, 1628692119, 1, 'Checked out', 'Layout', 25, '{\"layoutId\":13,\"layout\":\"Uol-Cotidiano\",\"campaignId\":6}'),
(531, 1628692119, 1, 'Added', 'Widget', 62, '{\"widgetId\":62,\"type\":\"ticker\",\"layoutId\":\"25\",\"campaignId\":\"6\"}'),
(532, 1628692119, 1, 'Saved', 'Playlist', 41, '{\"playlistId\":\"34 > 41\",\"regionId\":\"32 > 39\",\"campaignId\":[\"6\"],\"layoutId\":[\"25\"]}'),
(533, 1628692119, 1, 'Added', 'Region', 39, '{\"regionId\":39,\"campaignId\":\"6\",\"details\":\"Region 1 - 1920 x 1080 (0, 0). RegionId = 39, LayoutId = 25. OwnerId = 1. Duration = 5\"}'),
(534, 1628692119, 1, 'Updated', 'Layout', 13, '{\"publishedStatusId\":\"1 > 2\",\"publishedStatus\":\"Published > Draft\",\"campaignId\":[6]}'),
(535, 1628692121, 1, 'Saved', 'Playlist', 41, '{\"campaignId\":[\"6\"],\"layoutId\":[\"25\"]}'),
(536, 1628692122, 1, 'Updated', 'Media', 58, '{\"fileName\":\"diu-anticoncepcional-1484215837754_1920x1080.jpg > http:\\/\\/conteudo.imguol.com.br\\/c\\/noticias\\/ce\\/2017\\/01\\/12\\/diu-anticoncepcional-1484215837754_1920x1080.jpg\",\"expires\":\"2021-08-12 11:28:39 > 2021-08-12 11:28:42\"}'),
(537, 1628692122, 1, 'Updated', 'Media', 59, '{\"fileName\":\"mulher-tomando-vacina-1627506186753_v2_1920x1080.jpg > http:\\/\\/conteudo.imguol.com.br\\/c\\/parceiros\\/fe\\/2021\\/07\\/28\\/mulher-tomando-vacina-1627506186753_v2_1920x1080.jpg\",\"expires\":\"2021-08-12 11:28:39 > 2021-08-12 11:28:42\"}'),
(538, 1628692122, 1, 'Updated', 'Media', 60, '{\"fileName\":\"imagem-ilustrativa-do-coronavirus-em-frente-aos-dizeres-fake-news-1590717268518_v2_1920x1080.jpg > http:\\/\\/conteudo.imguol.com.br\\/c\\/noticias\\/a0\\/2020\\/05\\/28\\/imagem-ilustrativa-do-coronavirus-em-frente-aos-dizeres-fake-news-1590717268518_v2_1920x1080.jpg\",\"expires\":\"2021-08-12 11:28:39 > 2021-08-12 11:28:42\"}'),
(539, 1628692122, 1, 'Updated', 'Media', 61, '{\"fileName\":\"violencia-violencia-contra-a-mulher-feminicidio-1591987141282_v2_1920x1080.jpg > http:\\/\\/conteudo.imguol.com.br\\/c\\/entretenimento\\/da\\/2020\\/06\\/12\\/violencia-violencia-contra-a-mulher-feminicidio-1591987141282_v2_1920x1080.jpg\",\"expires\":\"2021-08-12 11:28:39 > 2021-08-12 11:28:42\"}'),
(540, 1628692122, 1, 'Updated', 'Media', 62, '{\"fileName\":\"estatua-do-borba-gato-em-chamas-na-tarde-de-hoje-incendio-ja-foi-controlado-1627151123228_v2_1920x1080.jpg > http:\\/\\/conteudo.imguol.com.br\\/c\\/noticias\\/9c\\/2021\\/07\\/24\\/estatua-do-borba-gato-em-chamas-na-tarde-de-hoje-incendio-ja-foi-controlado-1627151123228_v2_1920x1080.jpg\",\"expires\":\"2021-08-12 11:28:39 > 2021-08-12 11:28:42\"}'),
(541, 1628692122, 1, 'Updated', 'Media', 63, '{\"fileName\":\"look-com-as-tonalidades-das-cores-de-2021-amarelo-e-cinza-look-mulher-roupa-estilo-1609961599767_v2_1920x1080.jpg > http:\\/\\/conteudo.imguol.com.br\\/c\\/entretenimento\\/f5\\/2021\\/01\\/06\\/look-com-as-tonalidades-das-cores-de-2021-amarelo-e-cinza-look-mulher-roupa-estilo-1609961599767_v2_1920x1080.jpg\",\"expires\":\"2021-08-12 11:28:39 > 2021-08-12 11:28:42\"}'),
(542, 1628692122, 1, 'Updated', 'Media', 64, '{\"fileName\":\"o-ministro-da-educacao-milton-ribeiro-durante-anuncio-dos-resultados-do-ideb-e-do-saeb-2019-1600176366045_v2_1920x1080.jpg > http:\\/\\/conteudo.imguol.com.br\\/c\\/noticias\\/43\\/2020\\/09\\/15\\/o-ministro-da-educacao-milton-ribeiro-durante-anuncio-dos-resultados-do-ideb-e-do-saeb-2019-1600176366045_v2_1920x1080.jpg\",\"expires\":\"2021-08-12 11:28:39 > 2021-08-12 11:28:42\"}'),
(543, 1628692122, 1, 'Updated', 'Media', 65, '{\"fileName\":\"17dez2016---papai-noel-mergulhador-alimenta-sardinhas-no-aquario-coex-em-seul-na-coreia-do-sul-1481979669819_1920x1080.jpg > http:\\/\\/conteudo.imguol.com.br\\/c\\/noticias\\/97\\/2016\\/12\\/17\\/17dez2016---papai-noel-mergulhador-alimenta-sardinhas-no-aquario-coex-em-seul-na-coreia-do-sul-1481979669819_1920x1080.jpg\",\"expires\":\"2021-08-12 11:28:39 > 2021-08-12 11:28:42\"}'),
(544, 1628692122, 1, 'Updated', 'Media', 66, '{\"fileName\":\"23jul2021---profissional-de-saude-segura-seringa-e-vacina-contra-covid-19-em-imagem-ilustrativa-1627409460685_v2_1920x1080.jpg > http:\\/\\/conteudo.imguol.com.br\\/c\\/noticias\\/36\\/2021\\/07\\/27\\/23jul2021---profissional-de-saude-segura-seringa-e-vacina-contra-covid-19-em-imagem-ilustrativa-1627409460685_v2_1920x1080.jpg\",\"expires\":\"2021-08-12 11:28:39 > 2021-08-12 11:28:42\"}'),
(545, 1628692122, 1, 'Updated', 'Media', 67, '{\"fileName\":\"um-dos-gatos-que-a-engenharia-jacy-alimenta-no-parque-da-aclimacao-em-sp-1566585707189_v2_1920x1080.jpg > http:\\/\\/conteudo.imguol.com.br\\/c\\/noticias\\/97\\/2019\\/08\\/23\\/um-dos-gatos-que-a-engenharia-jacy-alimenta-no-parque-da-aclimacao-em-sp-1566585707189_v2_1920x1080.jpg\",\"expires\":\"2021-08-12 11:28:39 > 2021-08-12 11:28:42\"}'),
(546, 1628692122, 1, 'Updated', 'Media', 68, '{\"fileName\":\"26abr2019---o-prefeito-de-sao-paulo-bruno-covas-faz-o-lancamento-do-policiamento-com-patinete-eletrico-que-sera-utilizado-pela-guarda-civil-metropolitana-gcm-com-secretarios-de-seguranca-urbana-jose-1556377579927_v2_1920x1080.jpg > http:\\/\\/conteudo.imguol.com.br\\/c\\/noticias\\/1b\\/2019\\/04\\/27\\/26abr2019---o-prefeito-de-sao-paulo-bruno-covas-faz-o-lancamento-do-policiamento-com-patinete-eletrico-que-sera-utilizado-pela-guarda-civil-metropolitana-gcm-com-secretarios-de-seguranca-urbana-jose-1556377579927_v2_1920x1080.jpg\",\"expires\":\"2021-08-12 11:28:39 > 2021-08-12 11:28:42\"}'),
(547, 1628692122, 1, 'Updated', 'Media', 69, '{\"fileName\":\"gilson-machado-da-silva-conhecido-como-gilson-motorista-foi-eleito-vereador-em-2020-1628629330141_v2_1920x1080.jpg > http:\\/\\/conteudo.imguol.com.br\\/c\\/noticias\\/44\\/2021\\/08\\/10\\/gilson-machado-da-silva-conhecido-como-gilson-motorista-foi-eleito-vereador-em-2020-1628629330141_v2_1920x1080.jpg\",\"expires\":\"2021-08-12 11:28:39 > 2021-08-12 11:28:42\"}'),
(548, 1628692122, 1, 'Updated', 'Media', 70, '{\"fileName\":\"homem-preso-algemas-1573134775871_v2_1920x1080.jpg > http:\\/\\/conteudo.imguol.com.br\\/c\\/entretenimento\\/c5\\/2019\\/11\\/07\\/homem-preso-algemas-1573134775871_v2_1920x1080.jpg\",\"expires\":\"2021-08-12 11:28:39 > 2021-08-12 11:28:42\"}'),
(549, 1628692122, 1, 'Updated', 'Media', 71, '{\"fileName\":\"brasilia-df-brasil-12-08-2019-10h00-indias-de-varias-etnias-invadem-predio-onde-fica-a-secretaria-de-saude-indigena-em-brasilia-centenas-de-indigenas-que-participam-da-marcha-das-mulheres-indigenas-1611251964859_v2_1920x1080.jpg > http:\\/\\/conteudo.imguol.com.br\\/c\\/entretenimento\\/f6\\/2021\\/01\\/21\\/brasilia-df-brasil-12-08-2019-10h00-indias-de-varias-etnias-invadem-predio-onde-fica-a-secretaria-de-saude-indigena-em-brasilia-centenas-de-indigenas-que-participam-da-marcha-das-mulheres-indigenas-1611251964859_v2_1920x1080.jpg\",\"expires\":\"2021-08-12 11:28:39 > 2021-08-12 11:28:42\"}'),
(550, 1628692122, 1, 'Updated', 'Media', 72, '{\"fileName\":\"28mai2014---caatinga---parque-nacional-da-serra-da-capivara-pi-1401309752992_1920x1080.jpg > http:\\/\\/conteudo.imguol.com.br\\/c\\/noticias\\/2014\\/05\\/28\\/28mai2014---caatinga---parque-nacional-da-serra-da-capivara-pi-1401309752992_1920x1080.jpg\",\"expires\":\"2021-08-12 11:28:39 > 2021-08-12 11:28:42\"}'),
(551, 1628692122, 1, 'Updated', 'Media', 73, '{\"fileName\":\"ministerio-da-saude-anuncia-acordo-para-comprar-20-milhoes-de-doses-da-vacina-covaxin-1614298686257_v2_1920x1080.jpg > http:\\/\\/conteudo.imguol.com.br\\/c\\/parceiros\\/a7\\/2021\\/02\\/25\\/ministerio-da-saude-anuncia-acordo-para-comprar-20-milhoes-de-doses-da-vacina-covaxin-1614298686257_v2_1920x1080.jpg\",\"expires\":\"2021-08-12 11:28:39 > 2021-08-12 11:28:42\"}'),
(552, 1628692122, 1, 'Updated', 'Media', 74, '{\"fileName\":\"violencia-contra-a-mulher-1556205241965_1920x1080.png > http:\\/\\/conteudo.imguol.com.br\\/9e\\/2019\\/04\\/25\\/violencia-contra-a-mulher-1556205241965_1920x1080.png\",\"expires\":\"2021-08-12 11:28:39 > 2021-08-12 11:28:42\"}'),
(553, 1628692122, 1, 'Updated', 'Media', 75, '{\"fileName\":\"16jun2021---trabalhadores-da-saude-atendem-a-pacientes-com-covid-19-na-unidade-de-terapia-intensiva-uti-do-hospital-ipiranga-na-zona-sul-da-capital-paulista-1624820627922_v2_1920x1080.jpg > http:\\/\\/conteudo.imguol.com.br\\/c\\/noticias\\/d5\\/2021\\/06\\/27\\/16jun2021---trabalhadores-da-saude-atendem-a-pacientes-com-covid-19-na-unidade-de-terapia-intensiva-uti-do-hospital-ipiranga-na-zona-sul-da-capital-paulista-1624820627922_v2_1920x1080.jpg\",\"expires\":\"2021-08-12 11:28:39 > 2021-08-12 11:28:42\"}'),
(554, 1628692122, 1, 'Updated', 'Media', 76, '{\"fileName\":\"equipe-de-saude-vacina-preso-contra-o-coronavirus-em-sao-paulo-1625484426223_v2_1920x1080.jpg > http:\\/\\/conteudo.imguol.com.br\\/5f\\/2021\\/07\\/05\\/equipe-de-saude-vacina-preso-contra-o-coronavirus-em-sao-paulo-1625484426223_v2_1920x1080.jpg\",\"expires\":\"2021-08-12 11:28:39 > 2021-08-12 11:28:42\"}'),
(555, 1628692122, 1, 'Updated', 'Media', 77, '{\"fileName\":\"inauguracao-da-estacao-mendes-vila-natal-da-linha-9-esmeralda-da-cptm-1628614929173_v2_1920x1080.jpg > http:\\/\\/conteudo.imguol.com.br\\/c\\/noticias\\/94\\/2021\\/08\\/10\\/inauguracao-da-estacao-mendes-vila-natal-da-linha-9-esmeralda-da-cptm-1628614929173_v2_1920x1080.jpg\",\"expires\":\"2021-08-12 11:28:39 > 2021-08-12 11:28:42\"}'),
(556, 1628692123, 1, 'Updated', 'Media', 58, '{\"fileName\":\"diu-anticoncepcional-1484215837754_1920x1080.jpg > http:\\/\\/conteudo.imguol.com.br\\/c\\/noticias\\/ce\\/2017\\/01\\/12\\/diu-anticoncepcional-1484215837754_1920x1080.jpg\",\"expires\":\"2021-08-12 11:28:42 > 2021-08-12 11:28:43\"}'),
(557, 1628692123, 1, 'Updated', 'Media', 59, '{\"fileName\":\"mulher-tomando-vacina-1627506186753_v2_1920x1080.jpg > http:\\/\\/conteudo.imguol.com.br\\/c\\/parceiros\\/fe\\/2021\\/07\\/28\\/mulher-tomando-vacina-1627506186753_v2_1920x1080.jpg\",\"expires\":\"2021-08-12 11:28:42 > 2021-08-12 11:28:43\"}'),
(558, 1628692123, 1, 'Updated', 'Media', 60, '{\"fileName\":\"imagem-ilustrativa-do-coronavirus-em-frente-aos-dizeres-fake-news-1590717268518_v2_1920x1080.jpg > http:\\/\\/conteudo.imguol.com.br\\/c\\/noticias\\/a0\\/2020\\/05\\/28\\/imagem-ilustrativa-do-coronavirus-em-frente-aos-dizeres-fake-news-1590717268518_v2_1920x1080.jpg\",\"expires\":\"2021-08-12 11:28:42 > 2021-08-12 11:28:43\"}'),
(559, 1628692123, 1, 'Updated', 'Media', 61, '{\"fileName\":\"violencia-violencia-contra-a-mulher-feminicidio-1591987141282_v2_1920x1080.jpg > http:\\/\\/conteudo.imguol.com.br\\/c\\/entretenimento\\/da\\/2020\\/06\\/12\\/violencia-violencia-contra-a-mulher-feminicidio-1591987141282_v2_1920x1080.jpg\",\"expires\":\"2021-08-12 11:28:42 > 2021-08-12 11:28:43\"}'),
(560, 1628692123, 1, 'Updated', 'Media', 62, '{\"fileName\":\"estatua-do-borba-gato-em-chamas-na-tarde-de-hoje-incendio-ja-foi-controlado-1627151123228_v2_1920x1080.jpg > http:\\/\\/conteudo.imguol.com.br\\/c\\/noticias\\/9c\\/2021\\/07\\/24\\/estatua-do-borba-gato-em-chamas-na-tarde-de-hoje-incendio-ja-foi-controlado-1627151123228_v2_1920x1080.jpg\",\"expires\":\"2021-08-12 11:28:42 > 2021-08-12 11:28:43\"}'),
(561, 1628692123, 1, 'Updated', 'Media', 63, '{\"fileName\":\"look-com-as-tonalidades-das-cores-de-2021-amarelo-e-cinza-look-mulher-roupa-estilo-1609961599767_v2_1920x1080.jpg > http:\\/\\/conteudo.imguol.com.br\\/c\\/entretenimento\\/f5\\/2021\\/01\\/06\\/look-com-as-tonalidades-das-cores-de-2021-amarelo-e-cinza-look-mulher-roupa-estilo-1609961599767_v2_1920x1080.jpg\",\"expires\":\"2021-08-12 11:28:42 > 2021-08-12 11:28:43\"}'),
(562, 1628692123, 1, 'Updated', 'Media', 64, '{\"fileName\":\"o-ministro-da-educacao-milton-ribeiro-durante-anuncio-dos-resultados-do-ideb-e-do-saeb-2019-1600176366045_v2_1920x1080.jpg > http:\\/\\/conteudo.imguol.com.br\\/c\\/noticias\\/43\\/2020\\/09\\/15\\/o-ministro-da-educacao-milton-ribeiro-durante-anuncio-dos-resultados-do-ideb-e-do-saeb-2019-1600176366045_v2_1920x1080.jpg\",\"expires\":\"2021-08-12 11:28:42 > 2021-08-12 11:28:43\"}'),
(563, 1628692123, 1, 'Updated', 'Media', 65, '{\"fileName\":\"17dez2016---papai-noel-mergulhador-alimenta-sardinhas-no-aquario-coex-em-seul-na-coreia-do-sul-1481979669819_1920x1080.jpg > http:\\/\\/conteudo.imguol.com.br\\/c\\/noticias\\/97\\/2016\\/12\\/17\\/17dez2016---papai-noel-mergulhador-alimenta-sardinhas-no-aquario-coex-em-seul-na-coreia-do-sul-1481979669819_1920x1080.jpg\",\"expires\":\"2021-08-12 11:28:42 > 2021-08-12 11:28:43\"}'),
(564, 1628692123, 1, 'Updated', 'Media', 66, '{\"fileName\":\"23jul2021---profissional-de-saude-segura-seringa-e-vacina-contra-covid-19-em-imagem-ilustrativa-1627409460685_v2_1920x1080.jpg > http:\\/\\/conteudo.imguol.com.br\\/c\\/noticias\\/36\\/2021\\/07\\/27\\/23jul2021---profissional-de-saude-segura-seringa-e-vacina-contra-covid-19-em-imagem-ilustrativa-1627409460685_v2_1920x1080.jpg\",\"expires\":\"2021-08-12 11:28:42 > 2021-08-12 11:28:43\"}'),
(565, 1628692123, 1, 'Updated', 'Media', 67, '{\"fileName\":\"um-dos-gatos-que-a-engenharia-jacy-alimenta-no-parque-da-aclimacao-em-sp-1566585707189_v2_1920x1080.jpg > http:\\/\\/conteudo.imguol.com.br\\/c\\/noticias\\/97\\/2019\\/08\\/23\\/um-dos-gatos-que-a-engenharia-jacy-alimenta-no-parque-da-aclimacao-em-sp-1566585707189_v2_1920x1080.jpg\",\"expires\":\"2021-08-12 11:28:42 > 2021-08-12 11:28:43\"}');
INSERT INTO `auditlog` (`logId`, `logDate`, `userId`, `message`, `entity`, `entityId`, `objectAfter`) VALUES
(566, 1628692123, 1, 'Updated', 'Media', 68, '{\"fileName\":\"26abr2019---o-prefeito-de-sao-paulo-bruno-covas-faz-o-lancamento-do-policiamento-com-patinete-eletrico-que-sera-utilizado-pela-guarda-civil-metropolitana-gcm-com-secretarios-de-seguranca-urbana-jose-1556377579927_v2_1920x1080.jpg > http:\\/\\/conteudo.imguol.com.br\\/c\\/noticias\\/1b\\/2019\\/04\\/27\\/26abr2019---o-prefeito-de-sao-paulo-bruno-covas-faz-o-lancamento-do-policiamento-com-patinete-eletrico-que-sera-utilizado-pela-guarda-civil-metropolitana-gcm-com-secretarios-de-seguranca-urbana-jose-1556377579927_v2_1920x1080.jpg\",\"expires\":\"2021-08-12 11:28:42 > 2021-08-12 11:28:43\"}'),
(567, 1628692123, 1, 'Updated', 'Media', 69, '{\"fileName\":\"gilson-machado-da-silva-conhecido-como-gilson-motorista-foi-eleito-vereador-em-2020-1628629330141_v2_1920x1080.jpg > http:\\/\\/conteudo.imguol.com.br\\/c\\/noticias\\/44\\/2021\\/08\\/10\\/gilson-machado-da-silva-conhecido-como-gilson-motorista-foi-eleito-vereador-em-2020-1628629330141_v2_1920x1080.jpg\",\"expires\":\"2021-08-12 11:28:42 > 2021-08-12 11:28:43\"}'),
(568, 1628692123, 1, 'Updated', 'Media', 70, '{\"fileName\":\"homem-preso-algemas-1573134775871_v2_1920x1080.jpg > http:\\/\\/conteudo.imguol.com.br\\/c\\/entretenimento\\/c5\\/2019\\/11\\/07\\/homem-preso-algemas-1573134775871_v2_1920x1080.jpg\",\"expires\":\"2021-08-12 11:28:42 > 2021-08-12 11:28:43\"}'),
(569, 1628692123, 1, 'Updated', 'Media', 71, '{\"fileName\":\"brasilia-df-brasil-12-08-2019-10h00-indias-de-varias-etnias-invadem-predio-onde-fica-a-secretaria-de-saude-indigena-em-brasilia-centenas-de-indigenas-que-participam-da-marcha-das-mulheres-indigenas-1611251964859_v2_1920x1080.jpg > http:\\/\\/conteudo.imguol.com.br\\/c\\/entretenimento\\/f6\\/2021\\/01\\/21\\/brasilia-df-brasil-12-08-2019-10h00-indias-de-varias-etnias-invadem-predio-onde-fica-a-secretaria-de-saude-indigena-em-brasilia-centenas-de-indigenas-que-participam-da-marcha-das-mulheres-indigenas-1611251964859_v2_1920x1080.jpg\",\"expires\":\"2021-08-12 11:28:42 > 2021-08-12 11:28:43\"}'),
(570, 1628692123, 1, 'Updated', 'Media', 72, '{\"fileName\":\"28mai2014---caatinga---parque-nacional-da-serra-da-capivara-pi-1401309752992_1920x1080.jpg > http:\\/\\/conteudo.imguol.com.br\\/c\\/noticias\\/2014\\/05\\/28\\/28mai2014---caatinga---parque-nacional-da-serra-da-capivara-pi-1401309752992_1920x1080.jpg\",\"expires\":\"2021-08-12 11:28:42 > 2021-08-12 11:28:43\"}'),
(571, 1628692123, 1, 'Updated', 'Media', 73, '{\"fileName\":\"ministerio-da-saude-anuncia-acordo-para-comprar-20-milhoes-de-doses-da-vacina-covaxin-1614298686257_v2_1920x1080.jpg > http:\\/\\/conteudo.imguol.com.br\\/c\\/parceiros\\/a7\\/2021\\/02\\/25\\/ministerio-da-saude-anuncia-acordo-para-comprar-20-milhoes-de-doses-da-vacina-covaxin-1614298686257_v2_1920x1080.jpg\",\"expires\":\"2021-08-12 11:28:42 > 2021-08-12 11:28:43\"}'),
(572, 1628692123, 1, 'Updated', 'Media', 74, '{\"fileName\":\"violencia-contra-a-mulher-1556205241965_1920x1080.png > http:\\/\\/conteudo.imguol.com.br\\/9e\\/2019\\/04\\/25\\/violencia-contra-a-mulher-1556205241965_1920x1080.png\",\"expires\":\"2021-08-12 11:28:42 > 2021-08-12 11:28:43\"}'),
(573, 1628692123, 1, 'Updated', 'Media', 75, '{\"fileName\":\"16jun2021---trabalhadores-da-saude-atendem-a-pacientes-com-covid-19-na-unidade-de-terapia-intensiva-uti-do-hospital-ipiranga-na-zona-sul-da-capital-paulista-1624820627922_v2_1920x1080.jpg > http:\\/\\/conteudo.imguol.com.br\\/c\\/noticias\\/d5\\/2021\\/06\\/27\\/16jun2021---trabalhadores-da-saude-atendem-a-pacientes-com-covid-19-na-unidade-de-terapia-intensiva-uti-do-hospital-ipiranga-na-zona-sul-da-capital-paulista-1624820627922_v2_1920x1080.jpg\",\"expires\":\"2021-08-12 11:28:42 > 2021-08-12 11:28:43\"}'),
(574, 1628692123, 1, 'Updated', 'Media', 76, '{\"fileName\":\"equipe-de-saude-vacina-preso-contra-o-coronavirus-em-sao-paulo-1625484426223_v2_1920x1080.jpg > http:\\/\\/conteudo.imguol.com.br\\/5f\\/2021\\/07\\/05\\/equipe-de-saude-vacina-preso-contra-o-coronavirus-em-sao-paulo-1625484426223_v2_1920x1080.jpg\",\"expires\":\"2021-08-12 11:28:42 > 2021-08-12 11:28:43\"}'),
(575, 1628692123, 1, 'Updated', 'Media', 77, '{\"fileName\":\"inauguracao-da-estacao-mendes-vila-natal-da-linha-9-esmeralda-da-cptm-1628614929173_v2_1920x1080.jpg > http:\\/\\/conteudo.imguol.com.br\\/c\\/noticias\\/94\\/2021\\/08\\/10\\/inauguracao-da-estacao-mendes-vila-natal-da-linha-9-esmeralda-da-cptm-1628614929173_v2_1920x1080.jpg\",\"expires\":\"2021-08-12 11:28:42 > 2021-08-12 11:28:43\"}'),
(576, 1628692149, 1, 'Saved', 'Widget', 62, '{\"widgetOptions\":\"[\\n    {\\n        \\\"randomiseItems\\\": \\\"0 > 1\\\"\\n    },\\n    {\\n        \\\"css\\\": \\\".linkfoto > img { width:1920px;height:1080px;}\\\\n.logo1{display: block; margin: 15px auto 30px auto}\\\\n.cycle-overlay {color: white;background-color: rgba(0,0,0,0.6);position: absolute;bottom: 0;width: 20%;height:100%;padding: 15px;}\\\\n > .linkfoto > img { width:1920px;height:1080px;}\\\\r\\\\n.logo1{display: block; margin: 15px auto 30px auto}\\\\r\\\\n.cycle-overlay {color: white;background-color: rgba(0,0,0,0.6);position: absolute;bottom: 0;width: 20%;height:100%;padding: 15px;}\\\\r\\\\n\\\"\\n    },\\n    {\\n        \\\"noDataMessage\\\": \\\"<p><span style=\\\\\\\"font-size: 48px;\\\\\\\"><span style=\\\\\\\"color: #ffffff;\\\\\\\">No Data returned from the source<\\\\\\/span><\\\\\\/span><\\\\\\/p>\\\\n > <p><span style=\\\\\\\"font-size: 48px;\\\\\\\"><span style=\\\\\\\"color: #ffffff;\\\\\\\">No Data returned from the source<\\\\\\/span><\\\\\\/span><\\\\\\/p>\\\\r\\\\n\\\"\\n    },\\n    {\\n        \\\"template\\\": \\\"<div class=\\\\\\\"linkfoto\\\\\\\">[linkfoto|image]\\\\n<div class=\\\\\\\"cycle-overlay\\\\\\\">\\\\n<div class=\\\\\\\"logo1\\\\\\\"><img src=\\\\\\\"https:\\\\\\/\\\\\\/www.mgatv.com.br\\\\\\/uol\\\\\\/logo1.png\\\\\\\" \\\\\\/><\\\\\\/div>\\\\n\\\\n<p style=\\\\\\\"font-family: Arial, Verdana, sans-serif; font-size:65px; color:yellow;\\\\\\\">[Title]<\\\\\\/p>\\\\n\\\\n<p style=\\\\\\\"font-family: Arial, Verdana, sans-serif; font-size:50px; margin-top:40px;\\\\\\\">[Description]<\\\\\\/p>\\\\n<\\\\\\/div>\\\\n<\\\\\\/div>\\\\n > <div class=\\\\\\\"linkfoto\\\\\\\">[linkfoto|image]\\\\r\\\\n<div class=\\\\\\\"cycle-overlay\\\\\\\">\\\\r\\\\n<div class=\\\\\\\"logo1\\\\\\\"><img src=\\\\\\\"https:\\\\\\/\\\\\\/www.mgatv.com.br\\\\\\/uol\\\\\\/logo1.png\\\\\\\" \\\\\\/><\\\\\\/div>\\\\r\\\\n\\\\r\\\\n<p style=\\\\\\\"font-family: Arial, Verdana, sans-serif; font-size:65px; color:yellow;\\\\\\\">[Title]<\\\\\\/p>\\\\r\\\\n\\\\r\\\\n<p style=\\\\\\\"font-family: Arial, Verdana, sans-serif; font-size:50px; margin-top:40px;\\\\\\\">[Description]<\\\\\\/p>\\\\r\\\\n<\\\\\\/div>\\\\r\\\\n<\\\\\\/div>\\\\r\\\\n\\\"\\n    }\\n]\",\"campaignId\":[\"6\"],\"layoutId\":[\"25\"]}'),
(577, 1628692151, 1, 'Updated', 'Media', 58, '{\"fileName\":\"diu-anticoncepcional-1484215837754_1920x1080.jpg > http:\\/\\/conteudo.imguol.com.br\\/c\\/noticias\\/ce\\/2017\\/01\\/12\\/diu-anticoncepcional-1484215837754_1920x1080.jpg\",\"expires\":\"2021-08-12 11:28:43 > 2021-08-11 15:29:11\"}'),
(578, 1628692151, 1, 'Updated', 'Media', 68, '{\"fileName\":\"26abr2019---o-prefeito-de-sao-paulo-bruno-covas-faz-o-lancamento-do-policiamento-com-patinete-eletrico-que-sera-utilizado-pela-guarda-civil-metropolitana-gcm-com-secretarios-de-seguranca-urbana-jose-1556377579927_v2_1920x1080.jpg > http:\\/\\/conteudo.imguol.com.br\\/c\\/noticias\\/1b\\/2019\\/04\\/27\\/26abr2019---o-prefeito-de-sao-paulo-bruno-covas-faz-o-lancamento-do-policiamento-com-patinete-eletrico-que-sera-utilizado-pela-guarda-civil-metropolitana-gcm-com-secretarios-de-seguranca-urbana-jose-1556377579927_v2_1920x1080.jpg\",\"expires\":\"2021-08-12 11:28:43 > 2021-08-11 15:29:11\"}'),
(579, 1628692151, 1, 'Updated', 'Media', 76, '{\"fileName\":\"equipe-de-saude-vacina-preso-contra-o-coronavirus-em-sao-paulo-1625484426223_v2_1920x1080.jpg > http:\\/\\/conteudo.imguol.com.br\\/5f\\/2021\\/07\\/05\\/equipe-de-saude-vacina-preso-contra-o-coronavirus-em-sao-paulo-1625484426223_v2_1920x1080.jpg\",\"expires\":\"2021-08-12 11:28:43 > 2021-08-11 15:29:11\"}'),
(580, 1628692151, 1, 'Updated', 'Media', 75, '{\"fileName\":\"16jun2021---trabalhadores-da-saude-atendem-a-pacientes-com-covid-19-na-unidade-de-terapia-intensiva-uti-do-hospital-ipiranga-na-zona-sul-da-capital-paulista-1624820627922_v2_1920x1080.jpg > http:\\/\\/conteudo.imguol.com.br\\/c\\/noticias\\/d5\\/2021\\/06\\/27\\/16jun2021---trabalhadores-da-saude-atendem-a-pacientes-com-covid-19-na-unidade-de-terapia-intensiva-uti-do-hospital-ipiranga-na-zona-sul-da-capital-paulista-1624820627922_v2_1920x1080.jpg\",\"expires\":\"2021-08-12 11:28:43 > 2021-08-11 15:29:11\"}'),
(581, 1628692151, 1, 'Updated', 'Media', 74, '{\"fileName\":\"violencia-contra-a-mulher-1556205241965_1920x1080.png > http:\\/\\/conteudo.imguol.com.br\\/9e\\/2019\\/04\\/25\\/violencia-contra-a-mulher-1556205241965_1920x1080.png\",\"expires\":\"2021-08-12 11:28:43 > 2021-08-11 15:29:11\"}'),
(582, 1628692151, 1, 'Updated', 'Media', 73, '{\"fileName\":\"ministerio-da-saude-anuncia-acordo-para-comprar-20-milhoes-de-doses-da-vacina-covaxin-1614298686257_v2_1920x1080.jpg > http:\\/\\/conteudo.imguol.com.br\\/c\\/parceiros\\/a7\\/2021\\/02\\/25\\/ministerio-da-saude-anuncia-acordo-para-comprar-20-milhoes-de-doses-da-vacina-covaxin-1614298686257_v2_1920x1080.jpg\",\"expires\":\"2021-08-12 11:28:43 > 2021-08-11 15:29:11\"}'),
(583, 1628692151, 1, 'Updated', 'Media', 72, '{\"fileName\":\"28mai2014---caatinga---parque-nacional-da-serra-da-capivara-pi-1401309752992_1920x1080.jpg > http:\\/\\/conteudo.imguol.com.br\\/c\\/noticias\\/2014\\/05\\/28\\/28mai2014---caatinga---parque-nacional-da-serra-da-capivara-pi-1401309752992_1920x1080.jpg\",\"expires\":\"2021-08-12 11:28:43 > 2021-08-11 15:29:11\"}'),
(584, 1628692151, 1, 'Updated', 'Media', 71, '{\"fileName\":\"brasilia-df-brasil-12-08-2019-10h00-indias-de-varias-etnias-invadem-predio-onde-fica-a-secretaria-de-saude-indigena-em-brasilia-centenas-de-indigenas-que-participam-da-marcha-das-mulheres-indigenas-1611251964859_v2_1920x1080.jpg > http:\\/\\/conteudo.imguol.com.br\\/c\\/entretenimento\\/f6\\/2021\\/01\\/21\\/brasilia-df-brasil-12-08-2019-10h00-indias-de-varias-etnias-invadem-predio-onde-fica-a-secretaria-de-saude-indigena-em-brasilia-centenas-de-indigenas-que-participam-da-marcha-das-mulheres-indigenas-1611251964859_v2_1920x1080.jpg\",\"expires\":\"2021-08-12 11:28:43 > 2021-08-11 15:29:11\"}'),
(585, 1628692151, 1, 'Updated', 'Media', 70, '{\"fileName\":\"homem-preso-algemas-1573134775871_v2_1920x1080.jpg > http:\\/\\/conteudo.imguol.com.br\\/c\\/entretenimento\\/c5\\/2019\\/11\\/07\\/homem-preso-algemas-1573134775871_v2_1920x1080.jpg\",\"expires\":\"2021-08-12 11:28:43 > 2021-08-11 15:29:11\"}'),
(586, 1628692151, 1, 'Updated', 'Media', 69, '{\"fileName\":\"gilson-machado-da-silva-conhecido-como-gilson-motorista-foi-eleito-vereador-em-2020-1628629330141_v2_1920x1080.jpg > http:\\/\\/conteudo.imguol.com.br\\/c\\/noticias\\/44\\/2021\\/08\\/10\\/gilson-machado-da-silva-conhecido-como-gilson-motorista-foi-eleito-vereador-em-2020-1628629330141_v2_1920x1080.jpg\",\"expires\":\"2021-08-12 11:28:43 > 2021-08-11 15:29:11\"}'),
(587, 1628692151, 1, 'Updated', 'Media', 67, '{\"fileName\":\"um-dos-gatos-que-a-engenharia-jacy-alimenta-no-parque-da-aclimacao-em-sp-1566585707189_v2_1920x1080.jpg > http:\\/\\/conteudo.imguol.com.br\\/c\\/noticias\\/97\\/2019\\/08\\/23\\/um-dos-gatos-que-a-engenharia-jacy-alimenta-no-parque-da-aclimacao-em-sp-1566585707189_v2_1920x1080.jpg\",\"expires\":\"2021-08-12 11:28:43 > 2021-08-11 15:29:11\"}'),
(588, 1628692151, 1, 'Updated', 'Media', 59, '{\"fileName\":\"mulher-tomando-vacina-1627506186753_v2_1920x1080.jpg > http:\\/\\/conteudo.imguol.com.br\\/c\\/parceiros\\/fe\\/2021\\/07\\/28\\/mulher-tomando-vacina-1627506186753_v2_1920x1080.jpg\",\"expires\":\"2021-08-12 11:28:43 > 2021-08-11 15:29:11\"}'),
(589, 1628692151, 1, 'Updated', 'Media', 66, '{\"fileName\":\"23jul2021---profissional-de-saude-segura-seringa-e-vacina-contra-covid-19-em-imagem-ilustrativa-1627409460685_v2_1920x1080.jpg > http:\\/\\/conteudo.imguol.com.br\\/c\\/noticias\\/36\\/2021\\/07\\/27\\/23jul2021---profissional-de-saude-segura-seringa-e-vacina-contra-covid-19-em-imagem-ilustrativa-1627409460685_v2_1920x1080.jpg\",\"expires\":\"2021-08-12 11:28:43 > 2021-08-11 15:29:11\"}'),
(590, 1628692151, 1, 'Updated', 'Media', 65, '{\"fileName\":\"17dez2016---papai-noel-mergulhador-alimenta-sardinhas-no-aquario-coex-em-seul-na-coreia-do-sul-1481979669819_1920x1080.jpg > http:\\/\\/conteudo.imguol.com.br\\/c\\/noticias\\/97\\/2016\\/12\\/17\\/17dez2016---papai-noel-mergulhador-alimenta-sardinhas-no-aquario-coex-em-seul-na-coreia-do-sul-1481979669819_1920x1080.jpg\",\"expires\":\"2021-08-12 11:28:43 > 2021-08-11 15:29:11\"}'),
(591, 1628692151, 1, 'Updated', 'Media', 64, '{\"fileName\":\"o-ministro-da-educacao-milton-ribeiro-durante-anuncio-dos-resultados-do-ideb-e-do-saeb-2019-1600176366045_v2_1920x1080.jpg > http:\\/\\/conteudo.imguol.com.br\\/c\\/noticias\\/43\\/2020\\/09\\/15\\/o-ministro-da-educacao-milton-ribeiro-durante-anuncio-dos-resultados-do-ideb-e-do-saeb-2019-1600176366045_v2_1920x1080.jpg\",\"expires\":\"2021-08-12 11:28:43 > 2021-08-11 15:29:11\"}'),
(592, 1628692151, 1, 'Updated', 'Media', 63, '{\"fileName\":\"look-com-as-tonalidades-das-cores-de-2021-amarelo-e-cinza-look-mulher-roupa-estilo-1609961599767_v2_1920x1080.jpg > http:\\/\\/conteudo.imguol.com.br\\/c\\/entretenimento\\/f5\\/2021\\/01\\/06\\/look-com-as-tonalidades-das-cores-de-2021-amarelo-e-cinza-look-mulher-roupa-estilo-1609961599767_v2_1920x1080.jpg\",\"expires\":\"2021-08-12 11:28:43 > 2021-08-11 15:29:11\"}'),
(593, 1628692151, 1, 'Updated', 'Media', 62, '{\"fileName\":\"estatua-do-borba-gato-em-chamas-na-tarde-de-hoje-incendio-ja-foi-controlado-1627151123228_v2_1920x1080.jpg > http:\\/\\/conteudo.imguol.com.br\\/c\\/noticias\\/9c\\/2021\\/07\\/24\\/estatua-do-borba-gato-em-chamas-na-tarde-de-hoje-incendio-ja-foi-controlado-1627151123228_v2_1920x1080.jpg\",\"expires\":\"2021-08-12 11:28:43 > 2021-08-11 15:29:11\"}'),
(594, 1628692151, 1, 'Updated', 'Media', 61, '{\"fileName\":\"violencia-violencia-contra-a-mulher-feminicidio-1591987141282_v2_1920x1080.jpg > http:\\/\\/conteudo.imguol.com.br\\/c\\/entretenimento\\/da\\/2020\\/06\\/12\\/violencia-violencia-contra-a-mulher-feminicidio-1591987141282_v2_1920x1080.jpg\",\"expires\":\"2021-08-12 11:28:43 > 2021-08-11 15:29:11\"}'),
(595, 1628692151, 1, 'Updated', 'Media', 60, '{\"fileName\":\"imagem-ilustrativa-do-coronavirus-em-frente-aos-dizeres-fake-news-1590717268518_v2_1920x1080.jpg > http:\\/\\/conteudo.imguol.com.br\\/c\\/noticias\\/a0\\/2020\\/05\\/28\\/imagem-ilustrativa-do-coronavirus-em-frente-aos-dizeres-fake-news-1590717268518_v2_1920x1080.jpg\",\"expires\":\"2021-08-12 11:28:43 > 2021-08-11 15:29:11\"}'),
(596, 1628692151, 1, 'Updated', 'Media', 77, '{\"fileName\":\"inauguracao-da-estacao-mendes-vila-natal-da-linha-9-esmeralda-da-cptm-1628614929173_v2_1920x1080.jpg > http:\\/\\/conteudo.imguol.com.br\\/c\\/noticias\\/94\\/2021\\/08\\/10\\/inauguracao-da-estacao-mendes-vila-natal-da-linha-9-esmeralda-da-cptm-1628614929173_v2_1920x1080.jpg\",\"expires\":\"2021-08-12 11:28:43 > 2021-08-11 15:29:11\"}'),
(597, 1628692158, 1, 'Saved', 'Widget', 62, '{\"duration\":\"5 > 15\",\"useDuration\":\"0 > 1\",\"calculatedDuration\":\"5 > 15\",\"campaignId\":[\"6\"],\"layoutId\":[\"25\"]}'),
(598, 1628692159, 1, 'Updated', 'Media', 58, '{\"fileName\":\"diu-anticoncepcional-1484215837754_1920x1080.jpg > http:\\/\\/conteudo.imguol.com.br\\/c\\/noticias\\/ce\\/2017\\/01\\/12\\/diu-anticoncepcional-1484215837754_1920x1080.jpg\",\"expires\":\"2021-08-11 15:29:11 > 2021-08-11 15:29:19\"}'),
(599, 1628692159, 1, 'Updated', 'Media', 68, '{\"fileName\":\"26abr2019---o-prefeito-de-sao-paulo-bruno-covas-faz-o-lancamento-do-policiamento-com-patinete-eletrico-que-sera-utilizado-pela-guarda-civil-metropolitana-gcm-com-secretarios-de-seguranca-urbana-jose-1556377579927_v2_1920x1080.jpg > http:\\/\\/conteudo.imguol.com.br\\/c\\/noticias\\/1b\\/2019\\/04\\/27\\/26abr2019---o-prefeito-de-sao-paulo-bruno-covas-faz-o-lancamento-do-policiamento-com-patinete-eletrico-que-sera-utilizado-pela-guarda-civil-metropolitana-gcm-com-secretarios-de-seguranca-urbana-jose-1556377579927_v2_1920x1080.jpg\",\"expires\":\"2021-08-11 15:29:11 > 2021-08-11 15:29:19\"}'),
(600, 1628692159, 1, 'Updated', 'Media', 76, '{\"fileName\":\"equipe-de-saude-vacina-preso-contra-o-coronavirus-em-sao-paulo-1625484426223_v2_1920x1080.jpg > http:\\/\\/conteudo.imguol.com.br\\/5f\\/2021\\/07\\/05\\/equipe-de-saude-vacina-preso-contra-o-coronavirus-em-sao-paulo-1625484426223_v2_1920x1080.jpg\",\"expires\":\"2021-08-11 15:29:11 > 2021-08-11 15:29:19\"}'),
(601, 1628692159, 1, 'Updated', 'Media', 75, '{\"fileName\":\"16jun2021---trabalhadores-da-saude-atendem-a-pacientes-com-covid-19-na-unidade-de-terapia-intensiva-uti-do-hospital-ipiranga-na-zona-sul-da-capital-paulista-1624820627922_v2_1920x1080.jpg > http:\\/\\/conteudo.imguol.com.br\\/c\\/noticias\\/d5\\/2021\\/06\\/27\\/16jun2021---trabalhadores-da-saude-atendem-a-pacientes-com-covid-19-na-unidade-de-terapia-intensiva-uti-do-hospital-ipiranga-na-zona-sul-da-capital-paulista-1624820627922_v2_1920x1080.jpg\",\"expires\":\"2021-08-11 15:29:11 > 2021-08-11 15:29:19\"}'),
(602, 1628692159, 1, 'Updated', 'Media', 74, '{\"fileName\":\"violencia-contra-a-mulher-1556205241965_1920x1080.png > http:\\/\\/conteudo.imguol.com.br\\/9e\\/2019\\/04\\/25\\/violencia-contra-a-mulher-1556205241965_1920x1080.png\",\"expires\":\"2021-08-11 15:29:11 > 2021-08-11 15:29:19\"}'),
(603, 1628692159, 1, 'Updated', 'Media', 73, '{\"fileName\":\"ministerio-da-saude-anuncia-acordo-para-comprar-20-milhoes-de-doses-da-vacina-covaxin-1614298686257_v2_1920x1080.jpg > http:\\/\\/conteudo.imguol.com.br\\/c\\/parceiros\\/a7\\/2021\\/02\\/25\\/ministerio-da-saude-anuncia-acordo-para-comprar-20-milhoes-de-doses-da-vacina-covaxin-1614298686257_v2_1920x1080.jpg\",\"expires\":\"2021-08-11 15:29:11 > 2021-08-11 15:29:19\"}'),
(604, 1628692159, 1, 'Updated', 'Media', 72, '{\"fileName\":\"28mai2014---caatinga---parque-nacional-da-serra-da-capivara-pi-1401309752992_1920x1080.jpg > http:\\/\\/conteudo.imguol.com.br\\/c\\/noticias\\/2014\\/05\\/28\\/28mai2014---caatinga---parque-nacional-da-serra-da-capivara-pi-1401309752992_1920x1080.jpg\",\"expires\":\"2021-08-11 15:29:11 > 2021-08-11 15:29:19\"}'),
(605, 1628692159, 1, 'Updated', 'Media', 71, '{\"fileName\":\"brasilia-df-brasil-12-08-2019-10h00-indias-de-varias-etnias-invadem-predio-onde-fica-a-secretaria-de-saude-indigena-em-brasilia-centenas-de-indigenas-que-participam-da-marcha-das-mulheres-indigenas-1611251964859_v2_1920x1080.jpg > http:\\/\\/conteudo.imguol.com.br\\/c\\/entretenimento\\/f6\\/2021\\/01\\/21\\/brasilia-df-brasil-12-08-2019-10h00-indias-de-varias-etnias-invadem-predio-onde-fica-a-secretaria-de-saude-indigena-em-brasilia-centenas-de-indigenas-que-participam-da-marcha-das-mulheres-indigenas-1611251964859_v2_1920x1080.jpg\",\"expires\":\"2021-08-11 15:29:11 > 2021-08-11 15:29:19\"}'),
(606, 1628692159, 1, 'Updated', 'Media', 70, '{\"fileName\":\"homem-preso-algemas-1573134775871_v2_1920x1080.jpg > http:\\/\\/conteudo.imguol.com.br\\/c\\/entretenimento\\/c5\\/2019\\/11\\/07\\/homem-preso-algemas-1573134775871_v2_1920x1080.jpg\",\"expires\":\"2021-08-11 15:29:11 > 2021-08-11 15:29:19\"}'),
(607, 1628692159, 1, 'Updated', 'Media', 69, '{\"fileName\":\"gilson-machado-da-silva-conhecido-como-gilson-motorista-foi-eleito-vereador-em-2020-1628629330141_v2_1920x1080.jpg > http:\\/\\/conteudo.imguol.com.br\\/c\\/noticias\\/44\\/2021\\/08\\/10\\/gilson-machado-da-silva-conhecido-como-gilson-motorista-foi-eleito-vereador-em-2020-1628629330141_v2_1920x1080.jpg\",\"expires\":\"2021-08-11 15:29:11 > 2021-08-11 15:29:19\"}'),
(608, 1628692159, 1, 'Updated', 'Media', 67, '{\"fileName\":\"um-dos-gatos-que-a-engenharia-jacy-alimenta-no-parque-da-aclimacao-em-sp-1566585707189_v2_1920x1080.jpg > http:\\/\\/conteudo.imguol.com.br\\/c\\/noticias\\/97\\/2019\\/08\\/23\\/um-dos-gatos-que-a-engenharia-jacy-alimenta-no-parque-da-aclimacao-em-sp-1566585707189_v2_1920x1080.jpg\",\"expires\":\"2021-08-11 15:29:11 > 2021-08-11 15:29:19\"}'),
(609, 1628692159, 1, 'Updated', 'Media', 59, '{\"fileName\":\"mulher-tomando-vacina-1627506186753_v2_1920x1080.jpg > http:\\/\\/conteudo.imguol.com.br\\/c\\/parceiros\\/fe\\/2021\\/07\\/28\\/mulher-tomando-vacina-1627506186753_v2_1920x1080.jpg\",\"expires\":\"2021-08-11 15:29:11 > 2021-08-11 15:29:19\"}'),
(610, 1628692159, 1, 'Updated', 'Media', 66, '{\"fileName\":\"23jul2021---profissional-de-saude-segura-seringa-e-vacina-contra-covid-19-em-imagem-ilustrativa-1627409460685_v2_1920x1080.jpg > http:\\/\\/conteudo.imguol.com.br\\/c\\/noticias\\/36\\/2021\\/07\\/27\\/23jul2021---profissional-de-saude-segura-seringa-e-vacina-contra-covid-19-em-imagem-ilustrativa-1627409460685_v2_1920x1080.jpg\",\"expires\":\"2021-08-11 15:29:11 > 2021-08-11 15:29:19\"}'),
(611, 1628692159, 1, 'Updated', 'Media', 65, '{\"fileName\":\"17dez2016---papai-noel-mergulhador-alimenta-sardinhas-no-aquario-coex-em-seul-na-coreia-do-sul-1481979669819_1920x1080.jpg > http:\\/\\/conteudo.imguol.com.br\\/c\\/noticias\\/97\\/2016\\/12\\/17\\/17dez2016---papai-noel-mergulhador-alimenta-sardinhas-no-aquario-coex-em-seul-na-coreia-do-sul-1481979669819_1920x1080.jpg\",\"expires\":\"2021-08-11 15:29:11 > 2021-08-11 15:29:19\"}'),
(612, 1628692159, 1, 'Updated', 'Media', 64, '{\"fileName\":\"o-ministro-da-educacao-milton-ribeiro-durante-anuncio-dos-resultados-do-ideb-e-do-saeb-2019-1600176366045_v2_1920x1080.jpg > http:\\/\\/conteudo.imguol.com.br\\/c\\/noticias\\/43\\/2020\\/09\\/15\\/o-ministro-da-educacao-milton-ribeiro-durante-anuncio-dos-resultados-do-ideb-e-do-saeb-2019-1600176366045_v2_1920x1080.jpg\",\"expires\":\"2021-08-11 15:29:11 > 2021-08-11 15:29:19\"}'),
(613, 1628692159, 1, 'Updated', 'Media', 63, '{\"fileName\":\"look-com-as-tonalidades-das-cores-de-2021-amarelo-e-cinza-look-mulher-roupa-estilo-1609961599767_v2_1920x1080.jpg > http:\\/\\/conteudo.imguol.com.br\\/c\\/entretenimento\\/f5\\/2021\\/01\\/06\\/look-com-as-tonalidades-das-cores-de-2021-amarelo-e-cinza-look-mulher-roupa-estilo-1609961599767_v2_1920x1080.jpg\",\"expires\":\"2021-08-11 15:29:11 > 2021-08-11 15:29:19\"}'),
(614, 1628692159, 1, 'Updated', 'Media', 62, '{\"fileName\":\"estatua-do-borba-gato-em-chamas-na-tarde-de-hoje-incendio-ja-foi-controlado-1627151123228_v2_1920x1080.jpg > http:\\/\\/conteudo.imguol.com.br\\/c\\/noticias\\/9c\\/2021\\/07\\/24\\/estatua-do-borba-gato-em-chamas-na-tarde-de-hoje-incendio-ja-foi-controlado-1627151123228_v2_1920x1080.jpg\",\"expires\":\"2021-08-11 15:29:11 > 2021-08-11 15:29:19\"}'),
(615, 1628692159, 1, 'Updated', 'Media', 61, '{\"fileName\":\"violencia-violencia-contra-a-mulher-feminicidio-1591987141282_v2_1920x1080.jpg > http:\\/\\/conteudo.imguol.com.br\\/c\\/entretenimento\\/da\\/2020\\/06\\/12\\/violencia-violencia-contra-a-mulher-feminicidio-1591987141282_v2_1920x1080.jpg\",\"expires\":\"2021-08-11 15:29:11 > 2021-08-11 15:29:19\"}'),
(616, 1628692159, 1, 'Saved', 'Playlist', 41, '{\"campaignId\":[\"6\"],\"layoutId\":[\"25\"]}'),
(617, 1628692159, 1, 'Updated', 'Media', 60, '{\"fileName\":\"imagem-ilustrativa-do-coronavirus-em-frente-aos-dizeres-fake-news-1590717268518_v2_1920x1080.jpg > http:\\/\\/conteudo.imguol.com.br\\/c\\/noticias\\/a0\\/2020\\/05\\/28\\/imagem-ilustrativa-do-coronavirus-em-frente-aos-dizeres-fake-news-1590717268518_v2_1920x1080.jpg\",\"expires\":\"2021-08-11 15:29:11 > 2021-08-11 15:29:19\"}'),
(618, 1628692159, 1, 'Updated', 'Media', 77, '{\"fileName\":\"inauguracao-da-estacao-mendes-vila-natal-da-linha-9-esmeralda-da-cptm-1628614929173_v2_1920x1080.jpg > http:\\/\\/conteudo.imguol.com.br\\/c\\/noticias\\/94\\/2021\\/08\\/10\\/inauguracao-da-estacao-mendes-vila-natal-da-linha-9-esmeralda-da-cptm-1628614929173_v2_1920x1080.jpg\",\"expires\":\"2021-08-11 15:29:11 > 2021-08-11 15:29:19\"}'),
(619, 1628692227, 1, 'Added', 'Layout', 26, '{\"layoutId\":26,\"layout\":\"Loterias - Dia de Sorte API\",\"campaignId\":17}'),
(620, 1628692227, 1, 'Added', 'Widget', 63, '{\"widgetId\":63,\"type\":\"ticker\",\"layoutId\":\"26\",\"campaignId\":\"17\"}'),
(621, 1628692227, 1, 'Saved', 'Playlist', 42, '{\"campaignId\":[\"17\"],\"layoutId\":[\"26\"]}'),
(622, 1628692227, 1, 'Added', 'Region', 40, '{\"regionId\":40,\"campaignId\":\"17\",\"details\":\"Region 1 - 1920 x 1080 (0, 0). RegionId = 40, LayoutId = 26. OwnerId = 1. Duration = 0\"}'),
(623, 1628692260, 1, 'Added', 'Layout', 27, '{\"layoutId\":27,\"layout\":\"Loterias - DuplaSena API\",\"campaignId\":18}'),
(624, 1628692260, 1, 'Added', 'Widget', 64, '{\"widgetId\":64,\"type\":\"ticker\",\"layoutId\":\"27\",\"campaignId\":\"18\"}'),
(625, 1628692260, 1, 'Saved', 'Playlist', 43, '{\"campaignId\":[\"18\"],\"layoutId\":[\"27\"]}'),
(626, 1628692260, 1, 'Added', 'Region', 41, '{\"regionId\":41,\"campaignId\":\"18\",\"details\":\"Region 1 - 1920 x 1080 (0, 0). RegionId = 41, LayoutId = 27. OwnerId = 1. Duration = 0\"}'),
(627, 1628692260, 1, 'Added', 'Layout', 28, '{\"layoutId\":28,\"layout\":\"Loterias - MegaSena API\",\"campaignId\":19}'),
(628, 1628692260, 1, 'Added', 'Widget', 65, '{\"widgetId\":65,\"type\":\"ticker\",\"layoutId\":\"28\",\"campaignId\":\"19\"}'),
(629, 1628692260, 1, 'Saved', 'Playlist', 44, '{\"campaignId\":[\"19\"],\"layoutId\":[\"28\"]}'),
(630, 1628692260, 1, 'Added', 'Region', 42, '{\"regionId\":42,\"campaignId\":\"19\",\"details\":\"Region 1 - 1920 x 1080 (0, 0). RegionId = 42, LayoutId = 28. OwnerId = 1. Duration = 0\"}'),
(631, 1628692260, 1, 'Added', 'Layout', 29, '{\"layoutId\":29,\"layout\":\"Loterias - Lotof\\u00e1cil API\",\"campaignId\":20}'),
(632, 1628692260, 1, 'Added', 'Widget', 66, '{\"widgetId\":66,\"type\":\"ticker\",\"layoutId\":\"29\",\"campaignId\":\"20\"}'),
(633, 1628692260, 1, 'Saved', 'Playlist', 45, '{\"campaignId\":[\"20\"],\"layoutId\":[\"29\"]}'),
(634, 1628692260, 1, 'Added', 'Region', 43, '{\"regionId\":43,\"campaignId\":\"20\",\"details\":\"Region 1 - 1920 x 1080 (0, 0). RegionId = 43, LayoutId = 29. OwnerId = 1. Duration = 0\"}'),
(635, 1628692260, 1, 'Added', 'Layout', 30, '{\"layoutId\":30,\"layout\":\"Loterias - TimeMania API\",\"campaignId\":21}'),
(636, 1628692260, 1, 'Added', 'Widget', 67, '{\"widgetId\":67,\"type\":\"ticker\",\"layoutId\":\"30\",\"campaignId\":\"21\"}'),
(637, 1628692260, 1, 'Saved', 'Playlist', 46, '{\"campaignId\":[\"21\"],\"layoutId\":[\"30\"]}'),
(638, 1628692260, 1, 'Added', 'Region', 44, '{\"regionId\":44,\"campaignId\":\"21\",\"details\":\"Region 1 - 1920 x 1080 (0, 0). RegionId = 44, LayoutId = 30. OwnerId = 1. Duration = 0\"}'),
(639, 1628692260, 1, 'Added', 'Layout', 31, '{\"layoutId\":31,\"layout\":\"Loterias - Quina API\",\"campaignId\":22}'),
(640, 1628692260, 1, 'Added', 'Widget', 68, '{\"widgetId\":68,\"type\":\"ticker\",\"layoutId\":\"31\",\"campaignId\":\"22\"}'),
(641, 1628692260, 1, 'Saved', 'Playlist', 47, '{\"campaignId\":[\"22\"],\"layoutId\":[\"31\"]}'),
(642, 1628692260, 1, 'Added', 'Region', 45, '{\"regionId\":45,\"campaignId\":\"22\",\"details\":\"Region 1 - 1920 x 1080 (0, 0). RegionId = 45, LayoutId = 31. OwnerId = 1. Duration = 0\"}'),
(643, 1628692260, 1, 'Added', 'Layout', 32, '{\"layoutId\":32,\"layout\":\"Loterias - Lotomania API\",\"campaignId\":23}'),
(644, 1628692260, 1, 'Added', 'Widget', 69, '{\"widgetId\":69,\"type\":\"ticker\",\"layoutId\":\"32\",\"campaignId\":\"23\"}'),
(645, 1628692260, 1, 'Saved', 'Playlist', 48, '{\"campaignId\":[\"23\"],\"layoutId\":[\"32\"]}'),
(646, 1628692260, 1, 'Added', 'Region', 46, '{\"regionId\":46,\"campaignId\":\"23\",\"details\":\"Region 1 - 1920 x 1080 (0, 0). RegionId = 46, LayoutId = 32. OwnerId = 1. Duration = 0\"}'),
(647, 1628692271, 1, 'Saved', 'Playlist', 44, '{\"campaignId\":[\"19\"],\"layoutId\":[\"28\"]}'),
(648, 1628692273, 1, 'Added', 'Media', 78, '{\"mediaId\":78,\"name\":\"ticker_3da6d95049cd95594930b149354cdd62\",\"mediaType\":\"module\",\"fileName\":\"http:\\/\\/www.mgaplay.com.br\\/loterias\\/img\\/MegaSena.jpg\",\"folderId\":null}'),
(649, 1628692275, 1, 'Checked out', 'Layout', 33, '{\"layoutId\":28,\"layout\":\"Loterias - MegaSena API\",\"campaignId\":19}'),
(650, 1628692275, 1, 'Added', 'Widget', 70, '{\"widgetId\":70,\"type\":\"ticker\",\"layoutId\":\"33\",\"campaignId\":\"19\"}'),
(651, 1628692275, 1, 'Saved', 'Playlist', 49, '{\"playlistId\":\"44 > 49\",\"regionId\":\"42 > 47\",\"campaignId\":[\"19\"],\"layoutId\":[\"33\"]}'),
(652, 1628692275, 1, 'Added', 'Region', 47, '{\"regionId\":47,\"campaignId\":\"19\",\"details\":\"Region 1 - 1920 x 1080 (0, 0). RegionId = 47, LayoutId = 33. OwnerId = 1. Duration = 5\"}'),
(653, 1628692275, 1, 'Updated', 'Layout', 28, '{\"publishedStatusId\":\"1 > 2\",\"publishedStatus\":\"Published > Draft\",\"campaignId\":[19]}'),
(654, 1628692277, 1, 'Saved', 'Playlist', 49, '{\"campaignId\":[\"19\"],\"layoutId\":[\"33\"]}'),
(655, 1628692277, 1, 'Updated', 'Media', 78, '{\"fileName\":\"MegaSena.jpg > http:\\/\\/www.mgaplay.com.br\\/loterias\\/img\\/MegaSena.jpg\",\"expires\":\"2021-08-12 11:31:13 > 2021-08-12 11:31:17\"}'),
(656, 1628692351, 1, 'Saved', 'Widget', 70, '{\"duration\":\"5 > 15\",\"useDuration\":\"0 > 1\",\"calculatedDuration\":\"5 > 15\",\"widgetOptions\":\"[\\n    {\\n        \\\"css\\\": \\\".linkfoto > img { width:1920px; height:1080px;}\\\\n.conteudo {position: absolute;top: 0;}\\\\n.linha1 {\\\\nfont-size:  43px;\\\\ncolor: #ffffff;\\\\n text-align: center;\\\\nmargin-top:180px;\\\\nfont-family: \'Open Sans\', light300;\\\\nfont-weight:300;\\\\nfloat: left;\\\\nwidth: 1920px;\\\\n}\\\\n#sorteiorealizado {\\\\nwidth: 1920px;\\\\nfont-size:  43px;\\\\ncolor: #ffffff;\\\\ntext-align: center;\\\\nfont-family: \'Open Sans\', light300;\\\\nfont-weight:300;\\\\nfloat: left;\\\\n}\\\\n#sorteiovalor {\\\\nfont-size:  92px;\\\\ncolor: #ffffff;\\\\ntext-align: center;\\\\nfont-family: \'Open Sans\', light300;\\\\nfont-weight:300;\\\\nfloat: left;\\\\nwidth: 1920px;\\\\n}\\\\n#numeracao {\\\\nfloat: left;\\\\nwidth: 1920px;\\\\nheight:350px;\\\\npadding:2% 12% 2% 12%;\\\\nline-height:300%;\\\\nbox-sizing: border-box;\\\\n}\\\\n#numeracao ul{\\\\nmargin-left: px, auto; \\\\npadding: 0;\\\\n}\\\\n#numeracao li{\\\\ntext-align:center;\\\\ndisplay: inline-block;\\\\nfont-size:  90px;\\\\ncolor: #1d723c;\\\\nfont-family: \'Open Sans\', light300;\\\\nbackground: #ffffff;\\\\nborder-radius: 100px;\\\\nfont-weight: 700;\\\\nwidth: 180px;\\\\nheight: 180px; \\\\nmargin-left:2%;\\\\npadding-top: 1.5%;\\\\nbox-sizing: border-box;\\\\n}\\\\n#tabela {\\\\npadding: 0% 15% 0% 16%;\\\\nfont-family: \'Open Sans\', light300;\\\\nwidth: 1920px\\\\nheight: 20px;\\\\nfont-size: 48px;\\\\nbackground-color: #ff0012;\\\\nfont-weight:300;\\\\n}\\\\n#colunadireita{\\\\npadding: 0,8% 1% 0,8% 1%;\\\\nfont-family: \'Open Sans\', light300;\\\\nbackground-color: rgba(0,46,30,0.5);\\\\nwidth:400px;\\\\nfloat: left;\\\\ntext-align:center;\\\\nmargin:5px;\\\\ncolor: #ffffff;\\\\nfont-weight:300;\\\\n}\\\\n#colunaesquerda {\\\\npadding: 0,8% 1% 0,8% 1%;\\\\nfont-family: \'Open Sans\', light300;\\\\nbackground-color: rgba(0,46,30,0.5);\\\\nwidth:900px;\\\\nfloat: left;\\\\nmargin:5px;\\\\ncolor: #ffffff;\\\\nfont-weight:300;\\\\n} > .linkfoto > img { width:1920px; height:1080px;}\\\\r\\\\n.conteudo {position: absolute;top: 0;}\\\\r\\\\n.linha1 {\\\\r\\\\nfont-size:  43px;\\\\r\\\\ncolor: #ffffff;\\\\r\\\\n text-align: center;\\\\r\\\\nmargin-top:180px;\\\\r\\\\nfont-family: \'Open Sans\', light300;\\\\r\\\\nfont-weight:300;\\\\r\\\\nfloat: left;\\\\r\\\\nwidth: 1920px;\\\\r\\\\n}\\\\r\\\\n#sorteiorealizado {\\\\r\\\\nwidth: 1920px;\\\\r\\\\nfont-size:  43px;\\\\r\\\\ncolor: #ffffff;\\\\r\\\\ntext-align: center;\\\\r\\\\nfont-family: \'Open Sans\', light300;\\\\r\\\\nfont-weight:300;\\\\r\\\\nfloat: left;\\\\r\\\\n}\\\\r\\\\n#sorteiovalor {\\\\r\\\\nfont-size:  92px;\\\\r\\\\ncolor: #ffffff;\\\\r\\\\ntext-align: center;\\\\r\\\\nfont-family: \'Open Sans\', light300;\\\\r\\\\nfont-weight:300;\\\\r\\\\nfloat: left;\\\\r\\\\nwidth: 1920px;\\\\r\\\\n}\\\\r\\\\n#numeracao {\\\\r\\\\nfloat: left;\\\\r\\\\nwidth: 1920px;\\\\r\\\\nheight:350px;\\\\r\\\\npadding:2% 12% 2% 12%;\\\\r\\\\nline-height:300%;\\\\r\\\\nbox-sizing: border-box;\\\\r\\\\n}\\\\r\\\\n#numeracao ul{\\\\r\\\\nmargin-left: px, auto; \\\\r\\\\npadding: 0;\\\\r\\\\n}\\\\r\\\\n#numeracao li{\\\\r\\\\ntext-align:center;\\\\r\\\\ndisplay: inline-block;\\\\r\\\\nfont-size:  90px;\\\\r\\\\ncolor: #1d723c;\\\\r\\\\nfont-family: \'Open Sans\', light300;\\\\r\\\\nbackground: #ffffff;\\\\r\\\\nborder-radius: 100px;\\\\r\\\\nfont-weight: 700;\\\\r\\\\nwidth: 180px;\\\\r\\\\nheight: 180px; \\\\r\\\\nmargin-left:2%;\\\\r\\\\npadding-top: 1.5%;\\\\r\\\\nbox-sizing: border-box;\\\\r\\\\n}\\\\r\\\\n#tabela {\\\\r\\\\npadding: 0% 15% 0% 16%;\\\\r\\\\nfont-family: \'Open Sans\', light300;\\\\r\\\\nwidth: 1920px\\\\r\\\\nheight: 20px;\\\\r\\\\nfont-size: 48px;\\\\r\\\\nbackground-color: #ff0012;\\\\r\\\\nfont-weight:300;\\\\r\\\\n}\\\\r\\\\n#colunadireita{\\\\r\\\\npadding: 0,8% 1% 0,8% 1%;\\\\r\\\\nfont-family: \'Open Sans\', light300;\\\\r\\\\nbackground-color: rgba(0,46,30,0.5);\\\\r\\\\nwidth:400px;\\\\r\\\\nfloat: left;\\\\r\\\\ntext-align:center;\\\\r\\\\nmargin:5px;\\\\r\\\\ncolor: #ffffff;\\\\r\\\\nfont-weight:300;\\\\r\\\\n}\\\\r\\\\n#colunaesquerda {\\\\r\\\\npadding: 0,8% 1% 0,8% 1%;\\\\r\\\\nfont-family: \'Open Sans\', light300;\\\\r\\\\nbackground-color: rgba(0,46,30,0.5);\\\\r\\\\nwidth:900px;\\\\r\\\\nfloat: left;\\\\r\\\\nmargin:5px;\\\\r\\\\ncolor: #ffffff;\\\\r\\\\nfont-weight:300;\\\\r\\\\n}\\\"\\n    },\\n    {\\n        \\\"noDataMessage\\\": \\\"<p><span style=\\\\\\\"font-size: 48px;\\\\\\\"><span style=\\\\\\\"color: #ffffff;\\\\\\\">No Data returned from the source<\\\\\\/span><\\\\\\/span><\\\\\\/p>\\\\n > <p><span style=\\\\\\\"font-size: 48px;\\\\\\\"><span style=\\\\\\\"color: #ffffff;\\\\\\\">No Data returned from the source<\\\\\\/span><\\\\\\/span><\\\\\\/p>\\\\r\\\\n\\\"\\n    },\\n    {\\n        \\\"template\\\": \\\"<link href=\\\\\\\"https:\\\\\\/\\\\\\/fonts.googleapis.com\\\\\\/css?family=Open+Sans:300,400,800,600,700\\\\\\\" rel=\\\\\\\"stylesheet\\\\\\\" \\\\\\/>\\\\n<div class=\\\\\\\"linkfoto\\\\\\\">[linkfoto|image]\\\\n<div class=\\\\\\\"conteudo\\\\\\\">\\\\n<p class=\\\\\\\"linha1\\\\\\\">[Cidade|] | Data: <strong> [Data|] <\\\\\\/strong> | Concurso: <strong>[Concurso|]<\\\\\\/strong><\\\\\\/p>\\\\n\\\\n<div id=\\\\\\\"sorteiorealizado\\\\\\\">&nbsp;\\\\n<div>\\\\n<div id=\\\\\\\"numeracao\\\\\\\">\\\\n<ul>\\\\n\\\\t<li>[Dezena1_1|]<\\\\\\/li>\\\\n\\\\t<li>[Dezena1_2|]<\\\\\\/li>\\\\n\\\\t<li>[Dezena1_3|]<\\\\\\/li>\\\\n\\\\t<li>[Dezena1_4|]<\\\\\\/li>\\\\n\\\\t<li>[Dezena1_5|]<\\\\\\/li>\\\\n\\\\t<li>[Dezena1_6|]<\\\\\\/li>\\\\n<\\\\\\/ul>\\\\n<\\\\\\/div>\\\\n\\\\n<div id=\\\\\\\"tabela\\\\\\\" style=\\\\\\\"font-family: \'Open Sans\', light300;\\\\\\\">\\\\n<div id=\\\\\\\"colunaesquerda\\\\\\\">Pr&oacute;xima data:<\\\\\\/div>\\\\n\\\\n<div id=\\\\\\\"colunadireita\\\\\\\">[ProximoData|]<\\\\\\/div>\\\\n\\\\n<div id=\\\\\\\"colunaesquerda\\\\\\\">Pr&oacute;ximo estimativa pr&ecirc;mio:<\\\\\\/div>\\\\n\\\\n<div id=\\\\\\\"colunadireita\\\\\\\">[ProximoEstimativaPremio|]<\\\\\\/div>\\\\n\\\\n<div id=\\\\\\\"colunaesquerda\\\\\\\">Pr&oacute;ximo valor acumulado:<\\\\\\/div>\\\\n\\\\n<div id=\\\\\\\"colunadireita\\\\\\\">[ProximoValorAcumulador|]<\\\\\\/div>\\\\n<\\\\\\/div>\\\\n<\\\\\\/div>\\\\n<\\\\\\/div>\\\\n<\\\\\\/div>\\\\n<\\\\\\/div>\\\\n > <link href=\\\\\\\"https:\\\\\\/\\\\\\/fonts.googleapis.com\\\\\\/css?family=Open+Sans:300,400,800,600,700\\\\\\\" rel=\\\\\\\"stylesheet\\\\\\\" \\\\\\/>\\\\r\\\\n<div class=\\\\\\\"linkfoto\\\\\\\">[linkfoto|image]\\\\r\\\\n<div class=\\\\\\\"conteudo\\\\\\\">\\\\r\\\\n<p class=\\\\\\\"linha1\\\\\\\">[Cidade|] | Data: <strong> [Data|] <\\\\\\/strong> | Concurso: <strong>[Concurso|]<\\\\\\/strong><\\\\\\/p>\\\\r\\\\n\\\\r\\\\n<div id=\\\\\\\"sorteiorealizado\\\\\\\">&nbsp;\\\\r\\\\n<div>\\\\r\\\\n<div id=\\\\\\\"numeracao\\\\\\\">\\\\r\\\\n<ul>\\\\r\\\\n\\\\t<li>[Dezena1_1|]<\\\\\\/li>\\\\r\\\\n\\\\t<li>[Dezena1_2|]<\\\\\\/li>\\\\r\\\\n\\\\t<li>[Dezena1_3|]<\\\\\\/li>\\\\r\\\\n\\\\t<li>[Dezena1_4|]<\\\\\\/li>\\\\r\\\\n\\\\t<li>[Dezena1_5|]<\\\\\\/li>\\\\r\\\\n\\\\t<li>[Dezena1_6|]<\\\\\\/li>\\\\r\\\\n<\\\\\\/ul>\\\\r\\\\n<\\\\\\/div>\\\\r\\\\n\\\\r\\\\n<div id=\\\\\\\"tabela\\\\\\\" style=\\\\\\\"font-family: \'Open Sans\', light300;\\\\\\\">\\\\r\\\\n<div id=\\\\\\\"colunaesquerda\\\\\\\">Pr&oacute;xima data:<\\\\\\/div>\\\\r\\\\n\\\\r\\\\n<div id=\\\\\\\"colunadireita\\\\\\\">[ProximoData|]<\\\\\\/div>\\\\r\\\\n\\\\r\\\\n<div id=\\\\\\\"colunaesquerda\\\\\\\">Pr&oacute;ximo estimativa pr&ecirc;mio:<\\\\\\/div>\\\\r\\\\n\\\\r\\\\n<div id=\\\\\\\"colunadireita\\\\\\\">[ProximoEstimativaPremio|]<\\\\\\/div>\\\\r\\\\n\\\\r\\\\n<div id=\\\\\\\"colunaesquerda\\\\\\\">Pr&oacute;ximo valor acumulado:<\\\\\\/div>\\\\r\\\\n\\\\r\\\\n<div id=\\\\\\\"colunadireita\\\\\\\">[ProximoValorAcumulador|]<\\\\\\/div>\\\\r\\\\n<\\\\\\/div>\\\\r\\\\n<\\\\\\/div>\\\\r\\\\n<\\\\\\/div>\\\\r\\\\n<\\\\\\/div>\\\\r\\\\n<\\\\\\/div>\\\\r\\\\n\\\"\\n    }\\n]\",\"campaignId\":[\"19\"],\"layoutId\":[\"33\"]}'),
(657, 1628692353, 1, 'Saved', 'Playlist', 49, '{\"campaignId\":[\"19\"],\"layoutId\":[\"33\"]}'),
(658, 1628692353, 1, 'Updated', 'Media', 78, '{\"fileName\":\"MegaSena.jpg > http:\\/\\/www.mgaplay.com.br\\/loterias\\/img\\/MegaSena.jpg\",\"expires\":\"2021-08-12 11:31:17 > 2021-08-11 15:32:33\"}'),
(659, 1628693508, 1, 'Login Granted', 'User', 1, '{\"IPAddress\":\"179.221.228.221\",\"UserAgent\":[\"Mozilla\\/5.0 (Windows NT 10.0; Win64; x64) AppleWebKit\\/537.36 (KHTML, like Gecko) Chrome\\/92.0.4515.131 Safari\\/537.36\"]}'),
(660, 1628693522, 1, 'Updated', 'Settings', 0, '{\"GLOBAL_THEME_NAME\":\"default > mga\"}'),
(661, 1628693545, 1, 'Login Granted', 'User', 1, '{\"IPAddress\":\"179.221.228.221\",\"UserAgent\":[\"Mozilla\\/5.0 (Windows NT 10.0; Win64; x64) AppleWebKit\\/537.36 (KHTML, like Gecko) Chrome\\/92.0.4515.131 Safari\\/537.36\"]}'),
(662, 1628693584, 1, 'Updated', 'Settings', 0, '{\"DASHBOARD_LATEST_NEWS_ENABLED\":\"1 > 0\"}');

-- --------------------------------------------------------

--
-- Estrutura da tabela `bandwidth`
--

CREATE TABLE `bandwidth` (
  `displayId` int(11) NOT NULL,
  `type` int(11) NOT NULL,
  `month` int(11) NOT NULL,
  `size` bigint(20) NOT NULL
) ENGINE=InnoDB DEFAULT CHARSET=utf8;

--
-- Extraindo dados da tabela `bandwidth`
--

INSERT INTO `bandwidth` (`displayId`, `type`, `month`, `size`) VALUES
(1, 1, 1627862400, 18373),
(1, 1, 1627873200, 187748),
(1, 2, 1627862400, 6350),
(1, 2, 1627873200, 19088),
(1, 3, 1627862400, 2034),
(1, 3, 1627873200, 5817),
(1, 4, 1627862400, 40673811),
(1, 4, 1627873200, 68694587),
(1, 6, 1627862400, 20181),
(1, 6, 1627873200, 303093),
(1, 7, 1627862400, 952),
(1, 7, 1627873200, 11583),
(1, 9, 1627873200, 482);

-- --------------------------------------------------------

--
-- Estrutura da tabela `bandwidthtype`
--

CREATE TABLE `bandwidthtype` (
  `bandwidthTypeId` int(11) NOT NULL,
  `name` varchar(25) NOT NULL
) ENGINE=InnoDB DEFAULT CHARSET=utf8;

--
-- Extraindo dados da tabela `bandwidthtype`
--

INSERT INTO `bandwidthtype` (`bandwidthTypeId`, `name`) VALUES
(1, 'Register'),
(2, 'Required Files'),
(3, 'Schedule'),
(4, 'Get File'),
(5, 'Get Resource'),
(6, 'Media Inventory'),
(7, 'Notify Status'),
(8, 'Submit Stats'),
(9, 'Submit Log'),
(10, 'Blacklist'),
(11, 'Screen Shot');

-- --------------------------------------------------------

--
-- Estrutura da tabela `blacklist`
--

CREATE TABLE `blacklist` (
  `blacklistId` int(11) NOT NULL,
  `mediaId` int(11) NOT NULL,
  `displayId` int(11) NOT NULL,
  `userId` int(11) DEFAULT NULL,
  `reportingDisplayId` int(11) DEFAULT NULL,
  `reason` text,
  `isIgnored` tinyint(4) NOT NULL DEFAULT '0'
) ENGINE=InnoDB DEFAULT CHARSET=utf8;

-- --------------------------------------------------------

--
-- Estrutura da tabela `campaign`
--

CREATE TABLE `campaign` (
  `campaignId` int(11) NOT NULL,
  `campaign` varchar(254) NOT NULL,
  `isLayoutSpecific` tinyint(4) NOT NULL,
  `userId` int(11) NOT NULL,
  `folderId` int(11) NOT NULL DEFAULT '1',
  `permissionsFolderId` int(11) NOT NULL DEFAULT '1'
) ENGINE=InnoDB DEFAULT CHARSET=utf8;

--
-- Extraindo dados da tabela `campaign`
--

INSERT INTO `campaign` (`campaignId`, `campaign`, `isLayoutSpecific`, `userId`, `folderId`, `permissionsFolderId`) VALUES
(1, 'Default Layout', 1, 1, 1, 1),
(5, 'Uol-Celebridades', 1, 1, 3, 1),
(6, 'Uol-Cotidiano', 1, 1, 3, 1),
(7, 'Uol-Destaques', 1, 1, 3, 1),
(8, 'Uol-Economia', 1, 1, 3, 1),
(12, 'Uol-Internacional', 1, 1, 3, 1),
(13, 'Uol-Política', 1, 1, 3, 1),
(15, 'Uol-Esportes', 1, 1, 3, 1),
(17, 'Loterias - Dia de Sorte API', 1, 1, 4, 1),
(18, 'Loterias - DuplaSena API', 1, 1, 4, 1),
(19, 'Loterias - MegaSena API', 1, 1, 4, 1),
(20, 'Loterias - Lotofácil API', 1, 1, 4, 1),
(21, 'Loterias - TimeMania API', 1, 1, 4, 1),
(22, 'Loterias - Quina API', 1, 1, 4, 1),
(23, 'Loterias - Lotomania API', 1, 1, 4, 1);

-- --------------------------------------------------------

--
-- Estrutura da tabela `command`
--

CREATE TABLE `command` (
  `commandId` int(11) NOT NULL,
  `command` varchar(254) NOT NULL,
  `code` varchar(50) NOT NULL,
  `description` varchar(1000) DEFAULT NULL,
  `userId` int(11) NOT NULL,
  `availableOn` varchar(50) DEFAULT NULL,
  `commandString` varchar(1000) DEFAULT NULL,
  `validationString` varchar(1000) DEFAULT NULL
) ENGINE=InnoDB DEFAULT CHARSET=utf8;

-- --------------------------------------------------------

--
-- Estrutura da tabela `dataset`
--

CREATE TABLE `dataset` (
  `dataSetId` int(11) NOT NULL,
  `dataSet` varchar(50) NOT NULL,
  `description` varchar(254) DEFAULT NULL,
  `userId` int(11) NOT NULL,
  `lastDataEdit` int(11) NOT NULL DEFAULT '0',
  `code` varchar(50) DEFAULT NULL,
  `isLookup` tinyint(4) NOT NULL,
  `isRemote` tinyint(4) NOT NULL DEFAULT '0',
  `method` enum('GET','POST') DEFAULT NULL,
  `uri` varchar(250) DEFAULT NULL,
  `postData` text,
  `authentication` varchar(10) DEFAULT NULL,
  `username` varchar(250) DEFAULT NULL,
  `password` varchar(250) DEFAULT NULL,
  `customHeaders` text,
  `userAgent` text,
  `refreshRate` int(11) NOT NULL DEFAULT '86400',
  `clearRate` int(11) NOT NULL DEFAULT '0',
  `runsAfter` int(11) DEFAULT NULL,
  `dataRoot` varchar(250) DEFAULT NULL,
  `lastSync` int(11) NOT NULL DEFAULT '0',
  `summarize` varchar(10) DEFAULT NULL,
  `summarizeField` varchar(250) DEFAULT NULL,
  `lastClear` int(11) NOT NULL DEFAULT '0',
  `ignoreFirstRow` tinyint(4) DEFAULT NULL,
  `sourceId` tinyint(4) DEFAULT NULL,
  `rowLimit` int(11) DEFAULT NULL,
  `limitPolicy` varchar(50) DEFAULT NULL,
  `folderId` int(11) NOT NULL DEFAULT '1',
  `permissionsFolderId` int(11) NOT NULL DEFAULT '1'
) ENGINE=InnoDB DEFAULT CHARSET=utf8;

--
-- Extraindo dados da tabela `dataset`
--

INSERT INTO `dataset` (`dataSetId`, `dataSet`, `description`, `userId`, `lastDataEdit`, `code`, `isLookup`, `isRemote`, `method`, `uri`, `postData`, `authentication`, `username`, `password`, `customHeaders`, `userAgent`, `refreshRate`, `clearRate`, `runsAfter`, `dataRoot`, `lastSync`, `summarize`, `summarizeField`, `lastClear`, `ignoreFirstRow`, `sourceId`, `rowLimit`, `limitPolicy`, `folderId`, `permissionsFolderId`) VALUES
(1, 'TESTE', '', 1, 0, NULL, 0, 0, NULL, NULL, NULL, NULL, NULL, NULL, NULL, NULL, 86400, 0, NULL, NULL, 0, NULL, NULL, 0, NULL, NULL, NULL, NULL, 2, 1);

-- --------------------------------------------------------

--
-- Estrutura da tabela `datasetcolumn`
--

CREATE TABLE `datasetcolumn` (
  `dataSetColumnId` int(11) NOT NULL,
  `dataSetId` int(11) NOT NULL,
  `heading` varchar(50) NOT NULL,
  `dataTypeId` int(11) NOT NULL,
  `dataSetColumnTypeId` int(11) NOT NULL,
  `listContent` varchar(1000) DEFAULT NULL,
  `columnOrder` smallint(6) NOT NULL,
  `formula` varchar(1000) DEFAULT NULL,
  `remoteField` varchar(250) DEFAULT NULL,
  `showFilter` tinyint(4) NOT NULL DEFAULT '1',
  `showSort` tinyint(4) NOT NULL DEFAULT '1'
) ENGINE=InnoDB DEFAULT CHARSET=utf8;

--
-- Extraindo dados da tabela `datasetcolumn`
--

INSERT INTO `datasetcolumn` (`dataSetColumnId`, `dataSetId`, `heading`, `dataTypeId`, `dataSetColumnTypeId`, `listContent`, `columnOrder`, `formula`, `remoteField`, `showFilter`, `showSort`) VALUES
(1, 1, 'Col1', 1, 1, NULL, 1, NULL, NULL, 0, 0);

-- --------------------------------------------------------

--
-- Estrutura da tabela `datasetcolumntype`
--

CREATE TABLE `datasetcolumntype` (
  `dataSetColumnTypeId` int(11) NOT NULL,
  `dataSetColumnType` varchar(100) NOT NULL
) ENGINE=InnoDB DEFAULT CHARSET=utf8;

--
-- Extraindo dados da tabela `datasetcolumntype`
--

INSERT INTO `datasetcolumntype` (`dataSetColumnTypeId`, `dataSetColumnType`) VALUES
(1, 'Value'),
(2, 'Formula'),
(3, 'Remote');

-- --------------------------------------------------------

--
-- Estrutura da tabela `datasetrss`
--

CREATE TABLE `datasetrss` (
  `id` int(11) NOT NULL,
  `dataSetId` int(11) NOT NULL,
  `psk` varchar(254) NOT NULL,
  `title` varchar(254) NOT NULL,
  `author` varchar(254) NOT NULL,
  `titleColumnId` int(11) DEFAULT NULL,
  `summaryColumnId` int(11) DEFAULT NULL,
  `contentColumnId` int(11) DEFAULT NULL,
  `publishedDateColumnId` int(11) DEFAULT NULL,
  `sort` text,
  `filter` text
) ENGINE=InnoDB DEFAULT CHARSET=utf8;

-- --------------------------------------------------------

--
-- Estrutura da tabela `dataset_1`
--

CREATE TABLE `dataset_1` (
  `id` int(11) NOT NULL,
  `Col1` text
) ENGINE=InnoDB DEFAULT CHARSET=utf8;

-- --------------------------------------------------------

--
-- Estrutura da tabela `datatype`
--

CREATE TABLE `datatype` (
  `dataTypeId` int(11) NOT NULL,
  `dataType` varchar(100) NOT NULL
) ENGINE=InnoDB DEFAULT CHARSET=utf8;

--
-- Extraindo dados da tabela `datatype`
--

INSERT INTO `datatype` (`dataTypeId`, `dataType`) VALUES
(1, 'String'),
(2, 'Number'),
(3, 'Date'),
(4, 'External Image'),
(5, 'Library Image'),
(6, 'HTML');

-- --------------------------------------------------------

--
-- Estrutura da tabela `daypart`
--

CREATE TABLE `daypart` (
  `dayPartId` int(11) NOT NULL,
  `name` varchar(50) NOT NULL,
  `description` varchar(50) DEFAULT NULL,
  `isRetired` tinyint(4) NOT NULL DEFAULT '0',
  `userId` int(11) NOT NULL,
  `startTime` varchar(8) NOT NULL DEFAULT '00:00:00',
  `endTime` varchar(8) NOT NULL DEFAULT '00:00:00',
  `exceptions` text,
  `isAlways` tinyint(4) NOT NULL DEFAULT '0',
  `isCustom` tinyint(4) NOT NULL DEFAULT '0'
) ENGINE=InnoDB DEFAULT CHARSET=utf8;

--
-- Extraindo dados da tabela `daypart`
--

INSERT INTO `daypart` (`dayPartId`, `name`, `description`, `isRetired`, `userId`, `startTime`, `endTime`, `exceptions`, `isAlways`, `isCustom`) VALUES
(1, 'Custom', 'User specifies the from/to date', 0, 1, '', '', '', 0, 1),
(2, 'Always', 'Event runs always', 0, 1, '', '', '', 1, 0);

-- --------------------------------------------------------

--
-- Estrutura da tabela `display`
--

CREATE TABLE `display` (
  `displayId` int(11) NOT NULL,
  `display` varchar(50) NOT NULL,
  `auditingUntil` int(11) NOT NULL DEFAULT '0',
  `defaultLayoutId` int(11) NOT NULL,
  `license` varchar(40) DEFAULT NULL,
  `licensed` tinyint(4) NOT NULL DEFAULT '0',
  `loggedIn` tinyint(4) NOT NULL DEFAULT '0',
  `lastaccessed` int(11) DEFAULT NULL,
  `inc_schedule` tinyint(4) NOT NULL DEFAULT '0',
  `email_alert` int(11) DEFAULT '0',
  `alert_timeout` int(11) DEFAULT '0',
  `clientAddress` varchar(50) DEFAULT NULL,
  `mediaInventoryStatus` tinyint(4) NOT NULL DEFAULT '0',
  `macAddress` varchar(254) DEFAULT NULL,
  `lastChanged` int(11) DEFAULT NULL,
  `numberOfMacAddressChanges` int(11) DEFAULT '0',
  `lastWakeOnLanCommandSent` int(11) DEFAULT NULL,
  `wakeOnLan` tinyint(4) NOT NULL DEFAULT '0',
  `wakeOnLanTime` varchar(5) DEFAULT NULL,
  `broadCastAddress` varchar(100) DEFAULT NULL,
  `secureOn` varchar(17) DEFAULT NULL,
  `cidr` varchar(6) DEFAULT NULL,
  `geoLocation` point DEFAULT NULL,
  `client_type` varchar(20) DEFAULT NULL,
  `client_version` varchar(15) DEFAULT NULL,
  `client_code` smallint(6) DEFAULT NULL,
  `displayProfileId` int(11) DEFAULT NULL,
  `screenShotRequested` tinyint(4) NOT NULL DEFAULT '0',
  `storageAvailableSpace` bigint(20) DEFAULT NULL,
  `storageTotalSpace` bigint(20) DEFAULT NULL,
  `xmrChannel` varchar(254) DEFAULT NULL,
  `xmrPubKey` text,
  `lastCommandSuccess` tinyint(4) NOT NULL DEFAULT '2',
  `deviceName` varchar(254) DEFAULT NULL,
  `timeZone` varchar(254) DEFAULT NULL,
  `overrideConfig` text,
  `newCmsAddress` varchar(1000) DEFAULT NULL,
  `newCmsKey` varchar(40) DEFAULT NULL,
  `orientation` varchar(10) DEFAULT NULL,
  `resolution` varchar(10) DEFAULT NULL,
  `commercialLicence` tinyint(4) DEFAULT NULL,
  `teamViewerSerial` varchar(255) DEFAULT NULL,
  `webkeySerial` varchar(255) DEFAULT NULL
) ENGINE=InnoDB DEFAULT CHARSET=utf8;

--
-- Extraindo dados da tabela `display`
--

INSERT INTO `display` (`displayId`, `display`, `auditingUntil`, `defaultLayoutId`, `license`, `licensed`, `loggedIn`, `lastaccessed`, `inc_schedule`, `email_alert`, `alert_timeout`, `clientAddress`, `mediaInventoryStatus`, `macAddress`, `lastChanged`, `numberOfMacAddressChanges`, `lastWakeOnLanCommandSent`, `wakeOnLan`, `wakeOnLanTime`, `broadCastAddress`, `secureOn`, `cidr`, `geoLocation`, `client_type`, `client_version`, `client_code`, `displayProfileId`, `screenShotRequested`, `storageAvailableSpace`, `storageTotalSpace`, `xmrChannel`, `xmrPubKey`, `lastCommandSuccess`, `deviceName`, `timeZone`, `overrideConfig`, `newCmsAddress`, `newCmsKey`, `orientation`, `resolution`, `commercialLicence`, `teamViewerSerial`, `webkeySerial`) VALUES
(1, 'Leelbox-unknown', 0, 1, '7dd11691-56c1-3d8a-9519-7520c1d34b6c', 1, 0, 1628627361, 0, 0, 0, '179.221.228.221', 3, '58:04:54:6c:27:22', 0, 0, 0, 0, '', '', '', '', NULL, 'android', '3', 300, NULL, 0, 1805627392, 5192286208, 'be16af1518338c57d872e113305c0311', '-----BEGIN PUBLIC KEY-----\nMIIBIjANBgkqhkiG9w0BAQEFAAOCAQ8AMIIBCgKCAQEAnaMsOA1oDth/oIV4HehFjUhCTsz4YcT3\nNOWCaBDrDYWQydtOKRwglVPzukVULKWZIHLZCE8k8atAEKFqNeeSM/YCnGm4gtd9zcromb1dE1AO\neLwupPVaAm5CixHh7W2usJq9BvBs7ESwQvsAs2HwRPGGJEyPL1D9UiM5TX+xA06uplDNRt1b3c9s\nSHejsEBLD+1jDClluFehCIbJ8kin5sdHGopkZADBWVnXMxVuUmXfEDFN5wHL6mxJly6CT/jHJjc4\nZ+RJkNxyQXbyqUwt4fy+HQdN70D4Wkvw7iPKdcboI5rQu9lIdwPN8739tZQngE62m3M8NLYjIxMU\nyoKcYQIDAQAB\n-----END PUBLIC KEY-----\n', 0, NULL, 'America/Recife', '[]', NULL, NULL, 'landscape', '1280x720', NULL, NULL, NULL);

-- --------------------------------------------------------

--
-- Estrutura da tabela `displayevent`
--

CREATE TABLE `displayevent` (
  `displayEventId` int(11) NOT NULL,
  `eventDate` int(11) NOT NULL,
  `displayId` int(11) NOT NULL,
  `start` int(11) NOT NULL,
  `end` int(11) DEFAULT NULL
) ENGINE=InnoDB DEFAULT CHARSET=utf8;

--
-- Extraindo dados da tabela `displayevent`
--

INSERT INTO `displayevent` (`displayEventId`, `eventDate`, `displayId`, `start`, `end`) VALUES
(1, 1628691699, 1, 1628627361, NULL);

-- --------------------------------------------------------

--
-- Estrutura da tabela `displaygroup`
--

CREATE TABLE `displaygroup` (
  `displayGroupId` int(11) NOT NULL,
  `displayGroup` varchar(50) NOT NULL,
  `description` varchar(254) DEFAULT NULL,
  `isDisplaySpecific` tinyint(4) NOT NULL DEFAULT '0',
  `isDynamic` tinyint(4) NOT NULL DEFAULT '0',
  `dynamicCriteria` varchar(254) DEFAULT NULL,
  `userId` int(11) NOT NULL,
  `dynamicCriteriaTags` varchar(254) DEFAULT NULL,
  `bandwidthLimit` int(11) NOT NULL DEFAULT '0',
  `createdDt` datetime DEFAULT NULL,
  `modifiedDt` datetime DEFAULT NULL,
  `folderId` int(11) NOT NULL DEFAULT '1',
  `permissionsFolderId` int(11) NOT NULL DEFAULT '1'
) ENGINE=InnoDB DEFAULT CHARSET=utf8;

--
-- Extraindo dados da tabela `displaygroup`
--

INSERT INTO `displaygroup` (`displayGroupId`, `displayGroup`, `description`, `isDisplaySpecific`, `isDynamic`, `dynamicCriteria`, `userId`, `dynamicCriteriaTags`, `bandwidthLimit`, `createdDt`, `modifiedDt`, `folderId`, `permissionsFolderId`) VALUES
(1, 'Leelbox-unknown', NULL, 1, 0, NULL, 1, NULL, 0, '2021-08-10 13:14:43', '2021-08-11 11:21:39', 2, 1);

-- --------------------------------------------------------

--
-- Estrutura da tabela `displayprofile`
--

CREATE TABLE `displayprofile` (
  `displayProfileId` int(11) NOT NULL,
  `name` varchar(50) NOT NULL,
  `type` varchar(15) NOT NULL,
  `config` text,
  `isDefault` tinyint(4) NOT NULL DEFAULT '0',
  `userId` int(11) NOT NULL
) ENGINE=InnoDB DEFAULT CHARSET=utf8;

--
-- Extraindo dados da tabela `displayprofile`
--

INSERT INTO `displayprofile` (`displayProfileId`, `name`, `type`, `config`, `isDefault`, `userId`) VALUES
(1, 'Windows', 'windows', '[]', 1, 1),
(2, 'Android', 'android', '[]', 1, 1),
(3, 'webOS', 'lg', '[]', 1, 1),
(4, 'Tizen', 'sssp', '[]', 1, 1),
(5, 'Linux', 'linux', '[]', 1, 1);

-- --------------------------------------------------------

--
-- Estrutura da tabela `folder`
--

CREATE TABLE `folder` (
  `folderId` int(11) NOT NULL,
  `folderName` varchar(255) NOT NULL,
  `parentId` int(11) DEFAULT NULL,
  `isRoot` int(11) NOT NULL DEFAULT '0',
  `children` text,
  `permissionsFolderId` int(11) DEFAULT '1'
) ENGINE=InnoDB DEFAULT CHARSET=utf8;

--
-- Extraindo dados da tabela `folder`
--

INSERT INTO `folder` (`folderId`, `folderName`, `parentId`, `isRoot`, `children`, `permissionsFolderId`) VALUES
(1, '/', NULL, 1, '2,3,4', NULL),
(2, 'MGA', 1, 0, NULL, 1),
(3, 'UOL', 1, 0, NULL, 1),
(4, 'LOTERIAS', 1, 0, NULL, 1);

-- --------------------------------------------------------

--
-- Estrutura da tabela `group`
--

CREATE TABLE `group` (
  `groupId` int(11) NOT NULL,
  `group` varchar(50) NOT NULL,
  `isUserSpecific` tinyint(4) NOT NULL DEFAULT '0',
  `isEveryone` tinyint(4) NOT NULL DEFAULT '0',
  `libraryQuota` int(11) DEFAULT NULL,
  `isSystemNotification` tinyint(4) NOT NULL DEFAULT '0',
  `isDisplayNotification` tinyint(4) NOT NULL DEFAULT '0',
  `features` longtext,
  `description` varchar(500) DEFAULT NULL,
  `isShownForAddUser` tinyint(4) NOT NULL DEFAULT '0',
  `defaultHomepageId` varchar(255) DEFAULT NULL
) ENGINE=InnoDB DEFAULT CHARSET=utf8;

--
-- Extraindo dados da tabela `group`
--

INSERT INTO `group` (`groupId`, `group`, `isUserSpecific`, `isEveryone`, `libraryQuota`, `isSystemNotification`, `isDisplayNotification`, `features`, `description`, `isShownForAddUser`, `defaultHomepageId`) VALUES
(1, 'Users', 0, 0, NULL, 0, 0, '[\"layout.view\",\"layout.add\",\"layout.modify\",\"users.view\",\"users.add\",\"users.modify\",\"region.view\",\"region.add\",\"region.modify\",\"mediamanager.view\",\"mediamanager.add\",\"mediamanager.modify\",\"statusdashboard.view\",\"statusdashboard.add\",\"statusdashboard.modify\",\"preview.view\",\"preview.add\",\"preview.modify\",\"library.view\",\"library.add\",\"library.modify\",\"schedule.now\",\"icondashboard.view\",\"icondashboard.add\",\"icondashboard.modify\",\"schedule.view\",\"schedule.add\",\"schedule.modify\",\"playlist.view\",\"playlist.add\",\"playlist.modify\",\"user.sharing\"]', NULL, 0, NULL),
(2, 'Everyone', 0, 1, NULL, 0, 0, NULL, NULL, 0, NULL),
(3, 'admin', 1, 0, 0, 1, 0, '[\"schedule.now\"]', NULL, 0, ''),
(4, 'System Notifications', 0, 0, NULL, 1, 0, '[\"schedule.now\"]', NULL, 0, NULL),
(5, 'Playlist Dashboard User', 0, 0, NULL, 0, 0, '[\"library.view\",\"library.add\",\"library.modify\",\"playlistdashboard.view\",\"playlistdashboard.add\",\"playlistdashboard.modify\",\"users.view\",\"users.add\",\"users.modify\"]', NULL, 0, NULL),
(6, 'Content Manager', 0, 0, NULL, 0, 0, '[\"folder.view\",\"folder.add\",\"folder.modify\",\"library.view\",\"library.add\",\"library.modify\",\"dataset.view\",\"dataset.add\",\"dataset.modify\",\"dataset.data\",\"playlist.view\",\"playlist.add\",\"playlist.modify\",\"layout.view\",\"layout.add\",\"layout.modify\",\"layout.export\",\"template.view\",\"template.add\",\"template.modify\",\"resolution.view\",\"resolution.add\",\"resolution.modify\",\"campaign.view\",\"campaign.add\",\"campaign.modify\",\"tag.view\",\"tag.tagging\",\"user.profile\"]', 'Management of all features related to Content Creation only.', 1, 'icondashboard.view'),
(7, 'Playlist Manager', 0, 0, NULL, 0, 0, '[\"user.profile\",\"dashboard.playlist\"]', 'Management of specific Playlists to edit / replace Media only.', 1, 'icondashboard.view'),
(8, 'Schedule Manager', 0, 0, NULL, 0, 0, '[\"folder.view\",\"schedule.view\",\"schedule.agenda\",\"schedule.add\",\"schedule.modify\",\"schedule.now\",\"daypart.view\",\"daypart.add\",\"daypart.modify\",\"user.profile\"]', 'Management of all features for the purpose of Event Scheduling only.', 1, 'icondashboard.view'),
(9, 'Display Manager', 0, 0, NULL, 0, 1, '[\"report.view\",\"displays.reporting\",\"proof-of-play\",\"folder.view\",\"folder.add\",\"folder.modify\",\"tag.tagging\",\"schedule.view\",\"schedule.agenda\",\"displays.view\",\"displays.add\",\"displays.modify\",\"displaygroup.view\",\"displaygroup.add\",\"displaygroup.modify\",\"displayprofile.view\",\"displayprofile.add\",\"displayprofile.modify\",\"playersoftware.view\",\"command.view\",\"user.profile\",\"notification.centre\",\"notification.add\",\"notification.modify\",\"dashboard.status\",\"log.view\"]', 'Management of all features for the purpose of Display Administration only.', 1, 'statusdashboard.view');

-- --------------------------------------------------------

--
-- Estrutura da tabela `help`
--

CREATE TABLE `help` (
  `helpId` int(11) NOT NULL,
  `topic` varchar(254) NOT NULL,
  `category` varchar(254) NOT NULL DEFAULT 'General',
  `link` varchar(254) NOT NULL
) ENGINE=InnoDB DEFAULT CHARSET=utf8;

--
-- Extraindo dados da tabela `help`
--

INSERT INTO `help` (`helpId`, `topic`, `category`, `link`) VALUES
(1, 'Layout', 'General', 'layouts.html'),
(2, 'Content', 'General', 'media.html'),
(4, 'Schedule', 'General', 'scheduling.html'),
(5, 'Group', 'General', 'users_groups.html'),
(6, 'Admin', 'General', 'cms_settings.html'),
(7, 'Report', 'General', 'troubleshooting.html'),
(8, 'Dashboard', 'General', 'tour.html'),
(9, 'User', 'General', 'users.html'),
(10, 'Display', 'General', 'displays.html'),
(11, 'DisplayGroup', 'General', 'displays_groups.html'),
(12, 'Layout', 'Add', 'layouts.html#Add_Layout'),
(13, 'Layout', 'Background', 'layouts_designer.html#Background'),
(14, 'Content', 'Assign', 'layouts_playlists.html#Assigning_Content'),
(15, 'Layout', 'RegionOptions', 'layouts_regions.html'),
(16, 'Content', 'AddtoLibrary', 'media_library.html'),
(17, 'Display', 'Edit', 'displays.html#Display_Edit'),
(18, 'Display', 'Delete', 'displays.html#Display_Delete'),
(19, 'Displays', 'Groups', 'displays_groups.html#Group_Members'),
(20, 'UserGroup', 'Add', 'users_groups.html#Adding_Group'),
(21, 'User', 'Add', 'users_administration.html#Add_User'),
(22, 'User', 'Delete', 'users_administration.html#Delete_User'),
(23, 'Content', 'Config', 'cms_settings.html#Content'),
(24, 'LayoutMedia', 'Permissions', 'users_permissions.html'),
(25, 'Region', 'Permissions', 'users_permissions.html'),
(26, 'Library', 'Assign', 'layouts_playlists.html#Add_From_Library'),
(27, 'Media', 'Delete', 'media_library.html#Delete'),
(28, 'DisplayGroup', 'Add', 'displays_groups.html#Add_Group'),
(29, 'DisplayGroup', 'Edit', 'displays_groups.html#Edit_Group'),
(30, 'DisplayGroup', 'Delete', 'displays_groups.html#Delete_Group'),
(31, 'DisplayGroup', 'Members', 'displays_groups.html#Group_Members'),
(32, 'DisplayGroup', 'Permissions', 'users_permissions.html'),
(34, 'Schedule', 'ScheduleNow', 'scheduling_now.html'),
(35, 'Layout', 'Delete', 'layouts.html#Delete_Layout'),
(36, 'Layout', 'Copy', 'layouts.html#Copy_Layout'),
(37, 'Schedule', 'Edit', 'scheduling_events.html#Edit'),
(38, 'Schedule', 'Add', 'scheduling_events.html#Add'),
(39, 'Layout', 'Permissions', 'users_permissions.html'),
(40, 'Display', 'MediaInventory', 'displays.html#Media_Inventory'),
(41, 'User', 'ChangePassword', 'users.html#Change_Password'),
(42, 'Schedule', 'Delete', 'scheduling_events.html'),
(43, 'Layout', 'Edit', 'layouts_designer.html#Edit_Layout'),
(44, 'Media', 'Permissions', 'users_permissions.html'),
(45, 'Display', 'DefaultLayout', 'displays.html#DefaultLayout'),
(46, 'UserGroup', 'Edit', 'users_groups.html#Edit_Group'),
(47, 'UserGroup', 'Members', 'users_groups.html#Group_Member'),
(48, 'User', 'PageSecurity', 'users_permissions.html#Page_Security'),
(49, 'User', 'MenuSecurity', 'users_permissions.html#Menu_Security'),
(50, 'UserGroup', 'Delete', 'users_groups.html#Delete_Group'),
(51, 'User', 'Edit', 'users_administration.html#Edit_User'),
(52, 'User', 'Applications', 'users_administration.html#Users_MyApplications'),
(53, 'User', 'SetHomepage', 'users_administration.html#Media_Dashboard'),
(54, 'DataSet', 'General', 'media_datasets.html'),
(55, 'DataSet', 'Add', 'media_datasets.html#Create_Dataset'),
(56, 'DataSet', 'Edit', 'media_datasets.html#Edit_Dataset'),
(57, 'DataSet', 'Delete', 'media_datasets.html#Delete_Dataset'),
(58, 'DataSet', 'AddColumn', 'media_datasets.html#Dataset_Column'),
(59, 'DataSet', 'EditColumn', 'media_datasets.html#Dataset_Column'),
(60, 'DataSet', 'DeleteColumn', 'media_datasets.html#Dataset_Column'),
(61, 'DataSet', 'Data', 'media_datasets.html#Dataset_Row'),
(62, 'DataSet', 'Permissions', 'users_permissions.html'),
(63, 'Fault', 'General', 'troubleshooting.html#Report_Fault'),
(65, 'Stats', 'General', 'displays_metrics.html'),
(66, 'Resolution', 'General', 'layouts_resolutions.html'),
(67, 'Template', 'General', 'layouts_templates.html'),
(68, 'Services', 'Register', '#Registered_Applications'),
(69, 'OAuth', 'General', 'api_oauth.html'),
(70, 'Services', 'Log', 'api_oauth.html#oAuthLog'),
(71, 'Module', 'Edit', 'media_modules.html'),
(72, 'Module', 'General', 'media_modules.html'),
(73, 'Campaign', 'General', 'layouts_campaigns.html'),
(74, 'License', 'General', 'licence_information.html'),
(75, 'DataSet', 'ViewColumns', 'media_datasets.html#Dataset_Column'),
(76, 'Campaign', 'Permissions', 'users_permissions.html'),
(77, 'Transition', 'Edit', 'layouts_transitions.html'),
(78, 'User', 'SetPassword', 'users_administration.html#Set_Password'),
(79, 'DataSet', 'ImportCSV', 'media_datasets.htmlmedia_datasets.html#Import_CSV'),
(80, 'DisplayGroup', 'FileAssociations', 'displays_fileassociations.html'),
(81, 'Statusdashboard', 'General', 'tour_status_dashboard.html'),
(82, 'Displayprofile', 'General', 'displays_settings.html'),
(83, 'DisplayProfile', 'Edit', 'displays_settings.html#edit'),
(84, 'DisplayProfile', 'Delete', 'displays_settings.html#delete');

-- --------------------------------------------------------

--
-- Estrutura da tabela `layout`
--

CREATE TABLE `layout` (
  `layoutId` int(11) NOT NULL,
  `layout` varchar(254) NOT NULL,
  `userId` int(11) NOT NULL,
  `createdDt` datetime DEFAULT NULL,
  `modifiedDt` datetime DEFAULT NULL,
  `description` varchar(254) DEFAULT NULL,
  `retired` tinyint(4) NOT NULL DEFAULT '0',
  `duration` int(11) NOT NULL,
  `backgroundImageId` int(11) DEFAULT NULL,
  `status` tinyint(4) NOT NULL DEFAULT '0',
  `width` decimal(10,0) NOT NULL,
  `height` decimal(10,0) NOT NULL,
  `backgroundColor` varchar(25) DEFAULT NULL,
  `backgroundzIndex` int(11) NOT NULL DEFAULT '1',
  `schemaVersion` tinyint(4) NOT NULL DEFAULT '2',
  `statusMessage` text,
  `parentId` int(11) DEFAULT NULL,
  `publishedStatusId` int(11) NOT NULL DEFAULT '1',
  `enableStat` int(11) DEFAULT NULL,
  `publishedDate` datetime DEFAULT NULL,
  `autoApplyTransitions` tinyint(4) NOT NULL DEFAULT '0',
  `code` varchar(50) DEFAULT NULL
) ENGINE=InnoDB DEFAULT CHARSET=utf8;

--
-- Extraindo dados da tabela `layout`
--

INSERT INTO `layout` (`layoutId`, `layout`, `userId`, `createdDt`, `modifiedDt`, `description`, `retired`, `duration`, `backgroundImageId`, `status`, `width`, `height`, `backgroundColor`, `backgroundzIndex`, `schemaVersion`, `statusMessage`, `parentId`, `publishedStatusId`, `enableStat`, `publishedDate`, `autoApplyTransitions`, `code`) VALUES
(1, 'Default Layout', 1, '2021-08-10 12:44:39', '2021-08-10 13:03:26', 'Default Layout assigned to Players to show in the event scheduled content cannot be shown.', 0, 60, 2, 1, 1920, 1080, '#03031a', 0, 3, NULL, NULL, 2, 0, NULL, 0, NULL),
(4, 'Default Layout', 1, '2021-08-10 13:03:26', '2021-08-10 13:03:27', 'Default Layout assigned to Players to show in the event scheduled content cannot be shown.', 0, 60, 2, 1, 1920, 1080, '#03031a', 0, 3, NULL, 1, 2, 0, NULL, 0, NULL),
(12, 'Uol-Celebridades', 1, '2021-08-11 11:25:19', '2021-08-11 11:26:50', 'UOL - O Conteúdo é dividido em 11 blocos com dez notícias cada, em média. Os horários de atualização são: 6h30 / 8h / 9h30 / 11h / 12h30 / 14h / 15h30 / 17h / 18h30 / 20h / 22h, de segunda a sexta-feira', 0, 0, NULL, 3, 1920, 1080, '#000000', 0, 3, NULL, NULL, 2, 0, NULL, 0, NULL),
(13, 'Uol-Cotidiano', 1, '2021-08-11 11:25:41', '2021-08-11 11:28:39', 'UOL - O Conteúdo é dividido em 11 blocos com dez notícias cada, em média. Os horários de atualização são: 6h30 / 8h / 9h30 / 11h / 12h30 / 14h / 15h30 / 17h / 18h30 / 20h / 22h, de segunda a sexta-feira', 0, 5, NULL, 1, 1920, 1080, '#000000', 0, 3, NULL, NULL, 2, 0, NULL, 0, NULL),
(14, 'Uol-Destaques', 1, '2021-08-11 11:25:41', '2021-08-11 11:25:41', 'UOL - O Conteúdo é dividido em 11 blocos com dez notícias cada, em média. Os horários de atualização são: 6h30 / 8h / 9h30 / 11h / 12h30 / 14h / 15h30 / 17h / 18h30 / 20h / 22h, de segunda a sexta-feira', 0, 0, NULL, 3, 1920, 1080, '#000000', 0, 3, NULL, NULL, 1, 0, NULL, 0, NULL),
(15, 'Uol-Economia', 1, '2021-08-11 11:25:41', '2021-08-11 11:25:41', 'UOL - O Conteúdo é dividido em 11 blocos com dez notícias cada, em média. Os horários de atualização são: 6h30 / 8h / 9h30 / 11h / 12h30 / 14h / 15h30 / 17h / 18h30 / 20h / 22h, de segunda a sexta-feira', 0, 0, NULL, 3, 1920, 1080, '#000000', 0, 3, NULL, NULL, 1, 0, NULL, 0, NULL),
(19, 'Uol-Internacional', 1, '2021-08-11 11:25:42', '2021-08-11 11:25:42', 'UOL - O Conteúdo é dividido em 11 blocos com dez notícias cada, em média. Os horários de atualização são: 6h30 / 8h / 9h30 / 11h / 12h30 / 14h / 15h30 / 17h / 18h30 / 20h / 22h, de segunda a sexta-feira', 0, 0, NULL, 3, 1920, 1080, '#000000', 0, 3, NULL, NULL, 1, 0, NULL, 0, NULL),
(20, 'Uol-Política', 1, '2021-08-11 11:25:42', '2021-08-11 11:25:42', 'UOL - O Conteúdo é dividido em 11 blocos com dez notícias cada, em média. Os horários de atualização são: 6h30 / 8h / 9h30 / 11h / 12h30 / 14h / 15h30 / 17h / 18h30 / 20h / 22h, de segunda a sexta-feira', 0, 0, NULL, 3, 1920, 1080, '#000000', 0, 3, NULL, NULL, 1, 0, NULL, 0, NULL),
(22, 'Uol-Esportes', 1, '2021-08-11 11:26:26', '2021-08-11 11:26:26', 'UOL - O Conteúdo é dividido em 11 blocos com dez notícias cada, em média. Os horários de atualização são: 6h30 / 8h / 9h30 / 11h / 12h30 / 14h / 15h30 / 17h / 18h30 / 20h / 22h, de segunda a sexta-feira', 0, 0, NULL, 3, 1920, 1080, '#000000', 0, 3, NULL, NULL, 1, 0, NULL, 0, NULL),
(24, 'Uol-Celebridades', 1, '2021-08-11 11:26:50', '2021-08-11 11:28:23', 'UOL - O Conteúdo é dividido em 11 blocos com dez notícias cada, em média. Os horários de atualização são: 6h30 / 8h / 9h30 / 11h / 12h30 / 14h / 15h30 / 17h / 18h30 / 20h / 22h, de segunda a sexta-feira', 0, 15, NULL, 1, 1920, 1080, '#000000', 0, 3, NULL, 12, 2, 0, NULL, 0, NULL),
(25, 'Uol-Cotidiano', 1, '2021-08-11 11:28:39', '2021-08-11 11:29:19', 'UOL - O Conteúdo é dividido em 11 blocos com dez notícias cada, em média. Os horários de atualização são: 6h30 / 8h / 9h30 / 11h / 12h30 / 14h / 15h30 / 17h / 18h30 / 20h / 22h, de segunda a sexta-feira', 0, 15, NULL, 1, 1920, 1080, '#000000', 0, 3, NULL, 13, 2, 0, NULL, 0, NULL),
(26, 'Loterias - Dia de Sorte API', 1, '2021-08-11 11:30:27', '2021-08-11 11:30:27', 'Layout reservado para veiculação dos resultados das Loterias.', 0, 0, NULL, 3, 1920, 1080, '#000000', 0, 3, NULL, NULL, 1, 0, NULL, 0, NULL),
(27, 'Loterias - DuplaSena API', 1, '2021-08-11 11:31:00', '2021-08-11 11:31:00', 'Layout reservado para veiculação dos resultados das Loterias.', 0, 0, NULL, 3, 1920, 1080, '#000000', 0, 3, NULL, NULL, 1, 0, NULL, 0, NULL),
(28, 'Loterias - MegaSena API', 1, '2021-08-11 11:31:00', '2021-08-11 11:31:15', 'Layout reservado para veiculação dos resultados das Loterias.', 0, 5, NULL, 1, 1920, 1080, '#000000', 0, 3, NULL, NULL, 2, 0, NULL, 0, NULL),
(29, 'Loterias - Lotofácil API', 1, '2021-08-11 11:31:00', '2021-08-11 11:31:00', 'Layout reservado para veiculação dos resultados das Loterias.', 0, 0, NULL, 3, 1920, 1080, '#000000', 0, 3, NULL, NULL, 1, 0, NULL, 0, NULL),
(30, 'Loterias - TimeMania API', 1, '2021-08-11 11:31:00', '2021-08-11 11:31:00', 'Layout reservado para veiculação dos resultados das Loterias.', 0, 0, NULL, 3, 1920, 1080, '#000000', 0, 3, NULL, NULL, 1, 0, NULL, 0, NULL),
(31, 'Loterias - Quina API', 1, '2021-08-11 11:31:00', '2021-08-11 11:31:00', 'Layout reservado para veiculação dos resultados das Loterias.', 0, 0, NULL, 3, 1920, 1080, '#000000', 0, 3, NULL, NULL, 1, 0, NULL, 0, NULL),
(32, 'Loterias - Lotomania API', 1, '2021-08-11 11:31:00', '2021-08-11 11:31:00', 'Layout reservado para veiculação dos resultados das Loterias.', 0, 0, NULL, 3, 1920, 1080, '#000000', 0, 3, NULL, NULL, 1, 0, NULL, 0, NULL),
(33, 'Loterias - MegaSena API', 1, '2021-08-11 11:31:15', '2021-08-11 11:32:33', 'Layout reservado para veiculação dos resultados das Loterias.', 0, 15, NULL, 1, 1920, 1080, '#000000', 0, 3, NULL, 28, 2, 0, NULL, 0, NULL);

-- --------------------------------------------------------

--
-- Estrutura da tabela `layouthistory`
--

CREATE TABLE `layouthistory` (
  `layoutHistoryId` int(11) NOT NULL,
  `campaignId` int(11) NOT NULL,
  `layoutId` int(11) NOT NULL,
  `publishedDate` datetime DEFAULT NULL
) ENGINE=InnoDB DEFAULT CHARSET=utf8;

--
-- Extraindo dados da tabela `layouthistory`
--

INSERT INTO `layouthistory` (`layoutHistoryId`, `campaignId`, `layoutId`, `publishedDate`) VALUES
(1, 1, 1, '2021-08-10 12:44:39'),
(10, 5, 12, '2021-08-11 11:25:19'),
(11, 6, 13, '2021-08-11 11:25:41'),
(12, 7, 14, '2021-08-11 11:25:41'),
(13, 8, 15, '2021-08-11 11:25:41'),
(14, 12, 19, '2021-08-11 11:25:42'),
(15, 13, 20, '2021-08-11 11:25:42'),
(16, 15, 22, '2021-08-11 11:26:26'),
(17, 17, 26, '2021-08-11 11:30:27'),
(18, 18, 27, '2021-08-11 11:31:00'),
(19, 19, 28, '2021-08-11 11:31:00'),
(20, 20, 29, '2021-08-11 11:31:00'),
(21, 21, 30, '2021-08-11 11:31:00'),
(22, 22, 31, '2021-08-11 11:31:00'),
(23, 23, 32, '2021-08-11 11:31:00');

-- --------------------------------------------------------

--
-- Estrutura da tabela `lkcampaignlayout`
--

CREATE TABLE `lkcampaignlayout` (
  `lkCampaignLayoutId` int(11) NOT NULL,
  `campaignId` int(11) NOT NULL,
  `layoutId` int(11) NOT NULL,
  `displayOrder` int(11) NOT NULL
) ENGINE=InnoDB DEFAULT CHARSET=utf8;

--
-- Extraindo dados da tabela `lkcampaignlayout`
--

INSERT INTO `lkcampaignlayout` (`lkCampaignLayoutId`, `campaignId`, `layoutId`, `displayOrder`) VALUES
(5, 1, 1, 1),
(6, 1, 4, 2),
(31, 5, 12, 1),
(32, 5, 24, 2),
(33, 6, 13, 1),
(34, 6, 25, 2),
(21, 7, 14, 1),
(22, 8, 15, 1),
(26, 12, 19, 1),
(27, 13, 20, 1),
(29, 15, 22, 1),
(35, 17, 26, 1),
(36, 18, 27, 1),
(42, 19, 28, 1),
(43, 19, 33, 2),
(38, 20, 29, 1),
(39, 21, 30, 1),
(40, 22, 31, 1),
(41, 23, 32, 1);

-- --------------------------------------------------------

--
-- Estrutura da tabela `lkcommanddisplayprofile`
--

CREATE TABLE `lkcommanddisplayprofile` (
  `commandId` int(11) NOT NULL,
  `displayProfileId` int(11) NOT NULL,
  `commandString` varchar(1000) NOT NULL,
  `validationString` varchar(1000) DEFAULT NULL
) ENGINE=InnoDB DEFAULT CHARSET=utf8;

-- --------------------------------------------------------

--
-- Estrutura da tabela `lkdgdg`
--

CREATE TABLE `lkdgdg` (
  `parentId` int(11) NOT NULL,
  `childId` int(11) NOT NULL,
  `depth` int(11) NOT NULL
) ENGINE=InnoDB DEFAULT CHARSET=utf8;

--
-- Extraindo dados da tabela `lkdgdg`
--

INSERT INTO `lkdgdg` (`parentId`, `childId`, `depth`) VALUES
(1, 1, 0);

-- --------------------------------------------------------

--
-- Estrutura da tabela `lkdisplaydg`
--

CREATE TABLE `lkdisplaydg` (
  `LkDisplayDGID` int(11) NOT NULL,
  `displayGroupId` int(11) NOT NULL,
  `displayId` int(11) NOT NULL
) ENGINE=InnoDB DEFAULT CHARSET=utf8;

--
-- Extraindo dados da tabela `lkdisplaydg`
--

INSERT INTO `lkdisplaydg` (`LkDisplayDGID`, `displayGroupId`, `displayId`) VALUES
(1, 1, 1);

-- --------------------------------------------------------

--
-- Estrutura da tabela `lklayoutdisplaygroup`
--

CREATE TABLE `lklayoutdisplaygroup` (
  `id` int(11) NOT NULL,
  `displayGroupId` int(11) NOT NULL,
  `layoutId` int(11) NOT NULL
) ENGINE=InnoDB DEFAULT CHARSET=utf8;

-- --------------------------------------------------------

--
-- Estrutura da tabela `lkmediadisplaygroup`
--

CREATE TABLE `lkmediadisplaygroup` (
  `id` int(11) NOT NULL,
  `displayGroupId` int(11) NOT NULL,
  `mediaId` int(11) NOT NULL
) ENGINE=InnoDB DEFAULT CHARSET=utf8;

-- --------------------------------------------------------

--
-- Estrutura da tabela `lknotificationdg`
--

CREATE TABLE `lknotificationdg` (
  `lkNotificationDgId` int(11) NOT NULL,
  `notificationId` int(11) NOT NULL,
  `displayGroupId` int(11) NOT NULL
) ENGINE=InnoDB DEFAULT CHARSET=utf8;

-- --------------------------------------------------------

--
-- Estrutura da tabela `lknotificationgroup`
--

CREATE TABLE `lknotificationgroup` (
  `lkNotificationGroupId` int(11) NOT NULL,
  `notificationId` int(11) NOT NULL,
  `groupId` int(11) NOT NULL
) ENGINE=InnoDB DEFAULT CHARSET=utf8;

-- --------------------------------------------------------

--
-- Estrutura da tabela `lknotificationuser`
--

CREATE TABLE `lknotificationuser` (
  `lkNotificationUserId` int(11) NOT NULL,
  `notificationId` int(11) NOT NULL,
  `userId` int(11) NOT NULL,
  `read` tinyint(4) NOT NULL,
  `readDt` int(11) NOT NULL,
  `emailDt` int(11) NOT NULL
) ENGINE=InnoDB DEFAULT CHARSET=utf8;

-- --------------------------------------------------------

--
-- Estrutura da tabela `lkplaylistplaylist`
--

CREATE TABLE `lkplaylistplaylist` (
  `parentId` int(11) NOT NULL,
  `childId` int(11) NOT NULL,
  `depth` int(11) NOT NULL
) ENGINE=InnoDB DEFAULT CHARSET=utf8;

--
-- Extraindo dados da tabela `lkplaylistplaylist`
--

INSERT INTO `lkplaylistplaylist` (`parentId`, `childId`, `depth`) VALUES
(1, 1, 0),
(2, 2, 0),
(3, 3, 0),
(4, 4, 0),
(16, 16, 0),
(17, 17, 0),
(18, 18, 0),
(19, 19, 0),
(24, 24, 0),
(25, 25, 0),
(33, 33, 0),
(34, 34, 0),
(35, 35, 0),
(36, 36, 0),
(37, 37, 0),
(38, 38, 0),
(39, 39, 0),
(40, 40, 0),
(41, 41, 0),
(42, 42, 0),
(43, 43, 0),
(44, 44, 0),
(45, 45, 0),
(46, 46, 0),
(47, 47, 0),
(48, 48, 0),
(49, 49, 0);

-- --------------------------------------------------------

--
-- Estrutura da tabela `lkscheduledisplaygroup`
--

CREATE TABLE `lkscheduledisplaygroup` (
  `eventId` int(11) NOT NULL,
  `displayGroupId` int(11) NOT NULL
) ENGINE=InnoDB DEFAULT CHARSET=utf8;

-- --------------------------------------------------------

--
-- Estrutura da tabela `lktagcampaign`
--

CREATE TABLE `lktagcampaign` (
  `lkTagCampaignId` int(11) NOT NULL,
  `tagId` int(11) NOT NULL,
  `campaignId` int(11) NOT NULL,
  `value` text
) ENGINE=InnoDB DEFAULT CHARSET=utf8;

-- --------------------------------------------------------

--
-- Estrutura da tabela `lktagdisplaygroup`
--

CREATE TABLE `lktagdisplaygroup` (
  `lkTagDisplayGroupId` int(11) NOT NULL,
  `tagId` int(11) NOT NULL,
  `displayGroupId` int(11) NOT NULL,
  `value` text
) ENGINE=InnoDB DEFAULT CHARSET=utf8;

-- --------------------------------------------------------

--
-- Estrutura da tabela `lktaglayout`
--

CREATE TABLE `lktaglayout` (
  `lkTagLayoutId` int(11) NOT NULL,
  `tagId` int(11) NOT NULL,
  `layoutId` int(11) NOT NULL,
  `value` text
) ENGINE=InnoDB DEFAULT CHARSET=utf8;

--
-- Extraindo dados da tabela `lktaglayout`
--

INSERT INTO `lktaglayout` (`lkTagLayoutId`, `tagId`, `layoutId`, `value`) VALUES
(1, 4, 1, NULL),
(3, 4, 12, NULL),
(4, 4, 13, NULL),
(5, 4, 14, NULL),
(6, 4, 15, NULL),
(7, 4, 19, NULL),
(8, 4, 20, NULL),
(9, 4, 22, NULL),
(10, 4, 26, NULL),
(11, 4, 27, NULL),
(12, 4, 28, NULL),
(13, 4, 29, NULL),
(14, 4, 30, NULL),
(15, 4, 31, NULL),
(16, 4, 32, NULL);

-- --------------------------------------------------------

--
-- Estrutura da tabela `lktagmedia`
--

CREATE TABLE `lktagmedia` (
  `lkTagMediaId` int(11) NOT NULL,
  `tagId` int(11) NOT NULL,
  `mediaId` int(11) NOT NULL,
  `value` text
) ENGINE=InnoDB DEFAULT CHARSET=utf8;

--
-- Extraindo dados da tabela `lktagmedia`
--

INSERT INTO `lktagmedia` (`lkTagMediaId`, `tagId`, `mediaId`, `value`) VALUES
(1, 4, 1, NULL),
(2, 4, 2, NULL),
(3, 4, 24, NULL),
(4, 4, 25, NULL),
(5, 4, 26, NULL),
(6, 4, 27, NULL);

-- --------------------------------------------------------

--
-- Estrutura da tabela `lktagplaylist`
--

CREATE TABLE `lktagplaylist` (
  `lkTagPlaylistId` int(11) NOT NULL,
  `tagId` int(11) NOT NULL,
  `playlistId` int(11) NOT NULL,
  `value` text
) ENGINE=InnoDB DEFAULT CHARSET=utf8;

-- --------------------------------------------------------

--
-- Estrutura da tabela `lkusergroup`
--

CREATE TABLE `lkusergroup` (
  `lkUserGroupID` int(11) NOT NULL,
  `groupId` int(11) NOT NULL,
  `userId` int(11) NOT NULL
) ENGINE=InnoDB DEFAULT CHARSET=utf8;

--
-- Extraindo dados da tabela `lkusergroup`
--

INSERT INTO `lkusergroup` (`lkUserGroupID`, `groupId`, `userId`) VALUES
(1, 3, 1);

-- --------------------------------------------------------

--
-- Estrutura da tabela `lkwidgetaudio`
--

CREATE TABLE `lkwidgetaudio` (
  `widgetId` int(11) NOT NULL,
  `mediaId` int(11) NOT NULL,
  `volume` tinyint(4) NOT NULL,
  `loop` tinyint(4) NOT NULL
) ENGINE=InnoDB DEFAULT CHARSET=utf8;

-- --------------------------------------------------------

--
-- Estrutura da tabela `lkwidgetmedia`
--

CREATE TABLE `lkwidgetmedia` (
  `widgetId` int(11) NOT NULL,
  `mediaId` int(11) NOT NULL
) ENGINE=InnoDB DEFAULT CHARSET=utf8;

--
-- Extraindo dados da tabela `lkwidgetmedia`
--

INSERT INTO `lkwidgetmedia` (`widgetId`, `mediaId`) VALUES
(1, 1),
(21, 1),
(61, 38),
(61, 39),
(61, 40),
(61, 41),
(61, 42),
(61, 43),
(61, 44),
(61, 45),
(61, 46),
(61, 47),
(61, 48),
(61, 49),
(61, 50),
(61, 51),
(61, 52),
(61, 53),
(61, 54),
(61, 55),
(61, 56),
(61, 57),
(55, 58),
(62, 58),
(55, 59),
(62, 59),
(55, 60),
(62, 60),
(55, 61),
(62, 61),
(55, 62),
(62, 62),
(55, 63),
(62, 63),
(55, 64),
(62, 64),
(55, 65),
(62, 65),
(55, 66),
(62, 66),
(55, 67),
(62, 67),
(55, 68),
(62, 68),
(55, 69),
(62, 69),
(55, 70),
(62, 70),
(55, 71),
(62, 71),
(55, 72),
(62, 72),
(55, 73),
(62, 73),
(55, 74),
(62, 74),
(55, 75),
(62, 75),
(55, 76),
(62, 76),
(55, 77),
(62, 77),
(65, 78),
(70, 78);

-- --------------------------------------------------------

--
-- Estrutura da tabela `log`
--

CREATE TABLE `log` (
  `logId` int(11) NOT NULL,
  `runNo` varchar(10) NOT NULL,
  `logDate` datetime DEFAULT NULL,
  `channel` varchar(20) NOT NULL,
  `type` varchar(254) NOT NULL,
  `page` varchar(50) NOT NULL,
  `function` varchar(50) DEFAULT NULL,
  `message` longtext NOT NULL,
  `userId` int(11) NOT NULL DEFAULT '0',
  `displayId` int(11) DEFAULT NULL
) ENGINE=InnoDB DEFAULT CHARSET=utf8;

--
-- Extraindo dados da tabela `log`
--

INSERT INTO `log` (`logId`, `runNo`, `logDate`, `channel`, `type`, `page`, `function`, `message`, `userId`, `displayId`) VALUES
(1, '9a94f66', '2021-08-10 12:45:22', 'WEB', 'ERROR', '/cms3/web/user/pref', 'GET', 'User Option not found', 0, 0),
(2, 'ac8272f', '2021-08-10 12:45:23', 'WEB', 'ERROR', '/cms3/web/user/pref', 'GET', 'User Option not found', 0, 0),
(3, 'b113eb6', '2021-08-10 12:45:52', 'WEB', 'ERROR', '/cms3/web/user/pref', 'GET', 'User Option not found', 0, 0),
(4, '1b46a99', '2021-08-10 12:46:52', 'WEB', 'ERROR', '/cms3/web/layout/import', 'POST', 'Module Type [forecastio] in imported Layout does not exist. Allowable types: [\"audio\",\"calendar\",\"chart\",\"clock\",\"countdown\",\"datasetticker\",\"datasetview\",\"embedded\",\"font\",\"genericfile\",\"hls\",\"htmlpackage\",\"image\",\"localvideo\",\"notificationview\",\"pdf\",\"playersoftware\",\"powerpoint\",\"savedreport\",\"shellcommand\",\"spacer\",\"subplaylist\",\"text\",\"ticker\",\"video\",\"videoin\",\"webpage\"]', 0, 0),
(5, '718a4b5', '2021-08-10 12:47:05', 'WEB', 'ERROR', '/cms3/web/user/pref', 'GET', 'User Option not found', 0, 0),
(6, 'c2c7c86', '2021-08-10 12:47:06', 'WEB', 'ERROR', '/cms3/web/user/pref', 'GET', 'User Option not found', 0, 0),
(7, 'c8697c5', '2021-08-10 12:50:00', 'WEB', 'ERROR', '/cms3/web/user/pref', 'GET', 'User Option not found', 0, 0),
(8, '7134060', '2021-08-10 12:52:50', 'WEB', 'ERROR', '/cms3/web/user/pref', 'GET', 'User Option not found', 0, 0),
(9, '529a14e', '2021-08-10 12:54:00', 'WEB', 'ERROR', '/cms3/web/library/thumbnail', 'POST', 'Exception adding Video cover image. e = Image source not readable', 0, 0),
(10, 'f8d8ca3', '2021-08-10 13:03:17', 'WEB', 'ERROR', '/cms3/web/user/pref', 'GET', 'User Option not found', 0, 0),
(11, 'e1399b8', '2021-08-10 13:03:49', 'WEB', 'ERROR', '/cms3/web/user/pref', 'GET', 'User Option not found', 0, 0),
(12, '410df80', '2021-08-10 13:10:19', 'WEB', 'ERROR', '/cms3/web/user/pref', 'GET', 'User Option not found', 0, 0),
(13, '4de7afd', '2021-08-10 13:11:31', 'WEB', 'ERROR', '/cms3/web/user/pref', 'GET', 'User Option not found', 0, 0),
(14, '52b092a', '2021-08-10 13:11:37', 'WEB', 'ERROR', '/cms3/web/user/pref', 'GET', 'User Option not found', 0, 0),
(15, 'ff30b8b', '2021-08-10 13:33:52', 'WEB', 'ERROR', '/cms3/web/displaygroup/1/action/collectNow', 'POST', 'ZeroMQ é necessário para comandos aos Players. Por favor, verifique suas configurações.', 0, 0),
(16, 'fadd260', '2021-08-10 13:40:17', 'WEB', 'ERROR', '/cms3/web/user/pref', 'GET', 'User Option not found', 0, 0),
(17, '39a4536', '2021-08-10 13:41:52', 'WEB', 'ERROR', '/cms3/web/user/pref', 'GET', 'User Option not found', 0, 0),
(18, 'c61b9ad', '2021-08-10 13:43:04', 'WEB', 'ERROR', '/cms3/web/user/pref', 'GET', 'User Option not found', 0, 0),
(19, '71792db', '2021-08-10 13:43:36', 'WEB', 'ERROR', '/cms3/web/user/pref', 'GET', 'User Option not found', 0, 0),
(20, '3b0b46a', '2021-08-10 11:57:11', 'PLAYER', 'ERROR', 'onHandleIntent', 'POST', 'Network status is connected, cannot reach XMDS.', 0, 1),
(21, 'dae857e', '2021-08-10 14:18:36', 'PLAYER', 'ERROR', 'XFA:DisplayManager', 'POST', 'HeartBeatEvent: XMDS not available.', 0, 1),
(22, 'dae857e', '2021-08-10 14:19:36', 'PLAYER', 'ERROR', 'onHandleIntent', 'POST', 'Network status is connected, cannot reach XMDS.', 0, 1);

-- --------------------------------------------------------

--
-- Estrutura da tabela `media`
--

CREATE TABLE `media` (
  `mediaId` int(11) NOT NULL,
  `name` varchar(100) NOT NULL,
  `type` varchar(15) NOT NULL,
  `duration` int(11) NOT NULL,
  `originalFileName` varchar(254) DEFAULT NULL,
  `storedAs` varchar(254) DEFAULT NULL,
  `md5` varchar(32) DEFAULT NULL,
  `fileSize` bigint(20) DEFAULT NULL,
  `userId` int(11) NOT NULL,
  `retired` tinyint(4) NOT NULL DEFAULT '0',
  `isEdited` tinyint(4) NOT NULL DEFAULT '0',
  `editedMediaId` int(11) DEFAULT NULL,
  `moduleSystemFile` tinyint(4) NOT NULL DEFAULT '0',
  `valid` tinyint(4) NOT NULL DEFAULT '1',
  `expires` int(11) DEFAULT NULL,
  `released` tinyint(4) NOT NULL DEFAULT '1',
  `apiRef` varchar(254) DEFAULT NULL,
  `createdDt` datetime DEFAULT NULL,
  `modifiedDt` datetime DEFAULT NULL,
  `enableStat` varchar(255) DEFAULT NULL,
  `folderId` int(11) NOT NULL DEFAULT '1',
  `permissionsFolderId` int(11) NOT NULL DEFAULT '1'
) ENGINE=InnoDB DEFAULT CHARSET=utf8;

--
-- Extraindo dados da tabela `media`
--

INSERT INTO `media` (`mediaId`, `name`, `type`, `duration`, `originalFileName`, `storedAs`, `md5`, `fileSize`, `userId`, `retired`, `isEdited`, `editedMediaId`, `moduleSystemFile`, `valid`, `expires`, `released`, `apiRef`, `createdDt`, `modifiedDt`, `enableStat`, `folderId`, `permissionsFolderId`) VALUES
(1, 'Logo', 'image', 10, 'xibo_logo_square.png', '1.png', '1b14e03ce0f249780372d8c833ee29f4', 19214, 1, 0, 0, NULL, 0, 1, 0, 1, NULL, '2021-08-10 12:44:39', '2021-08-10 12:44:39', 'Inherit', 1, 1),
(2, 'Default Layout Background', 'image', 10, 'default layout3 background.jpg', '2.jpg', '1723376616232e8d354f4362c9670fa0', 119781, 1, 0, 0, NULL, 0, 1, 0, 1, NULL, '2021-08-10 12:44:39', '2021-08-10 12:44:39', 'Inherit', 1, 1),
(3, 'jquery.min.js', 'module', 0, 'jquery.min.js', 'jquery.min.js', '12b69d0ae6c6f0c42942ae6da2896e84', 89475, 1, 0, 0, 0, 1, 1, 0, 1, NULL, '2021-08-10 12:44:39', '2021-08-10 12:44:40', NULL, 1, 1),
(4, 'xibo-layout-scaler.js', 'module', 0, 'xibo-layout-scaler.js', 'xibo-layout-scaler.js', '1bbb2f953d881eae7c8b878d2575e867', 5204, 1, 0, 0, 0, 1, 1, 0, 1, NULL, '2021-08-10 12:44:39', '2021-08-10 12:44:40', NULL, 1, 1),
(5, 'xibo-interactive-control.min.js', 'module', 0, 'xibo-interactive-control.min.js', 'xibo-interactive-control.min.js', '73bd701d66f342d8b1db550c03041ef7', 5281, 1, 0, 0, 0, 1, 1, 0, 1, NULL, '2021-08-10 12:44:39', '2021-08-10 12:44:40', NULL, 1, 1),
(6, 'moment.js', 'module', 0, 'moment.js', 'moment.js', '67bb26c11dba6c366834e65f5933aff2', 160251, 1, 0, 0, 0, 1, 1, 0, 1, NULL, '2021-08-10 12:44:39', '2021-08-10 12:44:39', NULL, 1, 1),
(7, 'xibo-text-render.js', 'module', 0, 'xibo-text-render.js', 'xibo-text-render.js', '6db4c40bcc0b2e80a7ea6ebd3d5047b5', 13635, 1, 0, 0, 0, 1, 1, 0, 1, NULL, '2021-08-10 12:44:39', '2021-08-10 12:44:39', NULL, 1, 1),
(8, 'Chart.min.js', 'module', 0, 'Chart.min.js', 'Chart.min.js', 'f6c8efa65711e0cbbc99ba72997ecd0e', 159638, 1, 0, 0, NULL, 1, 1, 0, 1, NULL, '2021-08-10 12:44:39', '2021-08-10 12:44:39', NULL, 1, 1),
(9, 'jquery-cycle-2.1.6.min.js', 'module', 0, 'jquery-cycle-2.1.6.min.js', 'jquery-cycle-2.1.6.min.js', '212480cf1292db459557814e2d7a571d', 28876, 1, 0, 0, 0, 1, 1, 0, 1, NULL, '2021-08-10 12:44:39', '2021-08-10 12:44:39', NULL, 1, 1),
(10, 'flipclock.min.js', 'module', 0, 'flipclock.min.js', 'flipclock.min.js', 'b9d7742384bdf912c51b6a1b5d674f7a', 21107, 1, 0, 0, NULL, 1, 1, 0, 1, NULL, '2021-08-10 12:44:39', '2021-08-10 12:44:39', NULL, 1, 1),
(11, 'xibo-countdown-render.js', 'module', 0, 'xibo-countdown-render.js', 'xibo-countdown-render.js', '9b001984b29274f0c347330311345e3d', 5846, 1, 0, 0, NULL, 1, 1, 0, 1, NULL, '2021-08-10 12:44:39', '2021-08-10 12:44:39', NULL, 1, 1),
(12, 'jquery.marquee.min.js', 'module', 0, 'jquery.marquee.min.js', 'jquery.marquee.min.js', '15f24e1fda583562dbfeabf2ee6a3d26', 11795, 1, 0, 0, 0, 1, 1, 0, 1, NULL, '2021-08-10 12:44:39', '2021-08-10 12:44:39', NULL, 1, 1),
(13, 'xibo-image-render.js', 'module', 0, 'xibo-image-render.js', 'xibo-image-render.js', '6152d3e99b2c61bb3db365d108337483', 2988, 1, 0, 0, 0, 1, 1, 0, 1, NULL, '2021-08-10 12:44:39', '2021-08-10 12:44:39', NULL, 1, 1),
(14, 'xibo-dataset-render.js', 'module', 0, 'xibo-dataset-render.js', 'xibo-dataset-render.js', 'e04ad2bff2a293cc7c7e162a9ef1a4c8', 1687, 1, 0, 0, NULL, 1, 1, 0, 1, NULL, '2021-08-10 12:44:39', '2021-08-10 12:44:39', NULL, 1, 1),
(15, 'Aileron Heavy Regular', 'font', 0, 'Aileron-Heavy.otf', '15.otf', '621ba5aaf66e52f3def0cf69807104b9', 30060, 1, 0, 0, NULL, 0, 1, 0, 1, NULL, '2021-08-10 12:44:39', '2021-08-10 12:44:39', NULL, 1, 1),
(16, 'Aileron Regular', 'font', 0, 'Aileron-Regular.otf', '16.otf', 'd321fa78bb7190a8ca7e14213ef63203', 27644, 1, 0, 0, NULL, 0, 1, 0, 1, NULL, '2021-08-10 12:44:39', '2021-08-10 12:44:39', NULL, 1, 1),
(17, 'Dancing Script Regular', 'font', 0, 'DancingScript-Regular.ttf', '17.ttf', '86aadd0451f9e7dafa957e1e61dd2ed7', 116580, 1, 0, 0, NULL, 0, 1, 0, 1, NULL, '2021-08-10 12:44:39', '2021-08-10 12:44:39', NULL, 1, 1),
(18, 'Railway Regular', 'font', 0, 'Railway.ttf', '18.ttf', '58963d3a57da7a70ac36d331416746c5', 45884, 1, 0, 0, NULL, 0, 1, 0, 1, NULL, '2021-08-10 12:44:39', '2021-08-10 12:44:39', NULL, 1, 1),
(19, 'Linear Regular', 'font', 0, 'linear-by-braydon-fuller.otf', '19.otf', 'afb33470c582079834acd8b9f979ce1a', 19684, 1, 0, 0, NULL, 0, 1, 0, 1, NULL, '2021-08-10 12:44:39', '2021-08-10 12:44:39', NULL, 1, 1),
(20, 'pdf.js', 'module', 0, 'pdf.js', 'pdf.js', 'dec9b89b936438760291e401c09f52aa', 333388, 1, 0, 0, NULL, 1, 1, 0, 1, NULL, '2021-08-10 12:44:39', '2021-08-10 12:44:39', NULL, 1, 1),
(21, 'pdf.worker.js', 'module', 0, 'pdf.worker.js', 'pdf.worker.js', '926affd0ae3d3b69e6071b26875638c8', 1337459, 1, 0, 0, NULL, 1, 1, 0, 1, NULL, '2021-08-10 12:44:39', '2021-08-10 12:44:39', NULL, 1, 1),
(22, 'compatibility.js', 'module', 0, 'compatibility.js', 'compatibility.js', '758c582a7fd2f30ec9dd8f91803a9882', 18126, 1, 0, 0, NULL, 1, 1, 0, 1, NULL, '2021-08-10 12:44:39', '2021-08-10 12:44:39', NULL, 1, 1),
(23, 'xibo-webpage-render.js', 'module', 0, 'xibo-webpage-render.js', 'xibo-webpage-render.js', 'd59f5fc84ef7747f27baddc07fe81487', 4832, 1, 0, 0, NULL, 1, 1, 0, 1, NULL, '2021-08-10 12:44:40', '2021-08-10 12:44:40', NULL, 1, 1),
(24, 'Medicos_Lateral.png', 'image', 10, 'Medicos_Lateral.png', '24.png', 'ccb6ebf15617b97fdcefb77c1c6d89e7', 48109, 1, 0, 0, NULL, 0, 1, 0, 1, NULL, '2021-08-10 12:46:52', '2021-08-10 12:46:52', 'Inherit', 1, 1),
(25, 'Missao lateral.png', 'image', 10, 'Missao lateral.png', '25.png', '3fcab912a3b79085b7ee2d3c2740f2e0', 57103, 1, 0, 0, NULL, 0, 1, 0, 1, NULL, '2021-08-10 12:46:52', '2021-08-10 12:46:52', 'Inherit', 1, 1),
(26, 'Trofeu Lateral.png', 'image', 10, 'Trofeu Lateral.png', '26.png', '0efd4acc89246639728910455fdb6d7e', 214685, 1, 0, 0, NULL, 0, 1, 0, 1, NULL, '2021-08-10 12:46:52', '2021-08-10 12:46:52', 'Inherit', 1, 1),
(27, 'verdwe.jpeg', 'image', 10, 'verdwe.jpeg', '27.jpeg', 'cc8a8c58219b10ebdfc70b1dabdf6008', 466, 1, 0, 0, NULL, 0, 1, 0, 1, NULL, '2021-08-10 12:46:52', '2021-08-10 12:46:52', 'Inherit', 1, 1),
(38, 'ticker_261b9258340671e7a76ffa4686f13832', 'module', 0, 'decio-piccinini-reproducao-1577558501699_v2_1920x1080.jpg', 'ticker_261b9258340671e7a76ffa4686f13832', '9b1d4bbb43a2ba938c021592a2583661', 115011, 1, 0, 0, 0, 0, 1, 1628706503, 1, NULL, '2021-08-11 11:27:22', '2021-08-11 11:28:23', NULL, 1, 1),
(39, 'ticker_c7fa20b092266f08ce307130b817eb37', 'module', 0, 'a-cantora-fluminense-anitta-foto-reproducao-1625806948467_v2_1920x1080.jpg', 'ticker_c7fa20b092266f08ce307130b817eb37', 'ddc4bb9cbc00256acc17682cedfc7235', 122847, 1, 0, 0, 0, 0, 1, 1628706503, 1, NULL, '2021-08-11 11:27:22', '2021-08-11 11:28:23', NULL, 1, 1),
(40, 'ticker_47a3e757f081f0f637d630f7da537390', 'module', 0, 'glamour-garcia-e-britney-em-a-dona-do-pedaco-1560351641185_v2_1920x1080.jpg', 'ticker_47a3e757f081f0f637d630f7da537390', '00342e22ac71c6e383e3d1769ff99592', 190137, 1, 0, 0, 0, 0, 1, 1628706503, 1, NULL, '2021-08-11 11:27:22', '2021-08-11 11:28:23', NULL, 1, 1),
(41, 'ticker_f6f33ccb4ee1fde4f70c44b5aa7bd487', 'module', 0, 'principe-andrew-1565700550981_v2_1920x1080.jpg', 'ticker_f6f33ccb4ee1fde4f70c44b5aa7bd487', '62ddf04ef09522d40e993c44fdffb484', 123535, 1, 0, 0, 0, 0, 1, 1628706503, 1, NULL, '2021-08-11 11:27:22', '2021-08-11 11:28:23', NULL, 1, 1),
(42, 'ticker_4e81b47172b72bca05623609c16d4d7f', 'module', 0, 'meme-jojo-todinho-1627302662292_v2_1920x1080.jpg', 'ticker_4e81b47172b72bca05623609c16d4d7f', '845dc8322a5c30ae6e0c21151f596888', 105141, 1, 0, 0, 0, 0, 1, 1628706503, 1, NULL, '2021-08-11 11:27:22', '2021-08-11 11:28:23', NULL, 1, 1),
(43, 'ticker_fe64a9e0c38bf2c8a3fedc2046ba4664', 'module', 0, 'luan-santana-1615578662867_v2_1920x1080.jpg', 'ticker_fe64a9e0c38bf2c8a3fedc2046ba4664', '2fbd6e74d3a665192a0a4538167c65d8', 343448, 1, 0, 0, 0, 0, 1, 1628706503, 1, NULL, '2021-08-11 11:27:22', '2021-08-11 11:28:23', NULL, 1, 1),
(44, 'ticker_0ea58075d399483826e4fbddfdde3fcd', 'module', 0, 'tom-veiga-e-o-manipulador-do-papagaio-louro-jose-1604265412152_v2_1920x1080.jpg', 'ticker_0ea58075d399483826e4fbddfdde3fcd', '35730eb58c213db4c1ce06f42aaf4611', 105786, 1, 0, 0, 0, 0, 1, 1628706503, 1, NULL, '2021-08-11 11:27:22', '2021-08-11 11:28:23', NULL, 1, 1),
(45, 'ticker_e59f37aee3aae1b65452dad9f442ce36', 'module', 0, 'gabi-martins-no-e-ai-beleza-1626880594482_v2_1920x1080.jpg', 'ticker_e59f37aee3aae1b65452dad9f442ce36', '38f70566c571f017d2d0162e74424eef', 121921, 1, 0, 0, 0, 0, 1, 1628706503, 1, NULL, '2021-08-11 11:27:22', '2021-08-11 11:28:23', NULL, 1, 1),
(46, 'ticker_36fcb9e02254ff663d3be984a76a1c33', 'module', 0, 'a-atriz-christina-applegate-indicada-a-melhor-atriz-em-serie-de-comedia-por-disque-amiga-para-matar-1578269992701_v2_1920x1080.jpg', 'ticker_36fcb9e02254ff663d3be984a76a1c33', '12c6581d6d5c2ca51e8aad5a75501631', 332511, 1, 0, 0, 0, 0, 1, 1628706503, 1, NULL, '2021-08-11 11:27:22', '2021-08-11 11:28:23', NULL, 1, 1),
(47, 'ticker_5bdbfc1061bc22d8887aaf38a5b47d22', 'module', 0, 'o-apresentador-marcos-mion-na-sede-de-a-fazenda-11-1568410584911_v2_1920x1080.jpg', 'ticker_5bdbfc1061bc22d8887aaf38a5b47d22', 'f08542ce18c397d72cdf829d38ddc6b4', 208705, 1, 0, 0, 0, 0, 1, 1628706503, 1, NULL, '2021-08-11 11:27:22', '2021-08-11 11:28:23', NULL, 1, 1),
(48, 'ticker_025960f770d439a7bf1397ed0c522668', 'module', 0, 'beyonce-aceita-o-premio-de-melhor-cancao-de-rap-por-savage-no-palco-do-grammy-2021-1615775648806_v2_1920x1080.jpg', 'ticker_025960f770d439a7bf1397ed0c522668', 'c6c54b7781d1f070011e69b39baa2de1', 150460, 1, 0, 0, 0, 0, 1, 1628706503, 1, NULL, '2021-08-11 11:27:22', '2021-08-11 11:28:23', NULL, 1, 1),
(49, 'ticker_830d5d61f6e86a8df27fdddfaba969d8', 'module', 0, 'ator-de-venom-substitui-hugh-jackman-como-wolverine-em-imagem-veja-1602344757466_v2_1920x1080.jpg', 'ticker_830d5d61f6e86a8df27fdddfaba969d8', '648c60bb3658c727e402006450ce5da8', 189578, 1, 0, 0, 0, 0, 1, 1628706503, 1, NULL, '2021-08-11 11:27:22', '2021-08-11 11:28:23', NULL, 1, 1),
(50, 'ticker_a1ed7bb1f9ffd211726df35df6a9e201', 'module', 0, 'ross-david-schwimmer-e-rachel-jennifer-aniston-em-friends-1622117563850_v2_1920x1080.jpg', 'ticker_a1ed7bb1f9ffd211726df35df6a9e201', 'ff313d9a3937c22bb5048eac4311236f', 235912, 1, 0, 0, 0, 0, 1, 1628706503, 1, NULL, '2021-08-11 11:27:22', '2021-08-11 11:28:23', NULL, 1, 1),
(51, 'ticker_7dd5878f2c13a989a8b2bc643e1e6e35', 'module', 0, 'pocah-reproducao-1620309803484_v2_1920x1080.jpg', 'ticker_7dd5878f2c13a989a8b2bc643e1e6e35', '60e62fa49504e6c1cd1a8ba0e9cf5d5c', 242099, 1, 0, 0, 0, 0, 1, 1628706503, 1, NULL, '2021-08-11 11:27:22', '2021-08-11 11:28:23', NULL, 1, 1),
(52, 'ticker_0b54460836f50006da69e2f3c89d032d', 'module', 0, 'tiago-leifert-no-comando-do-super-danca-dos-famosos-1625436232656_v2_1920x1080.png', 'ticker_0b54460836f50006da69e2f3c89d032d', 'd5935993ff69d00bc66104b5cb6b35ed', 1396079, 1, 0, 0, 0, 0, 1, 1628706503, 1, NULL, '2021-08-11 11:27:22', '2021-08-11 11:28:23', NULL, 1, 1),
(53, 'ticker_db05abe2b258b72fad48be53abb4f63f', 'module', 0, 'camilla-de-lucas-faz-desabafo-apos-receber-ameaca-de-morte-reproducao-instagram-1622198319682_v2_1920x1080.jpg', 'ticker_db05abe2b258b72fad48be53abb4f63f', 'b58600b3ae6d62fece219ef4f96b44f4', 160065, 1, 0, 0, 0, 0, 1, 1628706503, 1, NULL, '2021-08-11 11:27:22', '2021-08-11 11:28:23', NULL, 1, 1),
(54, 'ticker_08e47f7da5cc9b78ae2350b82b6ba653', 'module', 0, 'bbb-20-marcela-esta-no-paredao-1581670100296_1920x1080.jpg', 'ticker_08e47f7da5cc9b78ae2350b82b6ba653', '1d0dea9e054f2eac309a086bc0808cdd', 258126, 1, 0, 0, 0, 0, 1, 1628706503, 1, NULL, '2021-08-11 11:27:22', '2021-08-11 11:28:23', NULL, 1, 1),
(55, 'ticker_bd686da3af9d3b10f7c98b886ee7de50', 'module', 0, 'juju-salimeni-1463429319402_1920x1080.jpg', 'ticker_bd686da3af9d3b10f7c98b886ee7de50', 'ac8aeaa80c5f10f32d15e0bee4c90d78', 228679, 1, 0, 0, 0, 0, 1, 1628706503, 1, NULL, '2021-08-11 11:27:22', '2021-08-11 11:28:23', NULL, 1, 1),
(56, 'ticker_1f3f5cc23d90d3e2097fb1be1e2c5f1d', 'module', 0, '22mar2016---o-casal-tarcisio-meira-e-gloria-menezes-na-28-edicao-do-premio-shell-de-teatro-em-sao-paulo-1458691005203_v2_1920x1080.jpg', 'ticker_1f3f5cc23d90d3e2097fb1be1e2c5f1d', '587a8b27e52f17dfc7efd878f14666fd', 284655, 1, 0, 0, 0, 0, 1, 1628706503, 1, NULL, '2021-08-11 11:27:22', '2021-08-11 11:28:23', NULL, 1, 1),
(57, 'ticker_1f8ec6f3b75f4960f59134bbefe538c6', 'module', 0, 'jeniffer-nascimento-finalista-do-popstar-1542558308382_v2_1920x1080.jpg', 'ticker_1f8ec6f3b75f4960f59134bbefe538c6', '810ea7274d9211da369b56714a0054d4', 209689, 1, 0, 0, 0, 0, 1, 1628706503, 1, NULL, '2021-08-11 11:27:22', '2021-08-11 11:28:23', NULL, 1, 1),
(58, 'ticker_ca8fd2cd5cbf8719b623d5a7c6a05812', 'module', 0, 'diu-anticoncepcional-1484215837754_1920x1080.jpg', 'ticker_ca8fd2cd5cbf8719b623d5a7c6a05812', 'c5d2576b459c25cb46d47809cf0714af', 256495, 1, 0, 0, 0, 0, 1, 1628706559, 1, NULL, '2021-08-11 11:28:39', '2021-08-11 11:29:19', NULL, 1, 1),
(59, 'ticker_c956661148115696c32b305fe64b6765', 'module', 0, 'mulher-tomando-vacina-1627506186753_v2_1920x1080.jpg', 'ticker_c956661148115696c32b305fe64b6765', '6f1f8da9507e91974ffcb6a5152518d8', 99769, 1, 0, 0, 0, 0, 1, 1628706559, 1, NULL, '2021-08-11 11:28:39', '2021-08-11 11:29:19', NULL, 1, 1),
(60, 'ticker_cbced2eb83971abd3744c6c129aff726', 'module', 0, 'imagem-ilustrativa-do-coronavirus-em-frente-aos-dizeres-fake-news-1590717268518_v2_1920x1080.jpg', 'ticker_cbced2eb83971abd3744c6c129aff726', 'c52b3bfe0b3490b8e3c9ee1c9303f1cb', 127202, 1, 0, 0, 0, 0, 1, 1628706559, 1, NULL, '2021-08-11 11:28:39', '2021-08-11 11:29:19', NULL, 1, 1),
(61, 'ticker_a373b1291042b02a3eba7b7e79a8c2fa', 'module', 0, 'violencia-violencia-contra-a-mulher-feminicidio-1591987141282_v2_1920x1080.jpg', 'ticker_a373b1291042b02a3eba7b7e79a8c2fa', '80b9d45996ff0f4d4235d88fdf5d2220', 194360, 1, 0, 0, 0, 0, 1, 1628706559, 1, NULL, '2021-08-11 11:28:39', '2021-08-11 11:29:19', NULL, 1, 1),
(62, 'ticker_05e5383623b98a62e9803c080df628f2', 'module', 0, 'estatua-do-borba-gato-em-chamas-na-tarde-de-hoje-incendio-ja-foi-controlado-1627151123228_v2_1920x1080.jpg', 'ticker_05e5383623b98a62e9803c080df628f2', 'd12eaceef5e8e1a912c2923f8fdb5132', 102163, 1, 0, 0, 0, 0, 1, 1628706559, 1, NULL, '2021-08-11 11:28:39', '2021-08-11 11:29:19', NULL, 1, 1),
(63, 'ticker_cd96891a2156704ba7c41c201c1af8c0', 'module', 0, 'look-com-as-tonalidades-das-cores-de-2021-amarelo-e-cinza-look-mulher-roupa-estilo-1609961599767_v2_1920x1080.jpg', 'ticker_cd96891a2156704ba7c41c201c1af8c0', '179f8e61cb06a0660dd19573576edbda', 197914, 1, 0, 0, 0, 0, 1, 1628706559, 1, NULL, '2021-08-11 11:28:39', '2021-08-11 11:29:19', NULL, 1, 1),
(64, 'ticker_76ad5b1f0522849e9dc39ba2e933e231', 'module', 0, 'o-ministro-da-educacao-milton-ribeiro-durante-anuncio-dos-resultados-do-ideb-e-do-saeb-2019-1600176366045_v2_1920x1080.jpg', 'ticker_76ad5b1f0522849e9dc39ba2e933e231', 'f6cca10e6ee789b6d4b6f7de1cd02809', 144778, 1, 0, 0, 0, 0, 1, 1628706559, 1, NULL, '2021-08-11 11:28:39', '2021-08-11 11:29:19', NULL, 1, 1),
(65, 'ticker_ed574fdcd36953af7329225369541854', 'module', 0, '17dez2016---papai-noel-mergulhador-alimenta-sardinhas-no-aquario-coex-em-seul-na-coreia-do-sul-1481979669819_1920x1080.jpg', 'ticker_ed574fdcd36953af7329225369541854', '13b2aea93cb9af032f79611f8646d748', 802869, 1, 0, 0, 0, 0, 1, 1628706559, 1, NULL, '2021-08-11 11:28:39', '2021-08-11 11:29:19', NULL, 1, 1),
(66, 'ticker_f3a714bfc19bb7dd781a19321314a12c', 'module', 0, '23jul2021---profissional-de-saude-segura-seringa-e-vacina-contra-covid-19-em-imagem-ilustrativa-1627409460685_v2_1920x1080.jpg', 'ticker_f3a714bfc19bb7dd781a19321314a12c', '427c9b432c98c9b9f376672e9530bc53', 147293, 1, 0, 0, 0, 0, 1, 1628706559, 1, NULL, '2021-08-11 11:28:39', '2021-08-11 11:29:19', NULL, 1, 1),
(67, 'ticker_0de8855063fec7a24db467be5478ef99', 'module', 0, 'um-dos-gatos-que-a-engenharia-jacy-alimenta-no-parque-da-aclimacao-em-sp-1566585707189_v2_1920x1080.jpg', 'ticker_0de8855063fec7a24db467be5478ef99', '2bd113c8eb3b769ebcc29b3348e334a0', 294452, 1, 0, 0, 0, 0, 1, 1628706559, 1, NULL, '2021-08-11 11:28:39', '2021-08-11 11:29:19', NULL, 1, 1),
(68, 'ticker_9de1257cea0137efc6b7449e31b3764b', 'module', 0, '26abr2019---o-prefeito-de-sao-paulo-bruno-covas-faz-o-lancamento-do-policiamento-com-patinete-eletrico-que-sera-utilizado-pela-guarda-civil-metropolitana-gcm-com-secretarios-de-seguranca-urbana-jose-1556377579927_v2_1920x1080.jpg', 'ticker_9de1257cea0137efc6b7449e31b3764b', 'c6d8125a58c0c258e02fa072505c31bf', 416590, 1, 0, 0, 0, 0, 1, 1628706559, 1, NULL, '2021-08-11 11:28:39', '2021-08-11 11:29:19', NULL, 1, 1),
(69, 'ticker_7639d1d137300aa30a1abc0ab2b388ed', 'module', 0, 'gilson-machado-da-silva-conhecido-como-gilson-motorista-foi-eleito-vereador-em-2020-1628629330141_v2_1920x1080.jpg', 'ticker_7639d1d137300aa30a1abc0ab2b388ed', '7ed86af657f0016ed854b7f6362e8352', 126575, 1, 0, 0, 0, 0, 1, 1628706559, 1, NULL, '2021-08-11 11:28:39', '2021-08-11 11:29:19', NULL, 1, 1),
(70, 'ticker_013b625b9445476a3d778ede8eaeb28e', 'module', 0, 'homem-preso-algemas-1573134775871_v2_1920x1080.jpg', 'ticker_013b625b9445476a3d778ede8eaeb28e', '7dac066920b22647f7b1ef5d9dd0aea5', 125761, 1, 0, 0, 0, 0, 1, 1628706559, 1, NULL, '2021-08-11 11:28:39', '2021-08-11 11:29:19', NULL, 1, 1),
(71, 'ticker_acf205a68d131e8f03c6e98861879260', 'module', 0, 'brasilia-df-brasil-12-08-2019-10h00-indias-de-varias-etnias-invadem-predio-onde-fica-a-secretaria-de-saude-indigena-em-brasilia-centenas-de-indigenas-que-participam-da-marcha-das-mulheres-indigenas-1611251964859_v2_1920x1080.jpg', 'ticker_acf205a68d131e8f03c6e98861879260', '61a85ec29abe62868ccb8568cf7efd1d', 168816, 1, 0, 0, 0, 0, 1, 1628706559, 1, NULL, '2021-08-11 11:28:39', '2021-08-11 11:29:19', NULL, 1, 1),
(72, 'ticker_095f2a87a1323c7e02647d8bdf59ef33', 'module', 0, '28mai2014---caatinga---parque-nacional-da-serra-da-capivara-pi-1401309752992_1920x1080.jpg', 'ticker_095f2a87a1323c7e02647d8bdf59ef33', 'ae41cc7a787a84fd92bf7748922055ef', 896803, 1, 0, 0, 0, 0, 1, 1628706559, 1, NULL, '2021-08-11 11:28:39', '2021-08-11 11:29:19', NULL, 1, 1),
(73, 'ticker_b570e5ca59076e4fd701a0df2e411b38', 'module', 0, 'ministerio-da-saude-anuncia-acordo-para-comprar-20-milhoes-de-doses-da-vacina-covaxin-1614298686257_v2_1920x1080.jpg', 'ticker_b570e5ca59076e4fd701a0df2e411b38', '0ee55e693a8c72126123bfe0397933c4', 267051, 1, 0, 0, 0, 0, 1, 1628706559, 1, NULL, '2021-08-11 11:28:39', '2021-08-11 11:29:19', NULL, 1, 1),
(74, 'ticker_a1711fb06acbdd71dd50d7f768d8df6f', 'module', 0, 'violencia-contra-a-mulher-1556205241965_1920x1080.png', 'ticker_a1711fb06acbdd71dd50d7f768d8df6f', 'd49e898245095be295728eec5d9ff506', 191957, 1, 0, 0, 0, 0, 1, 1628706559, 1, NULL, '2021-08-11 11:28:39', '2021-08-11 11:29:19', NULL, 1, 1),
(75, 'ticker_57eeb0d55e332d5229fc65d38c378dd0', 'module', 0, '16jun2021---trabalhadores-da-saude-atendem-a-pacientes-com-covid-19-na-unidade-de-terapia-intensiva-uti-do-hospital-ipiranga-na-zona-sul-da-capital-paulista-1624820627922_v2_1920x1080.jpg', 'ticker_57eeb0d55e332d5229fc65d38c378dd0', '5b4c3149105b2d289635b72fdfe1a4a4', 203844, 1, 0, 0, 0, 0, 1, 1628706559, 1, NULL, '2021-08-11 11:28:39', '2021-08-11 11:29:19', NULL, 1, 1),
(76, 'ticker_81eedfdb66c6691de69a676f3c3189ae', 'module', 0, 'equipe-de-saude-vacina-preso-contra-o-coronavirus-em-sao-paulo-1625484426223_v2_1920x1080.jpg', 'ticker_81eedfdb66c6691de69a676f3c3189ae', '953c1e7b9b5356aedefd198af8fca494', 182807, 1, 0, 0, 0, 0, 1, 1628706559, 1, NULL, '2021-08-11 11:28:39', '2021-08-11 11:29:19', NULL, 1, 1),
(77, 'ticker_2f90e062c2c76df620bb77e4e70dc7fa', 'module', 0, 'inauguracao-da-estacao-mendes-vila-natal-da-linha-9-esmeralda-da-cptm-1628614929173_v2_1920x1080.jpg', 'ticker_2f90e062c2c76df620bb77e4e70dc7fa', 'b166db2b44799a034abf619f5266845a', 294825, 1, 0, 0, 0, 0, 1, 1628706559, 1, NULL, '2021-08-11 11:28:39', '2021-08-11 11:29:19', NULL, 1, 1),
(78, 'ticker_3da6d95049cd95594930b149354cdd62', 'module', 0, 'MegaSena.jpg', 'ticker_3da6d95049cd95594930b149354cdd62', '141441221033b1d3d04251472a2e2d90', 421323, 1, 0, 0, 0, 0, 1, 1628706753, 1, NULL, '2021-08-11 11:31:13', '2021-08-11 11:32:33', NULL, 1, 1);

-- --------------------------------------------------------

--
-- Estrutura da tabela `module`
--

CREATE TABLE `module` (
  `moduleId` int(11) NOT NULL,
  `module` varchar(50) NOT NULL,
  `name` varchar(50) NOT NULL,
  `enabled` tinyint(4) NOT NULL DEFAULT '0',
  `regionSpecific` tinyint(4) NOT NULL DEFAULT '1',
  `description` varchar(254) DEFAULT NULL,
  `schemaVersion` int(11) NOT NULL DEFAULT '1',
  `validExtensions` varchar(254) DEFAULT NULL,
  `previewEnabled` tinyint(4) NOT NULL DEFAULT '1',
  `assignable` tinyint(4) NOT NULL DEFAULT '1',
  `render_as` varchar(10) DEFAULT NULL,
  `settings` text,
  `viewPath` varchar(254) NOT NULL DEFAULT '../modules',
  `class` varchar(254) NOT NULL,
  `defaultDuration` int(11) NOT NULL,
  `installName` varchar(254) DEFAULT NULL
) ENGINE=InnoDB DEFAULT CHARSET=utf8;

--
-- Extraindo dados da tabela `module`
--

INSERT INTO `module` (`moduleId`, `module`, `name`, `enabled`, `regionSpecific`, `description`, `schemaVersion`, `validExtensions`, `previewEnabled`, `assignable`, `render_as`, `settings`, `viewPath`, `class`, `defaultDuration`, `installName`) VALUES
(1, 'Image', 'Image', 1, 0, 'Upload Image files to assign to Layouts', 1, 'jpg,jpeg,png,bmp,gif', 1, 1, NULL, NULL, '../modules', 'Xibo\\Widget\\Image', 10, NULL),
(2, 'Video', 'Video', 1, 0, 'Upload Video files to assign to Layouts', 1, 'wmv,avi,mpg,mpeg,webm,mp4,m4v', 1, 1, NULL, NULL, '../modules', 'Xibo\\Widget\\Video', 0, NULL),
(4, 'PowerPoint', 'PowerPoint', 1, 0, 'Upload a PowerPoint file to assign to Layouts', 1, 'ppt,pps,pptx', 1, 1, NULL, NULL, '../modules', 'Xibo\\Widget\\PowerPoint', 10, NULL),
(5, 'Webpage', 'Webpage', 1, 1, 'Embed a Webpage', 1, NULL, 1, 1, NULL, NULL, '../modules', 'Xibo\\Widget\\WebPage', 60, NULL),
(6, 'Ticker', 'Ticker', 1, 1, 'Display dynamic feed content', 1, NULL, 1, 1, NULL, '[]', '../modules', 'Xibo\\Widget\\Ticker', 5, NULL),
(7, 'Text', 'Text', 1, 1, 'Add Text directly to a Layout', 1, NULL, 1, 1, NULL, NULL, '../modules', 'Xibo\\Widget\\Text', 5, NULL),
(8, 'Embedded', 'Embedded', 1, 1, 'Embed HTML and JavaScript', 1, NULL, 1, 1, NULL, NULL, '../modules', 'Xibo\\Widget\\Embedded', 60, NULL),
(11, 'datasetview', 'DataSet View', 1, 1, 'Organise and display DataSet data in a tabular format', 1, NULL, 1, 1, NULL, NULL, '../modules', 'Xibo\\Widget\\DataSetView', 60, NULL),
(12, 'shellcommand', 'Shell Command', 1, 1, 'Instruct a Display to execute a command using the operating system shell', 1, NULL, 1, 1, NULL, NULL, '../modules', 'Xibo\\Widget\\ShellCommand', 3, NULL),
(13, 'localvideo', 'Local Video', 1, 1, 'Display Video that only exists on the Display by providing a local file path or URL', 1, NULL, 0, 1, NULL, NULL, '../modules', 'Xibo\\Widget\\LocalVideo', 60, NULL),
(14, 'genericfile', 'Generic File', 1, 0, 'A generic file to be stored in the library', 1, ',js,html,htm', 0, 0, NULL, NULL, '../modules', 'Xibo\\Widget\\GenericFile', 10, NULL),
(15, 'clock', 'Clock', 1, 1, 'Assign a type of Clock or a Countdown', 1, NULL, 1, 1, 'html', '[]', '../modules', 'Xibo\\Widget\\Clock', 5, NULL),
(16, 'font', 'Font', 1, 0, 'A font to use in other Modules', 1, 'ttf,otf,eot,svg,woff', 0, 0, NULL, NULL, '../modules', 'Xibo\\Widget\\Font', 10, NULL),
(17, 'audio', 'Audio', 1, 0, 'Upload Audio files to assign to Layouts', 1, 'mp3,wav', 0, 1, NULL, NULL, '../modules', 'Xibo\\Widget\\Audio', 0, NULL),
(18, 'pdf', 'PDF', 1, 0, 'Upload PDF files to assign to Layouts', 1, 'pdf', 1, 1, 'html', NULL, '../modules', 'Xibo\\Widget\\Pdf', 60, NULL),
(19, 'notificationview', 'Notification', 1, 1, 'Display messages created in the Notification Drawer of the CMS', 1, NULL, 1, 1, 'html', NULL, '../modules', 'Xibo\\Widget\\NotificationView', 10, NULL),
(20, 'subplaylist', 'Sub-Playlist', 1, 1, 'Embed a Sub-Playlist', 1, NULL, 1, 1, 'native', NULL, '../modules', 'Xibo\\Widget\\SubPlaylist', 10, NULL),
(21, 'datasetticker', 'DataSet Ticker', 1, 1, 'Ticker with a DataSet providing the items', 1, NULL, 1, 1, 'html', NULL, '../modules', 'Xibo\\Widget\\DataSetTicker', 10, NULL),
(22, 'playersoftware', 'Player Software', 1, 0, 'A module for managing Player Versions', 1, 'apk,ipk,wgt', 0, 0, NULL, NULL, '../modules', 'Xibo\\Widget\\PlayerSoftware', 10, NULL),
(23, 'htmlpackage', 'HTML Package', 1, 0, 'Upload a complete package to distribute to Players', 1, 'htz', 0, 1, 'native', NULL, '../modules', 'Xibo\\Widget\\HtmlPackage', 60, NULL),
(24, 'videoin', 'Video In', 1, 1, 'Display input from an external source', 1, NULL, 0, 1, 'native', NULL, '../modules', 'Xibo\\Widget\\VideoIn', 60, NULL),
(25, 'hls', 'HLS', 1, 1, 'Display live streamed content', 1, NULL, 1, 1, 'html', NULL, '../modules', 'Xibo\\Widget\\Hls', 60, NULL),
(26, 'calendar', 'Calendar', 1, 1, 'Display events from an iCAL feed', 1, NULL, 1, 1, 'html', NULL, '../modules', 'Xibo\\Widget\\Calendar', 60, NULL),
(27, 'chart', 'Chart', 1, 1, 'Display information held in a DataSet as a type of Chart', 1, NULL, 1, 1, 'html', NULL, '../modules', 'Xibo\\Widget\\Chart', 240, NULL),
(28, 'savedreport', 'Saved Reports', 1, 0, 'A saved report to be stored in the library', 1, 'json', 0, 0, NULL, NULL, '../modules', 'Xibo\\Widget\\SavedReport', 10, 'savedreport'),
(29, 'spacer', 'Spacer', 1, 1, 'Make a Region empty for a specified duration', 1, NULL, 0, 1, 'html', NULL, '../modules', 'Xibo\\Widget\\Spacer', 60, 'spacer'),
(30, 'countdown', 'Countdown', 1, 1, 'Countdown Module', 1, NULL, 1, 1, 'html', NULL, '../modules', 'Xibo\\Widget\\Countdown', 60, 'countdown');

-- --------------------------------------------------------

--
-- Estrutura da tabela `notification`
--

CREATE TABLE `notification` (
  `notificationId` int(11) NOT NULL,
  `subject` varchar(255) NOT NULL,
  `body` longtext NOT NULL,
  `createDt` int(11) NOT NULL,
  `releaseDt` int(11) NOT NULL,
  `isEmail` tinyint(4) NOT NULL,
  `isInterrupt` tinyint(4) NOT NULL,
  `isSystem` tinyint(4) NOT NULL,
  `userId` int(11) NOT NULL,
  `filename` varchar(1000) DEFAULT NULL,
  `nonusers` varchar(1000) DEFAULT NULL,
  `originalFileName` varchar(254) DEFAULT NULL
) ENGINE=InnoDB DEFAULT CHARSET=utf8;

-- --------------------------------------------------------

--
-- Estrutura da tabela `oauth_clients`
--

CREATE TABLE `oauth_clients` (
  `id` varchar(254) NOT NULL,
  `secret` varchar(254) NOT NULL,
  `name` varchar(254) NOT NULL,
  `userId` int(11) NOT NULL,
  `authCode` tinyint(4) NOT NULL,
  `clientCredentials` tinyint(4) NOT NULL,
  `isConfidential` tinyint(4) NOT NULL DEFAULT '1'
) ENGINE=InnoDB DEFAULT CHARSET=utf8;

-- --------------------------------------------------------

--
-- Estrutura da tabela `oauth_client_redirect_uris`
--

CREATE TABLE `oauth_client_redirect_uris` (
  `id` int(11) NOT NULL,
  `client_id` varchar(254) NOT NULL,
  `redirect_uri` varchar(500) NOT NULL
) ENGINE=InnoDB DEFAULT CHARSET=utf8;

-- --------------------------------------------------------

--
-- Estrutura da tabela `oauth_client_scopes`
--

CREATE TABLE `oauth_client_scopes` (
  `id` int(11) NOT NULL,
  `clientId` varchar(254) NOT NULL,
  `scopeId` varchar(254) NOT NULL
) ENGINE=InnoDB DEFAULT CHARSET=utf8;

-- --------------------------------------------------------

--
-- Estrutura da tabela `oauth_scopes`
--

CREATE TABLE `oauth_scopes` (
  `id` varchar(254) NOT NULL,
  `description` varchar(1000) NOT NULL
) ENGINE=InnoDB DEFAULT CHARSET=utf8;

--
-- Extraindo dados da tabela `oauth_scopes`
--

INSERT INTO `oauth_scopes` (`id`, `description`) VALUES
('all', 'All'),
('mcaas', 'Media Conversion as a Service');

-- --------------------------------------------------------

--
-- Estrutura da tabela `oauth_scope_routes`
--

CREATE TABLE `oauth_scope_routes` (
  `id` int(11) NOT NULL,
  `scopeId` varchar(254) NOT NULL,
  `route` varchar(1000) NOT NULL,
  `method` varchar(8) NOT NULL
) ENGINE=InnoDB DEFAULT CHARSET=utf8;

--
-- Extraindo dados da tabela `oauth_scope_routes`
--

INSERT INTO `oauth_scope_routes` (`id`, `scopeId`, `route`, `method`) VALUES
(1, 'mcaas', '/', 'GET'),
(2, 'mcaas', '/library/download/{id}[/{type}]', 'GET'),
(3, 'mcaas', '/library/mcaas/{id}', 'POST');

-- --------------------------------------------------------

--
-- Estrutura da tabela `permission`
--

CREATE TABLE `permission` (
  `permissionId` int(11) NOT NULL,
  `entityId` int(11) NOT NULL,
  `groupId` int(11) NOT NULL,
  `objectId` int(11) NOT NULL,
  `view` tinyint(4) NOT NULL,
  `edit` tinyint(4) NOT NULL,
  `delete` tinyint(4) NOT NULL
) ENGINE=InnoDB DEFAULT CHARSET=utf8;

--
-- Extraindo dados da tabela `permission`
--

INSERT INTO `permission` (`permissionId`, `entityId`, `groupId`, `objectId`, `view`, `edit`, `delete`) VALUES
(12, 11, 2, 1, 1, 0, 0),
(13, 11, 2, 2, 1, 0, 0),
(21, 3, 2, 15, 1, 0, 0),
(22, 3, 2, 16, 1, 0, 0),
(23, 3, 2, 17, 1, 0, 0),
(24, 3, 2, 18, 1, 0, 0),
(25, 3, 2, 19, 1, 0, 0);

-- --------------------------------------------------------

--
-- Estrutura da tabela `permissionentity`
--

CREATE TABLE `permissionentity` (
  `entityId` int(11) NOT NULL,
  `entity` varchar(50) NOT NULL
) ENGINE=InnoDB DEFAULT CHARSET=utf8;

--
-- Extraindo dados da tabela `permissionentity`
--

INSERT INTO `permissionentity` (`entityId`, `entity`) VALUES
(4, 'Xibo\\Entity\\Campaign'),
(12, 'Xibo\\Entity\\Command'),
(9, 'Xibo\\Entity\\DataSet'),
(11, 'Xibo\\Entity\\DayPart'),
(2, 'Xibo\\Entity\\DisplayGroup'),
(13, 'Xibo\\Entity\\Folder'),
(3, 'Xibo\\Entity\\Media'),
(10, 'Xibo\\Entity\\Notification'),
(8, 'Xibo\\Entity\\Playlist'),
(7, 'Xibo\\Entity\\Region'),
(5, 'Xibo\\Entity\\Widget');

-- --------------------------------------------------------

--
-- Estrutura da tabela `phinxlog`
--

CREATE TABLE `phinxlog` (
  `version` bigint(20) NOT NULL,
  `migration_name` varchar(100) DEFAULT NULL,
  `start_time` timestamp NULL DEFAULT NULL,
  `end_time` timestamp NULL DEFAULT NULL,
  `breakpoint` tinyint(1) NOT NULL DEFAULT '0'
) ENGINE=InnoDB DEFAULT CHARSET=utf8;

--
-- Extraindo dados da tabela `phinxlog`
--

INSERT INTO `phinxlog` (`version`, `migration_name`, `start_time`, `end_time`, `breakpoint`) VALUES
(20180130073838, 'InstallMigration', '2021-08-10 15:44:07', '2021-08-10 15:44:08', 0),
(20180131113100, 'OldUpgradeStep85Migration', '2021-08-10 15:44:08', '2021-08-10 15:44:08', 0),
(20180131113853, 'OldUpgradeStep86Migration', '2021-08-10 15:44:08', '2021-08-10 15:44:08', 0),
(20180131113941, 'OldUpgradeStep87Migration', '2021-08-10 15:44:08', '2021-08-10 15:44:08', 0),
(20180131113948, 'OldUpgradeStep88Migration', '2021-08-10 15:44:08', '2021-08-10 15:44:08', 0),
(20180131113952, 'OldUpgradeStep92Migration', '2021-08-10 15:44:08', '2021-08-10 15:44:08', 0),
(20180131113957, 'OldUpgradeStep120Migration', '2021-08-10 15:44:08', '2021-08-10 15:44:08', 0),
(20180131114002, 'OldUpgradeStep121Migration', '2021-08-10 15:44:08', '2021-08-10 15:44:08', 0),
(20180131114007, 'OldUpgradeStep122Migration', '2021-08-10 15:44:08', '2021-08-10 15:44:08', 0),
(20180131114013, 'OldUpgradeStep123Migration', '2021-08-10 15:44:08', '2021-08-10 15:44:08', 0),
(20180131114017, 'OldUpgradeStep124Migration', '2021-08-10 15:44:08', '2021-08-10 15:44:08', 0),
(20180131114021, 'OldUpgradeStep125Migration', '2021-08-10 15:44:08', '2021-08-10 15:44:08', 0),
(20180131114025, 'OldUpgradeStep126Migration', '2021-08-10 15:44:08', '2021-08-10 15:44:08', 0),
(20180131114030, 'OldUpgradeStep127Migration', '2021-08-10 15:44:08', '2021-08-10 15:44:08', 0),
(20180131114050, 'OldUpgradeStep128Migration', '2021-08-10 15:44:08', '2021-08-10 15:44:08', 0),
(20180131114058, 'OldUpgradeStep129Migration', '2021-08-10 15:44:08', '2021-08-10 15:44:08', 0),
(20180131114103, 'OldUpgradeStep130Migration', '2021-08-10 15:44:08', '2021-08-10 15:44:08', 0),
(20180131114107, 'OldUpgradeStep131Migration', '2021-08-10 15:44:08', '2021-08-10 15:44:08', 0),
(20180131114110, 'OldUpgradeStep132Migration', '2021-08-10 15:44:08', '2021-08-10 15:44:08', 0),
(20180131114114, 'OldUpgradeStep133Migration', '2021-08-10 15:44:08', '2021-08-10 15:44:08', 0),
(20180131114118, 'OldUpgradeStep134Migration', '2021-08-10 15:44:08', '2021-08-10 15:44:08', 0),
(20180131114123, 'OldUpgradeStep135Migration', '2021-08-10 15:44:08', '2021-08-10 15:44:08', 0),
(20180131122645, 'OneRegionPerPlaylistMigration', '2021-08-10 15:44:08', '2021-08-10 15:44:09', 0),
(20180131123038, 'PlaylistTagsMigration', '2021-08-10 15:44:09', '2021-08-10 15:44:09', 0),
(20180131123248, 'WidgetFromToDtMigration', '2021-08-10 15:44:09', '2021-08-10 15:44:09', 0),
(20180212143336, 'DaypartSystemEntriesAsRecords', '2021-08-10 15:44:09', '2021-08-10 15:44:09', 0),
(20180213173846, 'MailFromNameSettingMigration', '2021-08-10 15:44:09', '2021-08-10 15:44:09', 0),
(20180219141257, 'DisplayGroupClosureIndexToNonUnique', '2021-08-10 15:44:09', '2021-08-10 15:44:09', 0),
(20180223180534, 'DataSetColumnFilterAndSortOptionsMigration', '2021-08-10 15:44:09', '2021-08-10 15:44:09', 0),
(20180302182421, 'WidgetCreatedAndModifiedDtMigration', '2021-08-10 15:44:09', '2021-08-10 15:44:09', 0),
(20180313085749, 'MediaTableEditedIdIndexMigration', '2021-08-10 15:44:09', '2021-08-10 15:44:09', 0),
(20180320154652, 'PlaylistAddDynamicFilterMigration', '2021-08-10 15:44:09', '2021-08-10 15:44:09', 0),
(20180327153325, 'RemoveUserLoggedInMigration', '2021-08-10 15:44:09', '2021-08-10 15:44:09', 0),
(20180514114415, 'FixCaseOnHelpTextFieldMigration', '2021-08-10 15:44:09', '2021-08-10 15:44:09', 0),
(20180515123835, 'LayoutPublishDraftMigration', '2021-08-10 15:44:09', '2021-08-10 15:44:09', 0),
(20180529065816, 'DataSetTruncateFixMigration', '2021-08-10 15:44:09', '2021-08-10 15:44:09', 0),
(20180529073531, 'DisplayAsVncLinkMigration', '2021-08-10 15:44:09', '2021-08-10 15:44:09', 0),
(20180621134013, 'AddWidgetSyncTaskMigration', '2021-08-10 15:44:09', '2021-08-10 15:44:09', 0),
(20180621134250, 'EventLayoutPermissionSettingMigration', '2021-08-10 15:44:09', '2021-08-10 15:44:09', 0),
(20180906115552, 'AddForeignKeysToTagsMigration', '2021-08-10 15:44:09', '2021-08-10 15:44:09', 0),
(20180906115606, 'AddForeignKeysToPermissionsMigration', '2021-08-10 15:44:09', '2021-08-10 15:44:09', 0),
(20180906115712, 'AddForeignKeysToWidgetMediaMigration', '2021-08-10 15:44:09', '2021-08-10 15:44:09', 0),
(20180906131643, 'ForgottenPasswordReminderMigration', '2021-08-10 15:44:09', '2021-08-10 15:44:10', 0),
(20180906131716, 'DataSetRssMigration', '2021-08-10 15:44:10', '2021-08-10 15:44:10', 0),
(20181011160130, 'SimpleSettingsMigration', '2021-08-10 15:44:10', '2021-08-10 15:44:10', 0),
(20181113173310, 'RemoveFinanceModuleMigration', '2021-08-10 15:44:10', '2021-08-10 15:44:10', 0),
(20181113180337, 'SplitTickerModuleMigration', '2021-08-10 15:44:10', '2021-08-10 15:44:10', 0),
(20181126113231, 'Release1812Migration', '2021-08-10 15:44:10', '2021-08-10 15:44:10', 0),
(20181210092443, 'RemoveImageUriModuleMigration', '2021-08-10 15:44:10', '2021-08-10 15:44:10', 0),
(20181212114400, 'CreatePlayerVersionsTableMigration', '2021-08-10 15:44:10', '2021-08-10 15:44:10', 0),
(20181217135044, 'EventSyncMigration', '2021-08-10 15:44:10', '2021-08-10 15:44:10', 0),
(20190121092556, 'PlayerUpgradeAndOverrideConfigMigration', '2021-08-10 15:44:10', '2021-08-10 15:44:10', 0),
(20190125170130, 'PlayerSoftwareVersionFieldMigration', '2021-08-10 15:44:10', '2021-08-10 15:44:10', 0),
(20190129103831, 'AddLinuxDisplayProfileMigration', '2021-08-10 15:44:10', '2021-08-10 15:44:10', 0),
(20190212112534, 'AddProofOfPlayStatsDurationAndCountMigration', '2021-08-10 15:44:10', '2021-08-10 15:44:10', 0),
(20190212115432, 'AddDefaultTransitionDurationSettingMigration', '2021-08-10 15:44:10', '2021-08-10 15:44:10', 0),
(20190213160914, 'AddGlobalStatSettingMigration', '2021-08-10 15:44:10', '2021-08-10 15:44:10', 0),
(20190213162212, 'AddHorizontalMenuSettingMigration', '2021-08-10 15:44:10', '2021-08-10 15:44:10', 0),
(20190214102508, 'AddLayoutEnableStat', '2021-08-10 15:44:10', '2021-08-10 15:44:10', 0),
(20190214102516, 'AddMediaEnableStat', '2021-08-10 15:44:10', '2021-08-10 15:44:10', 0),
(20190220165703, 'AddScheduleRecurrenceMonthlyRepeatsOnMigration', '2021-08-10 15:44:10', '2021-08-10 15:44:10', 0),
(20190227101705, 'MakeDisplayLicenseColumnUniqueMigration', '2021-08-10 15:44:10', '2021-08-10 15:44:10', 0),
(20190228120603, 'AddDynamicCriteriaTagsMigration', '2021-08-10 15:44:10', '2021-08-10 15:44:10', 0),
(20190301115046, 'AdjustGenericfileValidExtensionsMigration', '2021-08-10 15:44:10', '2021-08-10 15:44:10', 0),
(20190315134628, 'AddBandwidthLimitColumnToDisplaygroupMigration', '2021-08-10 15:44:10', '2021-08-10 15:44:10', 0),
(20190322162052, 'AddPublishedDateColumnMigration', '2021-08-10 15:44:10', '2021-08-10 15:44:10', 0),
(20190326163016, 'CreateLayoutHistoryTableMigration', '2021-08-10 15:44:10', '2021-08-10 15:44:10', 0),
(20190328111718, 'AddCampaignStatMigration', '2021-08-10 15:44:10', '2021-08-10 15:44:10', 0),
(20190401150256, 'AddScheduleNowPageMigration', '2021-08-10 15:44:10', '2021-08-10 15:44:10', 0),
(20190509101525, 'CreateReportScheduleTableMigration', '2021-08-10 15:44:10', '2021-08-10 15:44:10', 0),
(20190509102648, 'CreateSavedReportTableMigration', '2021-08-10 15:44:10', '2021-08-10 15:44:11', 0),
(20190509113001, 'AddReportPageMigration', '2021-08-10 15:44:11', '2021-08-10 15:44:11', 0),
(20190510140126, 'TwoFactorAuthMigration', '2021-08-10 15:44:11', '2021-08-10 15:44:11', 0),
(20190514134430, 'NullableTextFieldsMigration', '2021-08-10 15:44:11', '2021-08-10 15:44:11', 0),
(20190515094133, 'AddHtmlDatatypeMigration', '2021-08-10 15:44:11', '2021-08-10 15:44:11', 0),
(20190515105624, 'InstallAdditionalStandardModulesMigration', '2021-08-10 15:44:11', '2021-08-10 15:44:11', 0),
(20190517080033, 'AddForeignKeysToLktagTablesMigration', '2021-08-10 15:44:11', '2021-08-10 15:44:11', 0),
(20190521092700, 'AddReportScheduleTaskMigration', '2021-08-10 15:44:11', '2021-08-10 15:44:11', 0),
(20190521092930, 'AddPreviousRunDateReportScheduleMigration', '2021-08-10 15:44:11', '2021-08-10 15:44:11', 0),
(20190521102635, 'PlaylistDurationUpdateAtTimestamp', '2021-08-10 15:44:11', '2021-08-10 15:44:11', 0),
(20190603083836, 'ChangeStatTableStartEndColumnMigration', '2021-08-10 15:44:11', '2021-08-10 15:44:11', 0),
(20190610150331, 'TagsWithValuesMigration', '2021-08-10 15:44:11', '2021-08-10 15:44:11', 0),
(20190611145607, 'RemoveOldVersionTableMigration', '2021-08-10 15:44:11', '2021-08-10 15:44:11', 0),
(20190612140955, 'DisplayTableDatabaseSchemaAdjustmentsMigration', '2021-08-10 15:44:11', '2021-08-10 15:44:11', 0),
(20190620112611, 'MoveTidyStatsToStatsArchiveTaskMigration', '2021-08-10 15:44:11', '2021-08-10 15:44:11', 0),
(20190620142655, 'AddPlaylistEnableStatMigration', '2021-08-10 15:44:11', '2021-08-10 15:44:11', 0),
(20190626091331, 'WidgetHistoryMigration', '2021-08-10 15:44:11', '2021-08-10 15:44:11', 0),
(20190626110359, 'CreateStatTableMigration', '2021-08-10 15:44:11', '2021-08-10 15:44:11', 0),
(20190628083649, 'AddStatsMigrationTaskMigration', '2021-08-10 15:44:11', '2021-08-10 15:44:11', 0),
(20190710213414, 'AddIsActiveReportScheduleMigration', '2021-08-10 15:44:11', '2021-08-10 15:44:11', 0),
(20190717101342, 'NullableCommandValidationStringMigration', '2021-08-10 15:44:11', '2021-08-10 15:44:11', 0),
(20190719074601, 'MissingDefaultValueMigration', '2021-08-10 15:44:11', '2021-08-10 15:44:11', 0),
(20190725115532, 'AddScheduleReminderTaskMigration', '2021-08-10 15:44:11', '2021-08-10 15:44:11', 0),
(20190801102042, 'DisplayProfileCommandLinkFixMigration', '2021-08-10 15:44:12', '2021-08-10 15:44:12', 0),
(20190801141737, 'DatasetAddCustomHeadersColumnMigration', '2021-08-10 15:44:12', '2021-08-10 15:44:12', 0),
(20190801142302, 'AddDoohUserTypeMigration', '2021-08-10 15:44:12', '2021-08-10 15:44:12', 0),
(20190802145636, 'CreateScheduleReminderTableMigration', '2021-08-10 15:44:12', '2021-08-10 15:44:12', 0),
(20190806144729, 'AddShowContentFromMigration', '2021-08-10 15:44:12', '2021-08-10 15:44:12', 0),
(20190823081448, 'AddImageProcessingTaskMigration', '2021-08-10 15:44:12', '2021-08-10 15:44:12', 0),
(20190828123735, 'AddDefaultSettingResizeLimitResizeThresholdMigration', '2021-08-10 15:44:12', '2021-08-10 15:44:12', 0),
(20190903083314, 'AddGlobalSettingForCascadePermissionsMigration', '2021-08-10 15:44:12', '2021-08-10 15:44:12', 0),
(20190905084201, 'AddSettingForDefaultTransitionTypeMigration', '2021-08-10 15:44:12', '2021-08-10 15:44:12', 0),
(20190905084642, 'AddSettingForAutoLayoutPublishMigration', '2021-08-10 15:44:12', '2021-08-10 15:44:12', 0),
(20190910132520, 'DisplayMoveCmsMigration', '2021-08-10 15:44:12', '2021-08-10 15:44:12', 0),
(20190917093141, 'InterruptLayoutMigration', '2021-08-10 15:44:12', '2021-08-10 15:44:12', 0),
(20190918090608, 'AddDefaultSettingQuickChartMigration', '2021-08-10 15:44:12', '2021-08-10 15:44:12', 0),
(20190919154513, 'AddNotificationAttachmentFilenameNonUsersMigration', '2021-08-10 15:44:12', '2021-08-10 15:44:12', 0),
(20190926135518, 'AddSettingForTransitionAutoApplyToLayoutMigration', '2021-08-10 15:44:12', '2021-08-10 15:44:12', 0),
(20190926140809, 'InstallSavedReportsAndSpacerModulesMigration', '2021-08-10 15:44:12', '2021-08-10 15:44:12', 0),
(20191001092651, 'AddNotificationOriginalFilenameMigration', '2021-08-10 15:44:12', '2021-08-10 15:44:12', 0),
(20191022101141, 'AddCommandEntityToPermissionEntityMigration', '2021-08-10 15:44:12', '2021-08-10 15:44:12', 0),
(20191024152519, 'AddScheduleExclusionsTableMigration', '2021-08-10 15:44:12', '2021-08-10 15:44:12', 0),
(20191122114104, 'FixDuplicateModuleFilesMigration', '2021-08-10 15:44:12', '2021-08-10 15:44:12', 0),
(20191126103120, 'GeoScheduleMigration', '2021-08-10 15:44:12', '2021-08-10 15:44:12', 0),
(20191126141140, 'RemoteDataSetCsvSourceMigration', '2021-08-10 15:44:12', '2021-08-10 15:44:12', 0),
(20191205180116, 'AddPlaylistDashboardPageUserMigration', '2021-08-10 15:44:12', '2021-08-10 15:44:12', 0),
(20200107082625, 'DisplayAddResolutionMigration', '2021-08-10 15:44:12', '2021-08-10 15:44:12', 0),
(20200115115935, 'AddReportScheduleMessageMigration', '2021-08-10 15:44:12', '2021-08-10 15:44:12', 0),
(20200122143630, 'AddReleasedRequiredFileMigration', '2021-08-10 15:44:12', '2021-08-10 15:44:12', 0),
(20200122191232, 'AddCommercialLicenceColumnMigration', '2021-08-10 15:44:12', '2021-08-10 15:44:12', 0),
(20200129104944, 'AddEngagementsStatsMigration', '2021-08-10 15:44:12', '2021-08-10 15:44:12', 0),
(20200130165443, 'CountdownModuleAddMigration', '2021-08-10 15:44:12', '2021-08-10 15:44:12', 0),
(20200311110512, 'AddIsDrawerColumnMigration', '2021-08-10 15:44:12', '2021-08-10 15:44:12', 0),
(20200311110535, 'CreateActionTableMigration', '2021-08-10 15:44:12', '2021-08-10 15:44:12', 0),
(20200319093235, 'ChangeInterruptLayoutMigration', '2021-08-10 15:44:12', '2021-08-10 15:44:12', 0),
(20200401121544, 'AddSystemUserSettingMigration', '2021-08-10 15:44:12', '2021-08-10 15:44:12', 0),
(20200407143200, 'AddCodeColumnToLayoutMigration', '2021-08-10 15:44:12', '2021-08-10 15:44:12', 0),
(20200422101006, 'AddDataSetRowLimitMigration', '2021-08-10 15:44:12', '2021-08-10 15:44:12', 0),
(20200427085958, 'AddReportScheduleStartEndMigration', '2021-08-10 15:44:12', '2021-08-10 15:44:12', 0),
(20200530103029, 'DisplayRemoteLinksMigration', '2021-08-10 15:44:12', '2021-08-10 15:44:13', 0),
(20200604103141, 'CommandImprovementsMigration', '2021-08-10 15:44:13', '2021-08-10 15:44:13', 0),
(20200612141755, 'OauthUpgradeMigration', '2021-08-10 15:44:13', '2021-08-10 15:44:13', 0),
(20200720092246, 'AddSavedReportSchemaVersionMigration', '2021-08-10 15:44:13', '2021-08-10 15:44:13', 0),
(20200916134817, 'RemoveOldScreenshotsMigration', '2021-08-10 15:44:13', '2021-08-10 15:44:13', 0),
(20200917140227, 'DisplayGroupCreatedModifiedDates', '2021-08-10 15:44:13', '2021-08-10 15:44:13', 0),
(20201007080829, 'AddFoldersMigration', '2021-08-10 15:44:13', '2021-08-10 15:44:13', 0),
(20201007093511, 'FeaturesMigration', '2021-08-10 15:44:13', '2021-08-10 15:44:13', 0),
(20201025153753, 'RemoveOldPermissionSettingsMigration', '2021-08-10 15:44:13', '2021-08-10 15:44:13', 0),
(20210105105646, 'AddMcaasScopeAndRouteMigration', '2021-08-10 15:44:13', '2021-08-10 15:44:13', 0),
(20210113134628, 'EnableUserSharingFeatureOnUsersGroupMigration', '2021-08-10 15:44:13', '2021-08-10 15:44:13', 0),
(20210201150259, 'UserOnboardingMigration', '2021-08-10 15:44:13', '2021-08-10 15:44:14', 0),
(20210305131937, 'FixDuplicateTagsMigration', '2021-08-10 15:44:14', '2021-08-10 15:44:14', 0),
(20210407111756, 'RemoveReportNameColumnFromSavedReportMigration', '2021-08-10 15:44:14', '2021-08-10 15:44:14', 0),
(20210601104441, 'AddUserAgentToDataSetMigration', '2021-08-10 15:44:14', '2021-08-10 15:44:14', 0);

-- --------------------------------------------------------

--
-- Estrutura da tabela `player_software`
--

CREATE TABLE `player_software` (
  `versionId` int(11) NOT NULL,
  `player_type` varchar(20) DEFAULT NULL,
  `player_version` varchar(15) DEFAULT NULL,
  `player_code` smallint(6) DEFAULT NULL,
  `mediaId` int(11) NOT NULL,
  `playerShowVersion` varchar(50) NOT NULL
) ENGINE=InnoDB DEFAULT CHARSET=utf8;

-- --------------------------------------------------------

--
-- Estrutura da tabela `playlist`
--

CREATE TABLE `playlist` (
  `playlistId` int(11) NOT NULL,
  `name` varchar(254) NOT NULL,
  `ownerId` int(11) NOT NULL,
  `regionId` int(11) DEFAULT NULL,
  `createdDt` datetime DEFAULT NULL,
  `modifiedDt` datetime DEFAULT NULL,
  `duration` int(11) NOT NULL DEFAULT '0',
  `requiresDurationUpdate` int(11) NOT NULL DEFAULT '0',
  `isDynamic` tinyint(4) NOT NULL DEFAULT '0',
  `filterMediaName` varchar(255) DEFAULT NULL,
  `filterMediaTags` varchar(255) DEFAULT NULL,
  `enableStat` varchar(255) DEFAULT NULL,
  `folderId` int(11) NOT NULL DEFAULT '1',
  `permissionsFolderId` int(11) NOT NULL DEFAULT '1'
) ENGINE=InnoDB DEFAULT CHARSET=utf8;

--
-- Extraindo dados da tabela `playlist`
--

INSERT INTO `playlist` (`playlistId`, `name`, `ownerId`, `regionId`, `createdDt`, `modifiedDt`, `duration`, `requiresDurationUpdate`, `isDynamic`, `filterMediaName`, `filterMediaTags`, `enableStat`, `folderId`, `permissionsFolderId`) VALUES
(1, 'Logo', 1, 1, '2021-08-10 12:44:39', '2021-08-10 13:03:17', 0, 1, 0, NULL, NULL, NULL, 1, 1),
(2, 'Header', 1, 2, '2021-08-10 12:44:39', '2021-08-10 13:03:17', 0, 1, 0, NULL, NULL, NULL, 1, 1),
(3, 'Explainer', 1, 3, '2021-08-10 12:44:39', '2021-08-10 13:03:17', 0, 1, 0, NULL, NULL, NULL, 1, 1),
(4, 'Time', 1, 4, '2021-08-10 12:44:39', '2021-08-10 13:03:17', 0, 1, 0, NULL, NULL, NULL, 1, 1),
(16, 'Explainer', 1, 16, '2021-08-10 13:03:26', '2021-08-10 13:03:27', 0, 1, 0, NULL, NULL, NULL, 1, 1),
(17, 'Header', 1, 17, '2021-08-10 13:03:26', '2021-08-10 13:03:27', 0, 1, 0, NULL, NULL, NULL, 1, 1),
(18, 'Logo', 1, 18, '2021-08-10 13:03:26', '2021-08-10 13:03:27', 0, 1, 0, NULL, NULL, NULL, 1, 1),
(19, 'Time', 1, 19, '2021-08-10 13:03:26', '2021-08-10 13:03:27', 0, 1, 0, NULL, NULL, NULL, 1, 1),
(24, 'CLP', 1, NULL, '2021-08-10 10:46:09', '2021-08-11 11:23:29', 0, 1, 0, NULL, NULL, 'Inherit', 2, 1),
(25, 'CLP 2', 1, NULL, '2021-08-10 10:47:19', '2021-08-11 11:23:29', 0, 1, 0, NULL, NULL, 'Inherit', 2, 1),
(33, '1', 1, 31, '2021-08-11 11:25:19', '2021-08-11 11:25:19', 0, 1, 0, NULL, NULL, NULL, 3, 1),
(34, '1', 1, 32, '2021-08-11 11:25:41', '2021-08-11 11:28:38', 0, 1, 0, NULL, NULL, NULL, 3, 1),
(35, '1', 1, 33, '2021-08-11 11:25:41', '2021-08-11 11:25:41', 0, 1, 0, NULL, NULL, NULL, 3, 1),
(36, '1', 1, 34, '2021-08-11 11:25:41', '2021-08-11 11:25:41', 0, 1, 0, NULL, NULL, NULL, 3, 1),
(37, '1', 1, 35, '2021-08-11 11:25:42', '2021-08-11 11:25:42', 0, 1, 0, NULL, NULL, NULL, 3, 1),
(38, '1', 1, 36, '2021-08-11 11:25:42', '2021-08-11 11:25:42', 0, 1, 0, NULL, NULL, NULL, 3, 1),
(39, '1', 1, 37, '2021-08-11 11:26:26', '2021-08-11 11:26:26', 0, 1, 0, NULL, NULL, NULL, 3, 1),
(40, '1', 1, 38, '2021-08-11 11:26:50', '2021-08-11 11:28:23', 0, 1, 0, NULL, NULL, NULL, 3, 1),
(41, '1', 1, 39, '2021-08-11 11:28:39', '2021-08-11 11:29:19', 0, 1, 0, NULL, NULL, NULL, 3, 1),
(42, '1', 1, 40, '2021-08-11 11:30:27', '2021-08-11 11:30:27', 0, 1, 0, NULL, NULL, NULL, 4, 1),
(43, '1', 1, 41, '2021-08-11 11:31:00', '2021-08-11 11:31:00', 0, 1, 0, NULL, NULL, NULL, 4, 1),
(44, '1', 1, 42, '2021-08-11 11:31:00', '2021-08-11 11:31:11', 0, 1, 0, NULL, NULL, NULL, 4, 1),
(45, '1', 1, 43, '2021-08-11 11:31:00', '2021-08-11 11:31:00', 0, 1, 0, NULL, NULL, NULL, 4, 1),
(46, '1', 1, 44, '2021-08-11 11:31:00', '2021-08-11 11:31:00', 0, 1, 0, NULL, NULL, NULL, 4, 1),
(47, '1', 1, 45, '2021-08-11 11:31:00', '2021-08-11 11:31:00', 0, 1, 0, NULL, NULL, NULL, 4, 1),
(48, '1', 1, 46, '2021-08-11 11:31:00', '2021-08-11 11:31:00', 0, 1, 0, NULL, NULL, NULL, 4, 1),
(49, '1', 1, 47, '2021-08-11 11:31:15', '2021-08-11 11:32:33', 0, 1, 0, NULL, NULL, NULL, 4, 1);

-- --------------------------------------------------------

--
-- Estrutura da tabela `region`
--

CREATE TABLE `region` (
  `regionId` int(11) NOT NULL,
  `layoutId` int(11) NOT NULL,
  `ownerId` int(11) NOT NULL,
  `name` varchar(254) DEFAULT NULL,
  `width` decimal(10,0) NOT NULL,
  `height` decimal(10,0) NOT NULL,
  `top` decimal(10,0) NOT NULL,
  `left` decimal(10,0) NOT NULL,
  `zIndex` smallint(6) NOT NULL,
  `duration` int(11) NOT NULL DEFAULT '0',
  `isDrawer` tinyint(4) NOT NULL DEFAULT '0'
) ENGINE=InnoDB DEFAULT CHARSET=utf8;

--
-- Extraindo dados da tabela `region`
--

INSERT INTO `region` (`regionId`, `layoutId`, `ownerId`, `name`, `width`, `height`, `top`, `left`, `zIndex`, `duration`, `isDrawer`) VALUES
(1, 1, 1, 'Logo', 267, 157, 16, 24, 0, 60, 0),
(2, 1, 1, 'Header', 1109, 216, 290, 413, 0, 10, 0),
(3, 1, 1, 'Explainer', 1626, 145, 618, 147, 0, 25, 0),
(4, 1, 1, 'Time', 126, 58, 971, 1741, 0, 5, 0),
(16, 4, 1, 'Explainer', 1626, 145, 618, 147, 0, 25, 0),
(17, 4, 1, 'Header', 1109, 216, 290, 413, 0, 10, 0),
(18, 4, 1, 'Logo', 267, 157, 16, 24, 0, 60, 0),
(19, 4, 1, 'Time', 126, 58, 971, 1741, 0, 5, 0),
(31, 12, 1, '1', 1920, 1080, 0, 0, 0, 0, 0),
(32, 13, 1, '1', 1920, 1080, 0, 0, 0, 5, 0),
(33, 14, 1, '1', 1920, 1080, 0, 0, 0, 0, 0),
(34, 15, 1, '1', 1920, 1080, 0, 0, 0, 0, 0),
(35, 19, 1, '1', 1920, 1080, 0, 0, 0, 0, 0),
(36, 20, 1, '1', 1920, 1080, 0, 0, 0, 0, 0),
(37, 22, 1, '1', 1920, 1080, 0, 0, 0, 0, 0),
(38, 24, 1, '1', 1920, 1080, 0, 0, 0, 15, 0),
(39, 25, 1, '1', 1920, 1080, 0, 0, 0, 15, 0),
(40, 26, 1, '1', 1920, 1080, 0, 0, 0, 0, 0),
(41, 27, 1, '1', 1920, 1080, 0, 0, 0, 0, 0),
(42, 28, 1, '1', 1920, 1080, 0, 0, 0, 5, 0),
(43, 29, 1, '1', 1920, 1080, 0, 0, 0, 0, 0),
(44, 30, 1, '1', 1920, 1080, 0, 0, 0, 0, 0),
(45, 31, 1, '1', 1920, 1080, 0, 0, 0, 0, 0),
(46, 32, 1, '1', 1920, 1080, 0, 0, 0, 0, 0),
(47, 33, 1, '1', 1920, 1080, 0, 0, 0, 15, 0);

-- --------------------------------------------------------

--
-- Estrutura da tabela `regionoption`
--

CREATE TABLE `regionoption` (
  `regionId` int(11) NOT NULL,
  `option` varchar(50) NOT NULL,
  `value` text
) ENGINE=InnoDB DEFAULT CHARSET=utf8;

-- --------------------------------------------------------

--
-- Estrutura da tabela `reportschedule`
--

CREATE TABLE `reportschedule` (
  `reportScheduleId` int(11) NOT NULL,
  `name` varchar(255) NOT NULL,
  `reportName` varchar(255) NOT NULL,
  `filterCriteria` text,
  `schedule` varchar(255) NOT NULL,
  `lastSavedReportId` int(11) NOT NULL DEFAULT '0',
  `lastRunDt` int(11) NOT NULL DEFAULT '0',
  `previousRunDt` int(11) NOT NULL DEFAULT '0',
  `userId` int(11) NOT NULL,
  `isActive` int(11) NOT NULL DEFAULT '1',
  `fromDt` int(11) NOT NULL DEFAULT '0',
  `toDt` int(11) NOT NULL DEFAULT '0',
  `createdDt` int(11) NOT NULL,
  `message` varchar(255) DEFAULT NULL
) ENGINE=InnoDB DEFAULT CHARSET=utf8;

-- --------------------------------------------------------

--
-- Estrutura da tabela `requiredfile`
--

CREATE TABLE `requiredfile` (
  `rfId` int(11) NOT NULL,
  `displayId` int(11) NOT NULL,
  `type` varchar(1) NOT NULL,
  `itemId` int(11) DEFAULT NULL,
  `bytesRequested` bigint(20) NOT NULL,
  `complete` tinyint(4) NOT NULL DEFAULT '0',
  `path` varchar(255) DEFAULT NULL,
  `size` bigint(20) NOT NULL DEFAULT '0',
  `released` tinyint(4) NOT NULL DEFAULT '1'
) ENGINE=InnoDB DEFAULT CHARSET=utf8;

--
-- Extraindo dados da tabela `requiredfile`
--

INSERT INTO `requiredfile` (`rfId`, `displayId`, `type`, `itemId`, `bytesRequested`, `complete`, `path`, `size`, `released`) VALUES
(1, 1, 'M', 9, 0, 1, 'jquery-cycle-2.1.6.min.js', 28876, 1),
(2, 1, 'M', 7, 0, 1, 'xibo-text-render.js', 13635, 1),
(3, 1, 'M', 22, 0, 1, 'compatibility.js', 18126, 1),
(4, 1, 'M', 5, 0, 1, 'xibo-interactive-control.min.js', 5281, 1),
(5, 1, 'M', 20, 0, 1, 'pdf.js', 333388, 1),
(6, 1, 'M', 3, 0, 1, 'jquery.min.js', 89475, 1),
(7, 1, 'M', 18, 0, 1, '18.ttf', 45884, 1),
(8, 1, 'M', 16, 0, 1, '16.otf', 27644, 1),
(9, 1, 'M', 14, 0, 1, 'xibo-dataset-render.js', 1687, 1),
(10, 1, 'M', 12, 0, 1, 'jquery.marquee.min.js', 11795, 1),
(11, 1, 'M', 10, 0, 1, 'flipclock.min.js', 21107, 1),
(12, 1, 'M', 8, 0, 1, 'Chart.min.js', 159638, 1),
(13, 1, 'M', 23, 0, 1, 'xibo-webpage-render.js', 4832, 1),
(14, 1, 'M', 6, 0, 1, 'moment.js', 160251, 1),
(15, 1, 'M', 21, 0, 1, 'pdf.worker.js', 1337459, 1),
(16, 1, 'M', 4, 0, 1, 'xibo-layout-scaler.js', 5204, 1),
(17, 1, 'M', 19, 0, 1, '19.otf', 19684, 1),
(18, 1, 'M', 17, 0, 1, '17.ttf', 116580, 1),
(19, 1, 'M', 15, 0, 1, '15.otf', 30060, 1),
(20, 1, 'M', 13, 0, 1, 'xibo-image-render.js', 2988, 1),
(21, 1, 'M', 11, 0, 1, 'xibo-countdown-render.js', 5846, 1),
(22, 1, 'M', 29, 0, 1, '29.mp4', 6912173, 1),
(23, 1, 'M', 30, 0, 1, '30.mp4', 18956091, 1),
(24, 1, 'M', 31, 0, 1, '31.mp4', 14433502, 1),
(26, 1, 'M', 35, 0, 1, '35.mp4', 21305249, 1),
(27, 1, 'M', 33, 0, 1, '33.mp4', 5346749, 1),
(28, 1, 'M', 36, 0, 1, '36.mp4', 16388753, 1),
(29, 1, 'M', 34, 0, 1, '34.mp4', 6238540, 1),
(30, 1, 'L', 7, 0, 1, '7.xlf', 2044, 1),
(31, 1, 'M', 32, 0, 1, '32.mp4', 19396465, 1),
(35, 1, 'L', 11, 0, 1, '11.xlf', 5469, 1);

-- --------------------------------------------------------

--
-- Estrutura da tabela `resolution`
--

CREATE TABLE `resolution` (
  `resolutionId` int(11) NOT NULL,
  `resolution` varchar(254) NOT NULL,
  `width` smallint(6) NOT NULL,
  `height` smallint(6) NOT NULL,
  `intended_width` smallint(6) NOT NULL,
  `intended_height` smallint(6) NOT NULL,
  `version` tinyint(4) NOT NULL DEFAULT '1',
  `enabled` tinyint(4) NOT NULL DEFAULT '1',
  `userId` int(11) NOT NULL
) ENGINE=InnoDB DEFAULT CHARSET=utf8;

--
-- Extraindo dados da tabela `resolution`
--

INSERT INTO `resolution` (`resolutionId`, `resolution`, `width`, `height`, `intended_width`, `intended_height`, `version`, `enabled`, `userId`) VALUES
(1, '1080p HD Landscape', 800, 450, 1920, 1080, 2, 1, 1),
(2, '720p HD Landscape', 800, 450, 1280, 720, 2, 1, 1),
(3, '1080p HD Portrait', 450, 800, 1080, 1920, 2, 1, 1),
(4, '720p HD Portrait', 450, 800, 720, 1280, 2, 1, 1),
(5, '4k cinema', 800, 450, 4096, 2304, 2, 1, 1),
(6, 'Common PC Monitor 4:3', 800, 600, 1024, 768, 2, 1, 1),
(7, '4k UHD Landscape', 450, 800, 3840, 2160, 2, 1, 1),
(8, '4k UHD Portrait', 800, 450, 2160, 3840, 2, 1, 1);

-- --------------------------------------------------------

--
-- Estrutura da tabela `saved_report`
--

CREATE TABLE `saved_report` (
  `savedReportId` int(11) NOT NULL,
  `saveAs` varchar(255) NOT NULL,
  `mediaId` int(11) NOT NULL,
  `reportScheduleId` int(11) NOT NULL,
  `generatedOn` int(11) NOT NULL,
  `userId` int(11) NOT NULL,
  `schemaVersion` tinyint(4) NOT NULL DEFAULT '1'
) ENGINE=InnoDB DEFAULT CHARSET=utf8;

-- --------------------------------------------------------

--
-- Estrutura da tabela `schedule`
--

CREATE TABLE `schedule` (
  `eventId` int(11) NOT NULL,
  `eventTypeId` int(11) NOT NULL,
  `campaignId` int(11) DEFAULT NULL,
  `commandId` int(11) DEFAULT NULL,
  `dayPartId` int(11) NOT NULL DEFAULT '0',
  `userId` int(11) NOT NULL,
  `fromDt` bigint(20) DEFAULT NULL,
  `toDt` bigint(20) DEFAULT NULL,
  `is_priority` tinyint(4) NOT NULL,
  `displayOrder` int(11) NOT NULL DEFAULT '0',
  `lastRecurrenceWatermark` bigint(20) DEFAULT NULL,
  `syncTimezone` tinyint(4) NOT NULL DEFAULT '0',
  `recurrence_type` enum('Minute','Hour','Day','Week','Month','Year') DEFAULT NULL,
  `recurrence_detail` int(11) DEFAULT NULL,
  `recurrence_range` bigint(20) DEFAULT NULL,
  `recurrenceRepeatsOn` varchar(14) DEFAULT NULL,
  `syncEvent` int(11) NOT NULL DEFAULT '0',
  `recurrenceMonthlyRepeatsOn` tinyint(4) NOT NULL DEFAULT '0',
  `shareOfVoice` smallint(6) DEFAULT NULL,
  `isGeoAware` tinyint(4) NOT NULL DEFAULT '0',
  `geoLocation` text
) ENGINE=InnoDB DEFAULT CHARSET=utf8;

-- --------------------------------------------------------

--
-- Estrutura da tabela `scheduleexclusions`
--

CREATE TABLE `scheduleexclusions` (
  `scheduleExclusionId` int(11) NOT NULL,
  `eventId` int(11) NOT NULL,
  `fromDt` int(11) NOT NULL,
  `toDt` int(11) NOT NULL
) ENGINE=InnoDB DEFAULT CHARSET=utf8;

-- --------------------------------------------------------

--
-- Estrutura da tabela `schedulereminder`
--

CREATE TABLE `schedulereminder` (
  `scheduleReminderId` int(11) NOT NULL,
  `eventId` int(11) NOT NULL,
  `value` int(11) NOT NULL,
  `type` int(11) NOT NULL,
  `option` int(11) NOT NULL,
  `reminderDt` int(11) NOT NULL,
  `lastReminderDt` int(11) NOT NULL,
  `isEmail` tinyint(4) NOT NULL
) ENGINE=InnoDB DEFAULT CHARSET=utf8;

-- --------------------------------------------------------

--
-- Estrutura da tabela `session`
--

CREATE TABLE `session` (
  `session_id` varchar(160) NOT NULL,
  `session_data` longtext NOT NULL,
  `session_expiration` int(10) UNSIGNED NOT NULL DEFAULT '0',
  `lastAccessed` datetime DEFAULT NULL,
  `userId` int(11) DEFAULT NULL,
  `isExpired` tinyint(4) NOT NULL DEFAULT '1',
  `userAgent` varchar(255) DEFAULT NULL,
  `remoteAddr` varchar(50) DEFAULT NULL
) ENGINE=InnoDB DEFAULT CHARSET=utf8;

--
-- Extraindo dados da tabela `session`
--

INSERT INTO `session` (`session_id`, `session_data`, `session_expiration`, `lastAccessed`, `userId`, `isExpired`, `userAgent`, `remoteAddr`) VALUES
('318c47f6d1098533fb156b623277229d', 'init|s:1:\"1\";slimFlash|a:0:{}csrfToken|s:40:\"f9e37d58084266e266051164ff901aa6254278a4\";userid|i:1;', 1628695031, '2021-08-11 11:53:11', 1, 0, 'Mozilla/5.0 (Windows NT 10.0; Win64; x64) AppleWebKit/537.36 (KHTML, like Gecko) Chrome/92.0.4515.131 Safari/537.36', '179.221.228.221'),
('7aafef1cea23060a436a1f7f3546925a', 'init|s:1:\"1\";slimFlash|a:0:{}csrfToken|s:40:\"24c2bdd36e99b18af09a9a01d6f6f229a7cc6793\";', 1628694503, '2021-08-11 11:44:23', 0, 0, 'Mozilla/5.0 (Windows NT 6.1) AppleWebKit/537.36 (KHTML, like Gecko) Chrome/41.0.2228.0 Safari/537.36', '213.32.122.82'),
('7f091725b917c71dd3bdbf482755ad09', 'init|s:1:\"1\";slimFlash|a:1:{s:10:\"priorRoute\";a:1:{i:0;s:10:\"/cms3/web/\";}}', 1628694502, '2021-08-11 11:44:22', 0, 0, 'Mozilla/5.0 (Windows NT 6.1) AppleWebKit/537.36 (KHTML, like Gecko) Chrome/41.0.2228.0 Safari/537.36', '213.32.122.82'),
('903866b9a4bb8c8e5c7e17f0ac3a406e', 'init|s:1:\"1\";slimFlash|a:0:{}csrfToken|s:40:\"e6a158cd8f9fe7c6f192c41f70275a79c9220e31\";userid|i:1;displayGroupIds|a:1:{i:0;i:1;}', 1628608122, '2021-08-10 11:44:42', 1, 1, 'Mozilla/5.0 (Windows NT 10.0; Win64; x64) AppleWebKit/537.36 (KHTML, like Gecko) Chrome/92.0.4515.131 Safari/537.36', '179.221.228.221'),
('90861fbf084bffd82b77d729501ac532', 'init|s:1:\"1\";slimFlash|a:0:{}csrfToken|s:40:\"3fe0aeb76ee4f24730be857e6d9b5d76ad485612\";', 1628601985, '2021-08-10 13:02:25', 0, 0, 'Mozilla/5.0 (Windows NT 10.0; Win64; x64) AppleWebKit/537.36 (KHTML, like Gecko) Chrome/91.0.4472.124 Safari/537.36', '179.106.47.198'),
('a890734249e05eaa7cdd8fe293bc1e9d', 'init|s:1:\"1\";slimFlash|a:0:{}csrfToken|s:40:\"009c8843fb539b83a7297fe42d0b2ff3f6a4da26\";', 1628601411, '2021-08-10 12:52:51', 0, 0, 'Mozilla/5.0 (Windows NT 10.0; Win64; x64) AppleWebKit/537.36 (KHTML, like Gecko) Chrome/91.0.4472.124 Safari/537.36', '187.94.208.134'),
('fa8f83b0657dd598416181838090aa4b', 'init|s:1:\"1\";slimFlash|a:0:{}csrfToken|s:40:\"443b2a027c308d2696202dd3ec1cfb80728828a4\";', 1628604425, '2021-08-10 13:43:05', 0, 0, 'Mozilla/5.0 (Windows NT 10.0; Win64; x64) AppleWebKit/537.36 (KHTML, like Gecko) Chrome/91.0.4472.124 Safari/537.36', '131.255.212.165'),
('ff36bbd5c42073b567e627cfc42a1266', 'init|s:1:\"1\";slimFlash|a:0:{}csrfToken|s:40:\"8ebbbca3eb283c7f7a11d930c755221677c6d2dc\";', 1628600992, '2021-08-10 12:45:52', 0, 0, 'Mozilla/5.0 (Windows NT 10.0; WOW64) AppleWebKit/537.36 (KHTML, like Gecko) Chrome/91.0.4472.124 Safari/537.36', '201.77.112.135');

-- --------------------------------------------------------

--
-- Estrutura da tabela `setting`
--

CREATE TABLE `setting` (
  `settingId` int(11) NOT NULL,
  `setting` varchar(50) NOT NULL,
  `value` varchar(1000) NOT NULL,
  `userSee` tinyint(4) NOT NULL DEFAULT '1',
  `userChange` tinyint(4) NOT NULL DEFAULT '0'
) ENGINE=InnoDB DEFAULT CHARSET=utf8;

--
-- Extraindo dados da tabela `setting`
--

INSERT INTO `setting` (`settingId`, `setting`, `value`, `userSee`, `userChange`) VALUES
(3, 'defaultUsertype', 'User', 1, 1),
(7, 'userModule', 'module_user_general.php', 0, 0),
(11, 'defaultTimezone', 'America/Recife', 1, 1),
(18, 'mail_to', 'mail@yoursite.com', 1, 1),
(19, 'mail_from', 'mail@yoursite.com', 1, 1),
(30, 'audit', 'emergency', 1, 1),
(33, 'LIBRARY_LOCATION', 'media/', 1, 1),
(34, 'SERVER_KEY', 'abcd1234', 1, 1),
(35, 'HELP_BASE', 'http://www.xibo.org.uk/manual/en/', 1, 1),
(36, 'PHONE_HOME', '0', 1, 1),
(37, 'PHONE_HOME_KEY', 'c27af3009e6f83d0fe2a813ab7ec8927', 0, 0),
(38, 'PHONE_HOME_URL', 'http://www.xibo.org.uk/stats/track.php', 0, 0),
(39, 'PHONE_HOME_DATE', '0', 0, 0),
(40, 'SERVER_MODE', 'Production', 1, 1),
(41, 'MAINTENANCE_ENABLED', 'Off', 1, 1),
(42, 'MAINTENANCE_EMAIL_ALERTS', '1', 1, 1),
(43, 'MAINTENANCE_KEY', 'changeme', 1, 1),
(44, 'MAINTENANCE_LOG_MAXAGE', '30', 1, 1),
(45, 'MAINTENANCE_STAT_MAXAGE', '30', 1, 1),
(46, 'MAINTENANCE_ALERT_TOUT', '12', 1, 1),
(47, 'SHOW_DISPLAY_AS_VNCLINK', '', 1, 1),
(48, 'SHOW_DISPLAY_AS_VNC_TGT', '_top', 1, 1),
(49, 'MAINTENANCE_ALWAYS_ALERT', '0', 1, 1),
(50, 'SCHEDULE_LOOKAHEAD', '1', 1, 0),
(51, 'REQUIRED_FILES_LOOKAHEAD', '172800', 1, 1),
(52, 'REGION_OPTIONS_COLOURING', 'Media Colouring', 1, 1),
(53, 'LAYOUT_COPY_MEDIA_CHECKB', '0', 1, 1),
(54, 'MAX_LICENSED_DISPLAYS', '0', 0, 0),
(55, 'LIBRARY_MEDIA_UPDATEINALL_CHECKB', '1', 1, 1),
(56, 'USER_PASSWORD_POLICY', '', 1, 1),
(57, 'USER_PASSWORD_ERROR', '', 1, 1),
(58, 'MODULE_CONFIG_LOCKED_CHECKB', '0', 0, 0),
(59, 'LIBRARY_SIZE_LIMIT_KB', '0', 1, 0),
(60, 'MONTHLY_XMDS_TRANSFER_LIMIT_KB', '0', 1, 0),
(61, 'DEFAULT_LANGUAGE', 'pt_BR', 1, 1),
(62, 'TRANSITION_CONFIG_LOCKED_CHECKB', '0', 1, 0),
(63, 'GLOBAL_THEME_NAME', 'mga', 1, 1),
(64, 'DEFAULT_LAT', '51.504', 1, 1),
(65, 'DEFAULT_LONG', '-0.104', 1, 1),
(66, 'SCHEDULE_WITH_VIEW_PERMISSION', '0', 1, 1),
(67, 'SETTING_IMPORT_ENABLED', '1', 1, 1),
(68, 'SETTING_LIBRARY_TIDY_ENABLED', '1', 1, 1),
(69, 'SENDFILE_MODE', 'Off', 1, 1),
(70, 'EMBEDDED_STATUS_WIDGET', '', 1, 0),
(71, 'PROXY_HOST', '', 1, 1),
(72, 'PROXY_PORT', '0', 1, 1),
(73, 'PROXY_AUTH', '', 1, 1),
(74, 'DATE_FORMAT', 'd-m-Y H:i', 1, 1),
(75, 'DETECT_LANGUAGE', '1', 1, 1),
(76, 'DEFAULTS_IMPORTED', '1', 0, 0),
(77, 'FORCE_HTTPS', '0', 1, 1),
(78, 'ISSUE_STS', '0', 1, 1),
(79, 'STS_TTL', '600', 1, 1),
(81, 'CALENDAR_TYPE', 'Gregorian', 1, 1),
(82, 'DASHBOARD_LATEST_NEWS_ENABLED', '0', 1, 1),
(83, 'LIBRARY_MEDIA_DELETEOLDVER_CHECKB', '1', 1, 1),
(84, 'PROXY_EXCEPTIONS', '', 1, 1),
(85, 'INSTANCE_SUSPENDED', '0', 0, 0),
(87, 'XMR_ADDRESS', 'tcp://localhost:5555', 1, 1),
(88, 'XMR_PUB_ADDRESS', '', 1, 1),
(89, 'CDN_URL', '', 0, 0),
(90, 'ELEVATE_LOG_UNTIL', '1628606719', 1, 1),
(91, 'RESTING_LOG_LEVEL', 'emergency', 1, 1),
(92, 'TASK_CONFIG_LOCKED_CHECKB', '0', 0, 0),
(93, 'WHITELIST_LOAD_BALANCERS', '', 1, 1),
(94, 'DEFAULT_LAYOUT', '1', 1, 1),
(95, 'DISPLAY_PROFILE_STATS_DEFAULT', '0', 1, 1),
(96, 'DISPLAY_PROFILE_CURRENT_LAYOUT_STATUS_ENABLED', '1', 1, 1),
(97, 'DISPLAY_PROFILE_SCREENSHOT_INTERVAL_ENABLED', '1', 1, 1),
(98, 'DISPLAY_PROFILE_SCREENSHOT_SIZE_DEFAULT', '200', 1, 1),
(99, 'LATEST_NEWS_URL', 'http://xibo.org.uk/feed', 0, 0),
(100, 'DISPLAY_LOCK_NAME_TO_DEVICENAME', '0', 1, 1),
(101, 'mail_from_name', '', 1, 1),
(102, 'SCHEDULE_SHOW_LAYOUT_NAME', '0', 1, 1),
(103, 'DEFAULT_USERGROUP', '1', 1, 1),
(104, 'PASSWORD_REMINDER_ENABLED', 'Off', 1, 1),
(105, 'DISPLAY_AUTO_AUTH', '0', 0, 0),
(106, 'EVENT_SYNC', '0', 0, 0),
(107, 'DEFAULT_TRANSITION_DURATION', '1000', 1, 1),
(108, 'LAYOUT_STATS_ENABLED_DEFAULT', '0', 1, 1),
(109, 'DISPLAY_PROFILE_AGGREGATION_LEVEL_DEFAULT', 'Individual', 1, 1),
(110, 'MEDIA_STATS_ENABLED_DEFAULT', 'Inherit', 1, 1),
(111, 'WIDGET_STATS_ENABLED_DEFAULT', 'Inherit', 1, 1),
(112, 'NAVIGATION_MENU_POSITION', 'vertical', 1, 1),
(113, 'TWOFACTOR_ISSUER', '', 1, 1),
(114, 'PLAYLIST_STATS_ENABLED_DEFAULT', 'Inherit', 1, 1),
(115, 'DEFAULT_RESIZE_LIMIT', '6000', 1, 1),
(116, 'DEFAULT_RESIZE_THRESHOLD', '1920', 1, 1),
(118, 'DEFAULT_TRANSITION_IN', 'fadeIn', 1, 1),
(119, 'DEFAULT_TRANSITION_OUT', 'fadeOut', 1, 1),
(120, 'DEFAULT_LAYOUT_AUTO_PUBLISH_CHECKB', '0', 1, 1),
(121, 'QUICK_CHART_URL', 'https://quickchart.io', 1, 1),
(122, 'DEFAULT_TRANSITION_AUTO_APPLY', '0', 1, 1),
(123, 'SYSTEM_USER', '1', 1, 1),
(124, 'DATASET_HARD_ROW_LIMIT', '10000', 1, 1),
(125, 'DISPLAY_SCREENSHOT_TTL', '0', 1, 1);

-- --------------------------------------------------------

--
-- Estrutura da tabela `stat`
--

CREATE TABLE `stat` (
  `statId` int(11) NOT NULL,
  `type` varchar(20) NOT NULL,
  `statDate` int(11) NOT NULL,
  `scheduleId` int(11) NOT NULL,
  `displayId` int(11) NOT NULL,
  `campaignId` int(11) DEFAULT NULL,
  `layoutId` int(11) DEFAULT NULL,
  `mediaId` int(11) DEFAULT NULL,
  `widgetId` int(11) DEFAULT NULL,
  `start` int(11) NOT NULL,
  `end` int(11) NOT NULL,
  `tag` varchar(254) DEFAULT NULL,
  `duration` int(11) NOT NULL,
  `count` int(11) NOT NULL,
  `engagements` text
) ENGINE=InnoDB DEFAULT CHARSET=utf8;

-- --------------------------------------------------------

--
-- Estrutura da tabela `status`
--

CREATE TABLE `status` (
  `id` int(11) NOT NULL,
  `status` varchar(254) NOT NULL
) ENGINE=InnoDB DEFAULT CHARSET=utf8;

--
-- Extraindo dados da tabela `status`
--

INSERT INTO `status` (`id`, `status`) VALUES
(1, 'Published'),
(2, 'Draft'),
(3, 'Pending Approval');

-- --------------------------------------------------------

--
-- Estrutura da tabela `stat_archive`
--

CREATE TABLE `stat_archive` (
  `statId` int(11) NOT NULL,
  `type` varchar(20) NOT NULL,
  `statDate` datetime DEFAULT NULL,
  `scheduleId` int(11) NOT NULL,
  `displayId` int(11) NOT NULL,
  `layoutId` int(11) DEFAULT NULL,
  `mediaId` int(11) DEFAULT NULL,
  `widgetId` int(11) DEFAULT NULL,
  `start` datetime DEFAULT NULL,
  `end` datetime DEFAULT NULL,
  `tag` varchar(254) DEFAULT NULL
) ENGINE=InnoDB DEFAULT CHARSET=utf8;

-- --------------------------------------------------------

--
-- Estrutura da tabela `tag`
--

CREATE TABLE `tag` (
  `tagId` int(11) NOT NULL,
  `tag` varchar(50) NOT NULL,
  `isSystem` int(11) NOT NULL DEFAULT '0',
  `options` text,
  `isRequired` int(11) NOT NULL DEFAULT '0'
) ENGINE=InnoDB DEFAULT CHARSET=utf8;

--
-- Extraindo dados da tabela `tag`
--

INSERT INTO `tag` (`tagId`, `tag`, `isSystem`, `options`, `isRequired`) VALUES
(1, 'template', 1, NULL, 0),
(2, 'background', 1, NULL, 0),
(3, 'thumbnail', 1, NULL, 0),
(4, 'imported', 1, NULL, 0);

-- --------------------------------------------------------

--
-- Estrutura da tabela `task`
--

CREATE TABLE `task` (
  `taskId` int(11) NOT NULL,
  `name` varchar(254) NOT NULL,
  `class` varchar(254) NOT NULL,
  `status` tinyint(4) NOT NULL DEFAULT '2',
  `pid` int(11) DEFAULT NULL,
  `options` text,
  `schedule` varchar(254) NOT NULL,
  `lastRunDt` int(11) NOT NULL DEFAULT '0',
  `lastRunStartDt` int(11) DEFAULT NULL,
  `lastRunMessage` varchar(255) DEFAULT NULL,
  `lastRunStatus` tinyint(4) NOT NULL DEFAULT '0',
  `lastRunDuration` smallint(6) NOT NULL DEFAULT '0',
  `lastRunExitCode` smallint(6) NOT NULL DEFAULT '0',
  `isActive` tinyint(4) NOT NULL,
  `runNow` tinyint(4) NOT NULL DEFAULT '0',
  `configFile` varchar(254) NOT NULL
) ENGINE=InnoDB DEFAULT CHARSET=utf8;

--
-- Extraindo dados da tabela `task`
--

INSERT INTO `task` (`taskId`, `name`, `class`, `status`, `pid`, `options`, `schedule`, `lastRunDt`, `lastRunStartDt`, `lastRunMessage`, `lastRunStatus`, `lastRunDuration`, `lastRunExitCode`, `isActive`, `runNow`, `configFile`) VALUES
(1, 'Daily Maintenance', '\\Xibo\\XTR\\MaintenanceDailyTask', 2, NULL, '[]', '0 0 * * * *', 0, NULL, NULL, 0, 0, 0, 1, 0, '/tasks/maintenance-daily.task'),
(2, 'Regular Maintenance', '\\Xibo\\XTR\\MaintenanceRegularTask', 2, NULL, '[]', '*/5 * * * * *', 0, NULL, NULL, 0, 0, 0, 1, 0, '/tasks/maintenance-regular.task'),
(3, 'Email Notifications', '\\Xibo\\XTR\\EmailNotificationsTask', 2, NULL, '[]', '*/5 * * * * *', 0, NULL, NULL, 0, 0, 0, 1, 0, '/tasks/email-notifications.task'),
(4, 'Stats Archive', '\\Xibo\\XTR\\StatsArchiveTask', 2, NULL, '{\"periodSizeInDays\":\"7\",\"maxPeriods\":\"4\",\"archiveStats\":\"On\"}', '0 0 * * Mon', 0, NULL, NULL, 0, 0, 0, 1, 0, '/tasks/stats-archiver.task'),
(5, 'Remove old Notifications', '\\Xibo\\XTR\\NotificationTidyTask', 2, NULL, '{\"maxAgeDays\":\"7\",\"systemOnly\":\"1\",\"readOnly\":\"0\"}', '15 0 * * *', 0, NULL, NULL, 0, 0, 0, 1, 0, '/tasks/notification-tidy.task'),
(6, 'Fetch Remote DataSets', '\\Xibo\\XTR\\RemoteDataSetFetchTask', 2, NULL, '[]', '30 * * * * *', 0, NULL, NULL, 0, 0, 0, 1, 0, '/tasks/remote-dataset.task'),
(7, 'Drop Player Cache', '\\Xibo\\XTR\\DropPlayerCacheTask', 2, NULL, '[]', '0 0 1 1 *', 0, NULL, NULL, 0, 0, 0, 0, 0, '/tasks/drop-player-cache.task'),
(8, 'Sync Dynamic Playlists', '\\Xibo\\XTR\\DynamicPlaylistSyncTask', 2, NULL, '[]', '* * * * * *', 0, NULL, NULL, 0, 0, 0, 1, 0, '/tasks/dynamic-playlist-sync.task'),
(9, 'Widget Sync', '\\Xibo\\XTR\\WidgetSyncTask', 2, NULL, '{}', '*/3 * * * *', 0, NULL, NULL, 0, 0, 0, 1, 0, '/tasks/widget-sync.task'),
(10, 'Report Schedule', '\\Xibo\\XTR\\ReportScheduleTask', 2, NULL, '[]', '*/5 * * * * *', 0, NULL, NULL, 0, 0, 0, 1, 0, '/tasks/report-schedule.task'),
(11, 'Statistics Migration', '\\Xibo\\XTR\\StatsMigrationTask', 2, NULL, '{\"killSwitch\":\"0\",\"numberOfRecords\":\"5000\",\"numberOfLoops\":\"10\",\"pauseBetweenLoops\":\"1\",\"optimiseOnComplete\":\"1\"}', '*/10 * * * * *', 0, NULL, NULL, 0, 0, 0, 1, 0, '/tasks/stats-migration.task'),
(12, 'Schedule Reminder', '\\Xibo\\XTR\\ScheduleReminderTask', 2, NULL, '[]', '*/5 * * * * *', 0, NULL, NULL, 0, 0, 0, 1, 0, '/tasks/schedule-reminder.task'),
(13, 'Image Processing', '\\Xibo\\XTR\\ImageProcessingTask', 2, NULL, '[]', '*/5 * * * * *', 0, NULL, NULL, 0, 0, 0, 1, 0, '/tasks/image-processing.task'),
(14, 'Remove Old Screenshots', '\\Xibo\\XTR\\RemoveOldScreenshotsTask', 2, NULL, '[]', '0 0 * * * *', 0, NULL, NULL, 0, 0, 0, 1, 0, '/tasks/remove-old-screenshots.task');

-- --------------------------------------------------------

--
-- Estrutura da tabela `transition`
--

CREATE TABLE `transition` (
  `transitionId` int(11) NOT NULL,
  `transition` varchar(254) NOT NULL,
  `code` varchar(254) NOT NULL,
  `hasDuration` tinyint(4) NOT NULL,
  `hasDirection` tinyint(4) NOT NULL,
  `availableAsIn` tinyint(4) NOT NULL,
  `availableAsOut` tinyint(4) NOT NULL
) ENGINE=InnoDB DEFAULT CHARSET=utf8;

--
-- Extraindo dados da tabela `transition`
--

INSERT INTO `transition` (`transitionId`, `transition`, `code`, `hasDuration`, `hasDirection`, `availableAsIn`, `availableAsOut`) VALUES
(1, 'Fade In', 'fadeIn', 1, 0, 1, 0),
(2, 'Fade Out', 'fadeOut', 1, 0, 0, 1),
(3, 'Fly', 'fly', 1, 1, 1, 1);

-- --------------------------------------------------------

--
-- Estrutura da tabela `user`
--

CREATE TABLE `user` (
  `userId` int(11) NOT NULL,
  `userTypeId` int(11) NOT NULL,
  `userName` varchar(50) NOT NULL,
  `userPassword` varchar(255) NOT NULL,
  `lastAccessed` datetime DEFAULT NULL,
  `email` varchar(255) DEFAULT NULL,
  `homePageId` varchar(255) DEFAULT 'null',
  `retired` tinyint(4) NOT NULL DEFAULT '0',
  `csprng` tinyint(4) NOT NULL DEFAULT '0',
  `newUserWizard` tinyint(4) NOT NULL DEFAULT '0',
  `firstName` varchar(254) DEFAULT NULL,
  `lastName` varchar(254) DEFAULT NULL,
  `phone` varchar(254) DEFAULT NULL,
  `ref1` varchar(254) DEFAULT NULL,
  `ref2` varchar(254) DEFAULT NULL,
  `ref3` varchar(254) DEFAULT NULL,
  `ref4` varchar(254) DEFAULT NULL,
  `ref5` varchar(254) DEFAULT NULL,
  `isPasswordChangeRequired` tinyint(4) NOT NULL DEFAULT '0',
  `twoFactorTypeId` int(11) NOT NULL DEFAULT '0',
  `twoFactorSecret` text,
  `twoFactorRecoveryCodes` text,
  `showContentFrom` tinyint(4) NOT NULL DEFAULT '1'
) ENGINE=InnoDB DEFAULT CHARSET=utf8;

--
-- Extraindo dados da tabela `user`
--

INSERT INTO `user` (`userId`, `userTypeId`, `userName`, `userPassword`, `lastAccessed`, `email`, `homePageId`, `retired`, `csprng`, `newUserWizard`, `firstName`, `lastName`, `phone`, `ref1`, `ref2`, `ref3`, `ref4`, `ref5`, `isPasswordChangeRequired`, `twoFactorTypeId`, `twoFactorSecret`, `twoFactorRecoveryCodes`, `showContentFrom`) VALUES
(1, 1, 'admin', '$2y$10$ON3VPHPOI6fdcCK3k7VqxeeF/dlqCGVdTqwlbDy3CX1S/xdit/cuy', '2021-08-11 11:52:25', NULL, 'statusdashboard.view', 0, 2, 1, NULL, NULL, NULL, NULL, NULL, NULL, NULL, NULL, 0, 0, NULL, NULL, 1);

-- --------------------------------------------------------

--
-- Estrutura da tabela `useroption`
--

CREATE TABLE `useroption` (
  `userId` int(11) NOT NULL,
  `option` varchar(50) NOT NULL,
  `value` text
) ENGINE=InnoDB DEFAULT CHARSET=utf8;

--
-- Extraindo dados da tabela `useroption`
--

INSERT INTO `useroption` (`userId`, `option`, `value`) VALUES
(1, 'applicationsGrid', '{\"time\":1628603016309,\"start\":0,\"length\":10,\"order\":[[0,\"asc\"]],\"search\":{\"search\":\"\",\"smart\":true,\"regex\":false,\"caseInsensitive\":true},\"columns\":[{\"visible\":true,\"search\":{\"search\":\"\",\"smart\":true,\"regex\":false,\"caseInsensitive\":true}},{\"visible\":true,\"search\":{\"search\":\"\",\"smart\":true,\"regex\":false,\"caseInsensitive\":true}},{\"visible\":true,\"search\":{\"search\":\"\",\"smart\":true,\"regex\":false,\"caseInsensitive\":true}}]}'),
(1, 'autoSubmit.displayGroupCollectNow', 'true'),
(1, 'campaignGrid', '{\"time\":1628603736213,\"start\":0,\"length\":10,\"order\":[[0,\"asc\"]],\"search\":{\"search\":\"\",\"smart\":true,\"regex\":false,\"caseInsensitive\":true},\"columns\":[{\"visible\":true,\"search\":{\"search\":\"\",\"smart\":true,\"regex\":false,\"caseInsensitive\":true}},{\"visible\":true,\"search\":{\"search\":\"\",\"smart\":true,\"regex\":false,\"caseInsensitive\":true}},{\"visible\":true,\"search\":{\"search\":\"\",\"smart\":true,\"regex\":false,\"caseInsensitive\":true}},{\"visible\":true,\"search\":{\"search\":\"\",\"smart\":true,\"regex\":false,\"caseInsensitive\":true}},{\"visible\":true,\"search\":{\"search\":\"\",\"smart\":true,\"regex\":false,\"caseInsensitive\":true}}]}'),
(1, 'dataSetGrid', '{\"time\":1628603003997,\"start\":0,\"length\":10,\"order\":[[0,\"asc\"]],\"search\":{\"search\":\"\",\"smart\":true,\"regex\":false,\"caseInsensitive\":true},\"columns\":[{\"visible\":true,\"search\":{\"search\":\"\",\"smart\":true,\"regex\":false,\"caseInsensitive\":true}},{\"visible\":true,\"search\":{\"search\":\"\",\"smart\":true,\"regex\":false,\"caseInsensitive\":true}},{\"visible\":true,\"search\":{\"search\":\"\",\"smart\":true,\"regex\":false,\"caseInsensitive\":true}},{\"visible\":true,\"search\":{\"search\":\"\",\"smart\":true,\"regex\":false,\"caseInsensitive\":true}},{\"visible\":true,\"search\":{\"search\":\"\",\"smart\":true,\"regex\":false,\"caseInsensitive\":true}},{\"visible\":true,\"search\":{\"search\":\"\",\"smart\":true,\"regex\":false,\"caseInsensitive\":true}},{\"visible\":true,\"search\":{\"search\":\"\",\"smart\":true,\"regex\":false,\"caseInsensitive\":true}},{\"visible\":true,\"search\":{\"search\":\"\",\"smart\":true,\"regex\":false,\"caseInsensitive\":true}},{\"visible\":true,\"search\":{\"search\":\"\",\"smart\":true,\"regex\":false,\"caseInsensitive\":true}}]}'),
(1, 'displayGrid', '{\"time\":1628605222912,\"start\":0,\"length\":10,\"order\":[[1,\"asc\"]],\"search\":{\"search\":\"\",\"smart\":true,\"regex\":false,\"caseInsensitive\":true},\"columns\":[{\"visible\":true,\"search\":{\"search\":\"\",\"smart\":true,\"regex\":false,\"caseInsensitive\":true}},{\"visible\":true,\"search\":{\"search\":\"\",\"smart\":true,\"regex\":false,\"caseInsensitive\":true}},{\"visible\":true,\"search\":{\"search\":\"\",\"smart\":true,\"regex\":false,\"caseInsensitive\":true}},{\"visible\":true,\"search\":{\"search\":\"\",\"smart\":true,\"regex\":false,\"caseInsensitive\":true}},{\"visible\":false,\"search\":{\"search\":\"\",\"smart\":true,\"regex\":false,\"caseInsensitive\":true}},{\"visible\":false,\"search\":{\"search\":\"\",\"smart\":true,\"regex\":false,\"caseInsensitive\":true}},{\"visible\":false,\"search\":{\"search\":\"\",\"smart\":true,\"regex\":false,\"caseInsensitive\":true}},{\"visible\":false,\"search\":{\"search\":\"\",\"smart\":true,\"regex\":false,\"caseInsensitive\":true}},{\"visible\":false,\"search\":{\"search\":\"\",\"smart\":true,\"regex\":false,\"caseInsensitive\":true}},{\"visible\":false,\"search\":{\"search\":\"\",\"smart\":true,\"regex\":false,\"caseInsensitive\":true}},{\"visible\":false,\"search\":{\"search\":\"\",\"smart\":true,\"regex\":false,\"caseInsensitive\":true}},{\"visible\":false,\"search\":{\"search\":\"\",\"smart\":true,\"regex\":false,\"caseInsensitive\":true}},{\"visible\":false,\"search\":{\"search\":\"\",\"smart\":true,\"regex\":false,\"caseInsensitive\":true}},{\"visible\":false,\"search\":{\"search\":\"\",\"smart\":true,\"regex\":false,\"caseInsensitive\":true}},{\"visible\":false,\"search\":{\"search\":\"\",\"smart\":true,\"regex\":false,\"caseInsensitive\":true}},{\"visible\":true,\"search\":{\"search\":\"\",\"smart\":true,\"regex\":false,\"caseInsensitive\":true}},{\"visible\":true,\"search\":{\"search\":\"\",\"smart\":true,\"regex\":false,\"caseInsensitive\":true}},{\"visible\":false,\"search\":{\"search\":\"\",\"smart\":true,\"regex\":false,\"caseInsensitive\":true}},{\"visible\":false,\"search\":{\"search\":\"\",\"smart\":true,\"regex\":false,\"caseInsensitive\":true}},{\"visible\":false,\"search\":{\"search\":\"\",\"smart\":true,\"regex\":false,\"caseInsensitive\":true}},{\"visible\":false,\"search\":{\"search\":\"\",\"smart\":true,\"regex\":false,\"caseInsensitive\":true}},{\"visible\":true,\"search\":{\"search\":\"\",\"smart\":true,\"regex\":false,\"caseInsensitive\":true}},{\"visible\":false,\"search\":{\"search\":\"\",\"smart\":true,\"regex\":false,\"caseInsensitive\":true}},{\"visible\":false,\"search\":{\"search\":\"\",\"smart\":true,\"regex\":false,\"caseInsensitive\":true}},{\"visible\":false,\"search\":{\"search\":\"\",\"smart\":true,\"regex\":false,\"caseInsensitive\":true}},{\"visible\":false,\"search\":{\"search\":\"\",\"smart\":true,\"regex\":false,\"caseInsensitive\":true}},{\"visible\":false,\"search\":{\"search\":\"\",\"smart\":true,\"regex\":false,\"caseInsensitive\":true}},{\"visible\":false,\"search\":{\"search\":\"\",\"smart\":true,\"regex\":false,\"caseInsensitive\":true}},{\"visible\":false,\"search\":{\"search\":\"\",\"smart\":true,\"regex\":false,\"caseInsensitive\":true}},{\"visible\":false,\"search\":{\"search\":\"\",\"smart\":true,\"regex\":false,\"caseInsensitive\":true}},{\"visible\":false,\"search\":{\"search\":\"\",\"smart\":true,\"regex\":false,\"caseInsensitive\":true}},{\"visible\":false,\"search\":{\"search\":\"\",\"smart\":true,\"regex\":false,\"caseInsensitive\":true}},{\"visible\":true,\"search\":{\"search\":\"\",\"smart\":true,\"regex\":false,\"caseInsensitive\":true}},{\"visible\":false,\"search\":{\"search\":\"\",\"smart\":true,\"regex\":false,\"caseInsensitive\":true}},{\"visible\":false,\"search\":{\"search\":\"\",\"smart\":true,\"regex\":false,\"caseInsensitive\":true}},{\"visible\":true,\"search\":{\"search\":\"\",\"smart\":true,\"regex\":false,\"caseInsensitive\":true}}]}'),
(1, 'layoutGrid', '{\"time\":1628692266988,\"start\":0,\"length\":10,\"order\":[[1,\"asc\"]],\"search\":{\"search\":\"\",\"smart\":true,\"regex\":false,\"caseInsensitive\":true},\"columns\":[{\"visible\":true,\"search\":{\"search\":\"\",\"smart\":true,\"regex\":false,\"caseInsensitive\":true}},{\"visible\":true,\"search\":{\"search\":\"\",\"smart\":true,\"regex\":false,\"caseInsensitive\":true}},{\"visible\":true,\"search\":{\"search\":\"\",\"smart\":true,\"regex\":false,\"caseInsensitive\":true}},{\"visible\":true,\"search\":{\"search\":\"\",\"smart\":true,\"regex\":false,\"caseInsensitive\":true}},{\"visible\":true,\"search\":{\"search\":\"\",\"smart\":true,\"regex\":false,\"caseInsensitive\":true}},{\"visible\":false,\"search\":{\"search\":\"\",\"smart\":true,\"regex\":false,\"caseInsensitive\":true}},{\"visible\":true,\"search\":{\"search\":\"\",\"smart\":true,\"regex\":false,\"caseInsensitive\":true}},{\"visible\":true,\"search\":{\"search\":\"\",\"smart\":true,\"regex\":false,\"caseInsensitive\":true}},{\"visible\":true,\"search\":{\"search\":\"\",\"smart\":true,\"regex\":false,\"caseInsensitive\":true}},{\"visible\":true,\"search\":{\"search\":\"\",\"smart\":true,\"regex\":false,\"caseInsensitive\":true}},{\"visible\":true,\"search\":{\"search\":\"\",\"smart\":true,\"regex\":false,\"caseInsensitive\":true}},{\"visible\":false,\"search\":{\"search\":\"\",\"smart\":true,\"regex\":false,\"caseInsensitive\":true}},{\"visible\":false,\"search\":{\"search\":\"\",\"smart\":true,\"regex\":false,\"caseInsensitive\":true}},{\"visible\":false,\"search\":{\"search\":\"\",\"smart\":true,\"regex\":false,\"caseInsensitive\":true}},{\"visible\":true,\"search\":{\"search\":\"\",\"smart\":true,\"regex\":false,\"caseInsensitive\":true}}]}'),
(1, 'libraryGrid', '{\"time\":1628691814959,\"start\":0,\"length\":10,\"order\":[[1,\"asc\"]],\"search\":{\"search\":\"\",\"smart\":true,\"regex\":false,\"caseInsensitive\":true},\"columns\":[{\"visible\":true,\"search\":{\"search\":\"\",\"smart\":true,\"regex\":false,\"caseInsensitive\":true}},{\"visible\":true,\"search\":{\"search\":\"\",\"smart\":true,\"regex\":false,\"caseInsensitive\":true}},{\"visible\":true,\"search\":{\"search\":\"\",\"smart\":true,\"regex\":false,\"caseInsensitive\":true}},{\"visible\":false,\"search\":{\"search\":\"\",\"smart\":true,\"regex\":false,\"caseInsensitive\":true}},{\"visible\":true,\"search\":{\"search\":\"\",\"smart\":true,\"regex\":false,\"caseInsensitive\":true}},{\"visible\":true,\"search\":{\"search\":\"\",\"smart\":true,\"regex\":false,\"caseInsensitive\":true}},{\"visible\":false,\"search\":{\"search\":\"\",\"smart\":true,\"regex\":false,\"caseInsensitive\":true}},{\"visible\":true,\"search\":{\"search\":\"\",\"smart\":true,\"regex\":false,\"caseInsensitive\":true}},{\"visible\":false,\"search\":{\"search\":\"\",\"smart\":true,\"regex\":false,\"caseInsensitive\":true}},{\"visible\":true,\"search\":{\"search\":\"\",\"smart\":true,\"regex\":false,\"caseInsensitive\":true}},{\"visible\":true,\"search\":{\"search\":\"\",\"smart\":true,\"regex\":false,\"caseInsensitive\":true}},{\"visible\":false,\"search\":{\"search\":\"\",\"smart\":true,\"regex\":false,\"caseInsensitive\":true}},{\"visible\":false,\"search\":{\"search\":\"\",\"smart\":true,\"regex\":false,\"caseInsensitive\":true}},{\"visible\":true,\"search\":{\"search\":\"\",\"smart\":true,\"regex\":false,\"caseInsensitive\":true}},{\"visible\":true,\"search\":{\"search\":\"\",\"smart\":true,\"regex\":false,\"caseInsensitive\":true}},{\"visible\":false,\"search\":{\"search\":\"\",\"smart\":true,\"regex\":false,\"caseInsensitive\":true}},{\"visible\":false,\"search\":{\"search\":\"\",\"smart\":true,\"regex\":false,\"caseInsensitive\":true}},{\"visible\":true,\"search\":{\"search\":\"\",\"smart\":true,\"regex\":false,\"caseInsensitive\":true}},{\"visible\":true,\"search\":{\"search\":\"\",\"smart\":true,\"regex\":false,\"caseInsensitive\":true}}]}'),
(1, 'moduleGrid', '{\"time\":1628603773759,\"start\":20,\"length\":10,\"order\":[[0,\"asc\"]],\"search\":{\"search\":\"\",\"smart\":true,\"regex\":false,\"caseInsensitive\":true},\"columns\":[{\"visible\":true,\"search\":{\"search\":\"\",\"smart\":true,\"regex\":false,\"caseInsensitive\":true}},{\"visible\":true,\"search\":{\"search\":\"\",\"smart\":true,\"regex\":false,\"caseInsensitive\":true}},{\"visible\":true,\"search\":{\"search\":\"\",\"smart\":true,\"regex\":false,\"caseInsensitive\":true}},{\"visible\":true,\"search\":{\"search\":\"\",\"smart\":true,\"regex\":false,\"caseInsensitive\":true}},{\"visible\":true,\"search\":{\"search\":\"\",\"smart\":true,\"regex\":false,\"caseInsensitive\":true}},{\"visible\":true,\"search\":{\"search\":\"\",\"smart\":true,\"regex\":false,\"caseInsensitive\":true}},{\"visible\":true,\"search\":{\"search\":\"\",\"smart\":true,\"regex\":false,\"caseInsensitive\":true}},{\"visible\":true,\"search\":{\"search\":\"\",\"smart\":true,\"regex\":false,\"caseInsensitive\":true}},{\"visible\":true,\"search\":{\"search\":\"\",\"smart\":true,\"regex\":false,\"caseInsensitive\":true}}]}'),
(1, 'playlistGrid', '{\"time\":1628605019694,\"start\":0,\"length\":10,\"order\":[[1,\"asc\"]],\"search\":{\"search\":\"\",\"smart\":true,\"regex\":false,\"caseInsensitive\":true},\"columns\":[{\"visible\":true,\"search\":{\"search\":\"\",\"smart\":true,\"regex\":false,\"caseInsensitive\":true}},{\"visible\":true,\"search\":{\"search\":\"\",\"smart\":true,\"regex\":false,\"caseInsensitive\":true}},{\"visible\":true,\"search\":{\"search\":\"\",\"smart\":true,\"regex\":false,\"caseInsensitive\":true}},{\"visible\":false,\"search\":{\"search\":\"\",\"smart\":true,\"regex\":false,\"caseInsensitive\":true}},{\"visible\":true,\"search\":{\"search\":\"\",\"smart\":true,\"regex\":false,\"caseInsensitive\":true}},{\"visible\":true,\"search\":{\"search\":\"\",\"smart\":true,\"regex\":false,\"caseInsensitive\":true}},{\"visible\":true,\"search\":{\"search\":\"\",\"smart\":true,\"regex\":false,\"caseInsensitive\":true}},{\"visible\":false,\"search\":{\"search\":\"\",\"smart\":true,\"regex\":false,\"caseInsensitive\":true}},{\"visible\":false,\"search\":{\"search\":\"\",\"smart\":true,\"regex\":false,\"caseInsensitive\":true}},{\"visible\":true,\"search\":{\"search\":\"\",\"smart\":true,\"regex\":false,\"caseInsensitive\":true}},{\"visible\":true,\"search\":{\"search\":\"\",\"smart\":true,\"regex\":false,\"caseInsensitive\":true}}]}'),
(1, 'statusDashboardDisplays', '{\"time\":1628693602344,\"start\":0,\"length\":10,\"order\":[[1,\"asc\"]],\"search\":{\"search\":\"\",\"smart\":true,\"regex\":false,\"caseInsensitive\":true},\"columns\":[{\"visible\":true,\"search\":{\"search\":\"\",\"smart\":true,\"regex\":false,\"caseInsensitive\":true}},{\"visible\":true,\"search\":{\"search\":\"\",\"smart\":true,\"regex\":false,\"caseInsensitive\":true}},{\"visible\":true,\"search\":{\"search\":\"\",\"smart\":true,\"regex\":false,\"caseInsensitive\":true}},{\"visible\":true,\"search\":{\"search\":\"\",\"smart\":true,\"regex\":false,\"caseInsensitive\":true}},{\"visible\":false,\"search\":{\"search\":\"\",\"smart\":true,\"regex\":false,\"caseInsensitive\":true}},{\"visible\":false,\"search\":{\"search\":\"\",\"smart\":true,\"regex\":false,\"caseInsensitive\":true}},{\"visible\":false,\"search\":{\"search\":\"\",\"smart\":true,\"regex\":false,\"caseInsensitive\":true}},{\"visible\":false,\"search\":{\"search\":\"\",\"smart\":true,\"regex\":false,\"caseInsensitive\":true}},{\"visible\":false,\"search\":{\"search\":\"\",\"smart\":true,\"regex\":false,\"caseInsensitive\":true}},{\"visible\":false,\"search\":{\"search\":\"\",\"smart\":true,\"regex\":false,\"caseInsensitive\":true}},{\"visible\":false,\"search\":{\"search\":\"\",\"smart\":true,\"regex\":false,\"caseInsensitive\":true}},{\"visible\":false,\"search\":{\"search\":\"\",\"smart\":true,\"regex\":false,\"caseInsensitive\":true}},{\"visible\":false,\"search\":{\"search\":\"\",\"smart\":true,\"regex\":false,\"caseInsensitive\":true}},{\"visible\":true,\"search\":{\"search\":\"\",\"smart\":true,\"regex\":false,\"caseInsensitive\":true}},{\"visible\":true,\"search\":{\"search\":\"\",\"smart\":true,\"regex\":false,\"caseInsensitive\":true}},{\"visible\":false,\"search\":{\"search\":\"\",\"smart\":true,\"regex\":false,\"caseInsensitive\":true}},{\"visible\":false,\"search\":{\"search\":\"\",\"smart\":true,\"regex\":false,\"caseInsensitive\":true}},{\"visible\":false,\"search\":{\"search\":\"\",\"smart\":true,\"regex\":false,\"caseInsensitive\":true}},{\"visible\":false,\"search\":{\"search\":\"\",\"smart\":true,\"regex\":false,\"caseInsensitive\":true}},{\"visible\":true,\"search\":{\"search\":\"\",\"smart\":true,\"regex\":false,\"caseInsensitive\":true}},{\"visible\":false,\"search\":{\"search\":\"\",\"smart\":true,\"regex\":false,\"caseInsensitive\":true}},{\"visible\":false,\"search\":{\"search\":\"\",\"smart\":true,\"regex\":false,\"caseInsensitive\":true}},{\"visible\":false,\"search\":{\"search\":\"\",\"smart\":true,\"regex\":false,\"caseInsensitive\":true}},{\"visible\":false,\"search\":{\"search\":\"\",\"smart\":true,\"regex\":false,\"caseInsensitive\":true}},{\"visible\":false,\"search\":{\"search\":\"\",\"smart\":true,\"regex\":false,\"caseInsensitive\":true}},{\"visible\":true,\"search\":{\"search\":\"\",\"smart\":true,\"regex\":false,\"caseInsensitive\":true}}]}'),
(1, 'toolbar', '{\"libraryContent\":[{\"name\":\"Library Search 0\",\"filters\":{\"name\":{\"name\":\"Nome\",\"value\":\"\"},\"tag\":{\"name\":\"Tag\",\"value\":\"\"},\"type\":{\"name\":\"Tipo\",\"values\":[{\"type\":\"audio\",\"name\":\"Audio\"},{\"type\":\"htmlpackage\",\"name\":\"HTML Package\"},{\"type\":\"image\",\"name\":\"Image\"},{\"type\":\"pdf\",\"name\":\"PDF\"},{\"type\":\"powerpoint\",\"name\":\"PowerPoint\"},{\"type\":\"video\",\"name\":\"Video\"}]},\"owner\":{\"name\":\"Usuário\",\"values\":[{\"userId\":\"1\",\"name\":\"admin\"}]}},\"hideElement\":false},{\"name\":\"Library Search 1 [video] \",\"filters\":{\"name\":{\"name\":\"Nome\",\"value\":\"\"},\"tag\":{\"name\":\"Tag\",\"value\":\"\"},\"type\":{\"name\":\"Tipo\",\"values\":[{\"type\":\"audio\",\"name\":\"Audio\"},{\"type\":\"htmlpackage\",\"name\":\"HTML Package\"},{\"type\":\"image\",\"name\":\"Image\"},{\"type\":\"pdf\",\"name\":\"PDF\"},{\"type\":\"powerpoint\",\"name\":\"PowerPoint\"},{\"type\":\"video\",\"name\":\"Video\"}],\"value\":\"video\"},\"owner\":{\"name\":\"Usuário\",\"values\":[{\"userId\":\"1\",\"name\":\"admin\"}]}},\"hideElement\":false},{\"name\":\"Library Search 2 [video] \",\"filters\":{\"name\":{\"name\":\"Nome\",\"value\":\"\"},\"tag\":{\"name\":\"Tag\",\"value\":\"\"},\"type\":{\"name\":\"Tipo\",\"values\":[{\"type\":\"audio\",\"name\":\"Audio\"},{\"type\":\"htmlpackage\",\"name\":\"HTML Package\"},{\"type\":\"image\",\"name\":\"Image\"},{\"type\":\"pdf\",\"name\":\"PDF\"},{\"type\":\"powerpoint\",\"name\":\"PowerPoint\"},{\"type\":\"video\",\"name\":\"Video\"}],\"value\":\"video\"},\"owner\":{\"name\":\"Usuário\",\"values\":[{\"userId\":\"1\",\"name\":\"admin\"}]}},\"hideElement\":false},{\"name\":\"Library Search 3 [video] \",\"filters\":{\"name\":{\"name\":\"Nome\",\"value\":\"\"},\"tag\":{\"name\":\"Tag\",\"value\":\"\"},\"type\":{\"name\":\"Tipo\",\"values\":[{\"type\":\"audio\",\"name\":\"Audio\"},{\"type\":\"htmlpackage\",\"name\":\"HTML Package\"},{\"type\":\"image\",\"name\":\"Image\"},{\"type\":\"pdf\",\"name\":\"PDF\"},{\"type\":\"powerpoint\",\"name\":\"PowerPoint\"},{\"type\":\"video\",\"name\":\"Video\"}],\"value\":\"video\"},\"owner\":{\"name\":\"Usuário\",\"values\":[{\"userId\":\"1\",\"name\":\"admin\"}]}},\"hideElement\":false}],\"searchPosition\":{\"width\":787.391,\"height\":551.875,\"top\":333.125,\"left\":1111.59375},\"openedMenu\":2,\"displayTooltips\":1,\"favouriteModules\":[]}');

-- --------------------------------------------------------

--
-- Estrutura da tabela `usertype`
--

CREATE TABLE `usertype` (
  `userTypeId` int(11) NOT NULL,
  `userType` varchar(16) NOT NULL
) ENGINE=InnoDB DEFAULT CHARSET=utf8;

--
-- Extraindo dados da tabela `usertype`
--

INSERT INTO `usertype` (`userTypeId`, `userType`) VALUES
(1, 'Super Admin'),
(2, 'Group Admin'),
(3, 'User'),
(4, 'DOOH');

-- --------------------------------------------------------

--
-- Estrutura da tabela `widget`
--

CREATE TABLE `widget` (
  `widgetId` int(11) NOT NULL,
  `playlistId` int(11) NOT NULL,
  `ownerId` int(11) NOT NULL,
  `type` varchar(50) NOT NULL,
  `duration` int(11) NOT NULL,
  `displayOrder` int(11) NOT NULL,
  `calculatedDuration` int(11) NOT NULL,
  `useDuration` tinyint(4) NOT NULL DEFAULT '1',
  `fromDt` int(11) NOT NULL,
  `toDt` int(11) NOT NULL,
  `createdDt` int(11) NOT NULL DEFAULT '0',
  `modifiedDt` int(11) NOT NULL DEFAULT '0'
) ENGINE=InnoDB DEFAULT CHARSET=utf8;

--
-- Extraindo dados da tabela `widget`
--

INSERT INTO `widget` (`widgetId`, `playlistId`, `ownerId`, `type`, `duration`, `displayOrder`, `calculatedDuration`, `useDuration`, `fromDt`, `toDt`, `createdDt`, `modifiedDt`) VALUES
(1, 1, 1, 'image', 60, 1, 60, 1, 0, 2147483647, 1628599479, 1628599479),
(2, 2, 1, 'text', 10, 1, 10, 1, 0, 2147483647, 1628599479, 1628599479),
(3, 3, 1, 'spacer', 5, 1, 5, 1, 0, 2147483647, 1628599479, 1628599479),
(4, 3, 1, 'text', 20, 2, 20, 1, 0, 2147483647, 1628599479, 1628599479),
(5, 4, 1, 'clock', 1, 1, 5, 0, 0, 2147483647, 1628599479, 1628599479),
(18, 16, 1, 'spacer', 5, 1, 5, 1, 0, 2147483647, 1628599479, 1628600606),
(19, 16, 1, 'text', 20, 2, 20, 1, 0, 2147483647, 1628599479, 1628600606),
(20, 17, 1, 'text', 10, 1, 10, 1, 0, 2147483647, 1628599479, 1628600606),
(21, 18, 1, 'image', 60, 1, 60, 1, 0, 2147483647, 1628599479, 1628600606),
(22, 19, 1, 'clock', 1, 1, 5, 0, 0, 2147483647, 1628599479, 1628600606),
(54, 33, 1, 'ticker', 5, 1, 5, 0, 0, 2147483647, 1628691919, 1628691919),
(55, 34, 1, 'ticker', 5, 1, 5, 0, 0, 2147483647, 1628691941, 1628691941),
(56, 35, 1, 'ticker', 5, 1, 5, 0, 0, 2147483647, 1628691941, 1628691941),
(57, 36, 1, 'ticker', 5, 1, 5, 0, 0, 2147483647, 1628691941, 1628691941),
(58, 37, 1, 'ticker', 5, 1, 5, 0, 0, 2147483647, 1628691942, 1628691942),
(59, 38, 1, 'ticker', 5, 1, 5, 0, 0, 2147483647, 1628691942, 1628691942),
(60, 39, 1, 'ticker', 5, 1, 5, 0, 0, 2147483647, 1628691986, 1628691986),
(61, 40, 1, 'ticker', 15, 1, 15, 1, 0, 2147483647, 1628691919, 1628692102),
(62, 41, 1, 'ticker', 15, 1, 15, 1, 0, 2147483647, 1628691941, 1628692158),
(63, 42, 1, 'ticker', 5, 1, 5, 0, 0, 2147483647, 1628692227, 1628692227),
(64, 43, 1, 'ticker', 5, 1, 5, 0, 0, 2147483647, 1628692260, 1628692260),
(65, 44, 1, 'ticker', 5, 1, 5, 0, 0, 2147483647, 1628692260, 1628692260),
(66, 45, 1, 'ticker', 5, 1, 5, 0, 0, 2147483647, 1628692260, 1628692260),
(67, 46, 1, 'ticker', 5, 1, 5, 0, 0, 2147483647, 1628692260, 1628692260),
(68, 47, 1, 'ticker', 5, 1, 5, 0, 0, 2147483647, 1628692260, 1628692260),
(69, 48, 1, 'ticker', 5, 1, 5, 0, 0, 2147483647, 1628692260, 1628692260),
(70, 49, 1, 'ticker', 15, 1, 15, 1, 0, 2147483647, 1628692260, 1628692351);

-- --------------------------------------------------------

--
-- Estrutura da tabela `widgethistory`
--

CREATE TABLE `widgethistory` (
  `id` int(11) NOT NULL,
  `layoutHistoryId` int(11) NOT NULL,
  `widgetId` int(11) NOT NULL,
  `mediaId` int(11) DEFAULT NULL,
  `type` varchar(50) NOT NULL,
  `name` varchar(255) DEFAULT NULL
) ENGINE=InnoDB DEFAULT CHARSET=utf8;

-- --------------------------------------------------------

--
-- Estrutura da tabela `widgetoption`
--

CREATE TABLE `widgetoption` (
  `widgetId` int(11) NOT NULL,
  `type` varchar(50) NOT NULL,
  `option` varchar(254) NOT NULL,
  `value` text
) ENGINE=InnoDB DEFAULT CHARSET=utf8;

--
-- Extraindo dados da tabela `widgetoption`
--

INSERT INTO `widgetoption` (`widgetId`, `type`, `option`, `value`) VALUES
(1, 'attrib', 'align', 'center'),
(1, 'attrib', 'enableStat', 'Inherit'),
(1, 'attrib', 'name', 'Company Logo'),
(1, 'attrib', 'scaleType', 'center'),
(1, 'attrib', 'uri', '1.png'),
(1, 'attrib', 'valign', 'middle'),
(2, 'attrib', 'effect', 'none'),
(2, 'attrib', 'enableStat', 'Inherit'),
(2, 'attrib', 'lowerLimit', '0'),
(2, 'attrib', 'name', 'Header Text'),
(2, 'attrib', 'ta_text_advanced', '0'),
(2, 'attrib', 'upperLimit', '0'),
(2, 'attrib', 'xmds', '1'),
(2, 'cdata', 'text', '<p style=\"text-align: center;\"><span style=\"color:#FFFFFF;\"><span style=\"font-size: 48px;\">powered by...</span></span></p>\n\n<p style=\"text-align: center;\"><strong><span style=\"font-size:96px;\"><span style=\"color:#FFFFFF;\">Xibo Digital Signage</span></span></strong></p>\n'),
(3, 'attrib', 'enableStat', 'Inherit'),
(3, 'attrib', 'lowerLimit', '0'),
(3, 'attrib', 'upperLimit', '0'),
(4, 'attrib', 'effect', 'fade'),
(4, 'attrib', 'enableStat', 'Inherit'),
(4, 'attrib', 'lowerLimit', '0'),
(4, 'attrib', 'name', 'Explainer Text'),
(4, 'attrib', 'speed', '6000'),
(4, 'attrib', 'ta_text_advanced', '0'),
(4, 'attrib', 'upperLimit', '0'),
(4, 'attrib', 'xmds', '1'),
(4, 'cdata', 'text', '<p style=\"text-align: center;\"><span style=\"color:#FFFFFF;\"><span style=\"font-size: 48px;\">This is the Default Layout to assign to displays</span></span></p>\n\n<p style=\"text-align: center;\"><span style=\"color:#FFFFFF;\"><span style=\"font-size: 48px;\">It will be shown when nothing else is scheduled</span></span></p>\n\n<p style=\"text-align: center;\"><span style=\"font-size: 48px;\"><span style=\"color:#FFFFFF;\">Edit this Default Layout to personalise or create your own to assign to </span><span style=\"color: #fcfce5;\">your displays!</span></span></p>\n\n<p>&nbsp;</p>\n'),
(5, 'attrib', 'clockFace', 'TwentyFourHourClock'),
(5, 'attrib', 'clockTypeId', '2'),
(5, 'attrib', 'enableStat', 'Inherit'),
(5, 'attrib', 'lowerLimit', '0'),
(5, 'attrib', 'offset', '0'),
(5, 'attrib', 'showSeconds', '1'),
(5, 'attrib', 'ta_text_advanced', '0'),
(5, 'attrib', 'theme', '1'),
(5, 'attrib', 'upperLimit', '0'),
(5, 'cdata', 'format', '<p style=\"text-align: justify;\"><span style=\"color:#FFFFFF;\"><span style=\"font-size: 48px;\">[HH:mm]</span></span></p>\n'),
(18, 'attrib', 'enableStat', 'Inherit'),
(18, 'attrib', 'lowerLimit', '0'),
(18, 'attrib', 'upperLimit', '0'),
(19, 'attrib', 'effect', 'fade'),
(19, 'attrib', 'enableStat', 'Inherit'),
(19, 'attrib', 'lowerLimit', '0'),
(19, 'attrib', 'name', 'Explainer Text'),
(19, 'attrib', 'speed', '6000'),
(19, 'attrib', 'ta_text_advanced', '0'),
(19, 'attrib', 'upperLimit', '0'),
(19, 'attrib', 'xmds', '1'),
(19, 'cdata', 'text', '<p style=\"text-align: center;\"><span style=\"color:#FFFFFF;\"><span style=\"font-size: 48px;\">This is the Default Layout to assign to displays</span></span></p>\n\n<p style=\"text-align: center;\"><span style=\"color:#FFFFFF;\"><span style=\"font-size: 48px;\">It will be shown when nothing else is scheduled</span></span></p>\n\n<p style=\"text-align: center;\"><span style=\"font-size: 48px;\"><span style=\"color:#FFFFFF;\">Edit this Default Layout to personalise or create your own to assign to </span><span style=\"color: #fcfce5;\">your displays!</span></span></p>\n\n<p>&nbsp;</p>\n'),
(20, 'attrib', 'effect', 'none'),
(20, 'attrib', 'enableStat', 'Inherit'),
(20, 'attrib', 'lowerLimit', '0'),
(20, 'attrib', 'name', 'Header Text'),
(20, 'attrib', 'ta_text_advanced', '0'),
(20, 'attrib', 'upperLimit', '0'),
(20, 'attrib', 'xmds', '1'),
(20, 'cdata', 'text', '<p style=\"text-align: center;\"><span style=\"color:#FFFFFF;\"><span style=\"font-size: 48px;\">powered by...</span></span></p>\n\n<p style=\"text-align: center;\"><strong><span style=\"font-size:96px;\"><span style=\"color:#FFFFFF;\">Xibo Digital Signage</span></span></strong></p>\n'),
(21, 'attrib', 'align', 'center'),
(21, 'attrib', 'enableStat', 'Inherit'),
(21, 'attrib', 'name', 'Company Logo'),
(21, 'attrib', 'scaleType', 'center'),
(21, 'attrib', 'uri', '1.png'),
(21, 'attrib', 'valign', 'middle'),
(22, 'attrib', 'clockFace', 'TwentyFourHourClock'),
(22, 'attrib', 'clockTypeId', '2'),
(22, 'attrib', 'enableStat', 'Inherit'),
(22, 'attrib', 'lowerLimit', '0'),
(22, 'attrib', 'offset', '0'),
(22, 'attrib', 'showSeconds', '1'),
(22, 'attrib', 'ta_text_advanced', '0'),
(22, 'attrib', 'theme', '1'),
(22, 'attrib', 'upperLimit', '0'),
(22, 'cdata', 'format', '<p style=\"text-align: justify;\"><span style=\"color:#FFFFFF;\"><span style=\"font-size: 48px;\">[HH:mm]</span></span></p>\n'),
(54, 'attrib', 'datasetid', '0'),
(54, 'attrib', 'disableDateSort', '0'),
(54, 'attrib', 'durationIsPerItem', '1'),
(54, 'attrib', 'effect', 'fade'),
(54, 'attrib', 'enableStat', 'Inherit'),
(54, 'attrib', 'itemsPerPage', '1'),
(54, 'attrib', 'itemsSideBySide', '0'),
(54, 'attrib', 'lowerLimit', '0'),
(54, 'attrib', 'name', 'Uol-Celebridades'),
(54, 'attrib', 'overrideTemplate', '1'),
(54, 'attrib', 'randomiseItems', '0'),
(54, 'attrib', 'sourceId', '1'),
(54, 'attrib', 'speed', '2'),
(54, 'attrib', 'takeItemsFrom', 'start'),
(54, 'attrib', 'templateId', 'title-only'),
(54, 'attrib', 'textDirection', 'ltr'),
(54, 'attrib', 'updateInterval', '90'),
(54, 'attrib', 'upperLimit', '0'),
(54, 'attrib', 'uri', 'http%3A%2F%2Fwww3.uol.com.br%2Fxml%2Fmidiaindoor%2Fcelebridades.xml'),
(54, 'attrib', 'xmds', '1'),
(54, 'cdata', 'css', '.linkfoto > img { width:1920px;height:1080px;}\n.logo1{display: block; margin: 15px auto 30px auto}\n.cycle-overlay {color: white;background-color: rgba(0,0,0,0.6);position: absolute;bottom: 0;width: 20%;height:100%;padding: 15px;}\n'),
(54, 'cdata', 'noDataMessage', '<p><span style=\"font-size: 48px;\"><span style=\"color: #ffffff;\">No Data returned from the source</span></span></p>\n'),
(54, 'cdata', 'template', '<div class=\"linkfoto\">[linkfoto|image]\n<div class=\"cycle-overlay\">\n<div class=\"logo1\"><img src=\"https://www.mgatv.com.br/uol/logo1.png\" /></div>\n\n<p style=\"font-family: Arial, Verdana, sans-serif; font-size:65px; color:yellow;\">[Title]</p>\n\n<p style=\"font-family: Arial, Verdana, sans-serif; font-size:50px; margin-top:40px;\">[Description]</p>\n</div>\n</div>\n'),
(55, 'attrib', 'datasetid', '0'),
(55, 'attrib', 'disableDateSort', '0'),
(55, 'attrib', 'durationIsPerItem', '1'),
(55, 'attrib', 'effect', 'fade'),
(55, 'attrib', 'enableStat', 'Inherit'),
(55, 'attrib', 'itemsPerPage', '1'),
(55, 'attrib', 'itemsSideBySide', '0'),
(55, 'attrib', 'lowerLimit', '0'),
(55, 'attrib', 'name', 'UOL-Cotidiano'),
(55, 'attrib', 'overrideTemplate', '1'),
(55, 'attrib', 'randomiseItems', '0'),
(55, 'attrib', 'sourceId', '1'),
(55, 'attrib', 'speed', '2'),
(55, 'attrib', 'takeItemsFrom', 'start'),
(55, 'attrib', 'templateId', 'media-rss-with-left-hand-text'),
(55, 'attrib', 'textDirection', 'ltr'),
(55, 'attrib', 'updateInterval', '90'),
(55, 'attrib', 'upperLimit', '0'),
(55, 'attrib', 'uri', 'http%3A%2F%2Fwww3.uol.com.br%2Fxml%2Fmidiaindoor%2Fcotidiano.xml'),
(55, 'attrib', 'xmds', '1'),
(55, 'cdata', 'css', '.linkfoto > img { width:1920px;height:1080px;}\n.logo1{display: block; margin: 15px auto 30px auto}\n.cycle-overlay {color: white;background-color: rgba(0,0,0,0.6);position: absolute;bottom: 0;width: 20%;height:100%;padding: 15px;}\n'),
(55, 'cdata', 'noDataMessage', '<p><span style=\"font-size: 48px;\"><span style=\"color: #ffffff;\">No Data returned from the source</span></span></p>\n'),
(55, 'cdata', 'template', '<div class=\"linkfoto\">[linkfoto|image]\n<div class=\"cycle-overlay\">\n<div class=\"logo1\"><img src=\"https://www.mgatv.com.br/uol/logo1.png\" /></div>\n\n<p style=\"font-family: Arial, Verdana, sans-serif; font-size:65px; color:yellow;\">[Title]</p>\n\n<p style=\"font-family: Arial, Verdana, sans-serif; font-size:50px; margin-top:40px;\">[Description]</p>\n</div>\n</div>\n'),
(56, 'attrib', 'datasetid', '0'),
(56, 'attrib', 'disableDateSort', '0'),
(56, 'attrib', 'durationIsPerItem', '1'),
(56, 'attrib', 'effect', 'fade'),
(56, 'attrib', 'enableStat', 'Inherit'),
(56, 'attrib', 'itemsPerPage', '1'),
(56, 'attrib', 'itemsSideBySide', '0'),
(56, 'attrib', 'lowerLimit', '0'),
(56, 'attrib', 'name', 'Uol-Destaques'),
(56, 'attrib', 'overrideTemplate', '1'),
(56, 'attrib', 'randomiseItems', '0'),
(56, 'attrib', 'sourceId', '1'),
(56, 'attrib', 'speed', '2'),
(56, 'attrib', 'takeItemsFrom', 'start'),
(56, 'attrib', 'templateId', 'title-only'),
(56, 'attrib', 'textDirection', 'ltr'),
(56, 'attrib', 'updateInterval', '90'),
(56, 'attrib', 'upperLimit', '0'),
(56, 'attrib', 'uri', 'http%3A%2F%2Fwww3.uol.com.br%2Fxml%2Fmidiaindoor%2Fdestaques.xml'),
(56, 'attrib', 'xmds', '1'),
(56, 'cdata', 'css', '.linkfoto > img { width:1920px;height:1080px;}\n.logo1{display: block; margin: 15px auto 30px auto}\n.cycle-overlay {color: white;background-color: rgba(0,0,0,0.6);position: absolute;bottom: 0;width: 20%;height:100%;padding: 15px;}\n'),
(56, 'cdata', 'noDataMessage', '<p><span style=\"font-size: 48px;\"><span style=\"color: #ffffff;\">No Data returned from the source</span></span></p>\n'),
(56, 'cdata', 'template', '<div class=\"linkfoto\">[linkfoto|image]\n<div class=\"cycle-overlay\">\n<div class=\"logo1\"><img src=\"https://www.mgatv.com.br/uol/logo1.png\" /></div>\n\n<p style=\"font-family: Arial, Verdana, sans-serif; font-size:65px; color:yellow;\">Destaques</p>\n\n<p style=\"font-family: Arial, Verdana, sans-serif; font-size:50px; margin-top:40px;\">[Description]</p>\n</div>\n</div>\n'),
(57, 'attrib', 'datasetid', '0'),
(57, 'attrib', 'disableDateSort', '0'),
(57, 'attrib', 'durationIsPerItem', '1'),
(57, 'attrib', 'effect', 'fade'),
(57, 'attrib', 'enableStat', 'Inherit'),
(57, 'attrib', 'itemsPerPage', '1'),
(57, 'attrib', 'itemsSideBySide', '0'),
(57, 'attrib', 'lowerLimit', '0'),
(57, 'attrib', 'name', 'Uol-Economia'),
(57, 'attrib', 'overrideTemplate', '1'),
(57, 'attrib', 'randomiseItems', '0'),
(57, 'attrib', 'sourceId', '1'),
(57, 'attrib', 'speed', '2'),
(57, 'attrib', 'takeItemsFrom', 'start'),
(57, 'attrib', 'templateId', 'title-only'),
(57, 'attrib', 'textDirection', 'ltr'),
(57, 'attrib', 'updateInterval', '90'),
(57, 'attrib', 'upperLimit', '0'),
(57, 'attrib', 'uri', 'http%3A%2F%2Fwww3.uol.com.br%2Fxml%2Fmidiaindoor%2Feconomia.xml'),
(57, 'attrib', 'xmds', '1'),
(57, 'cdata', 'css', '.linkfoto > img { width:1920px;height:1080px;}\n.logo1{display: block; margin: 15px auto 30px auto}\n.cycle-overlay {color: white;background-color: rgba(0,0,0,0.6);position: absolute;bottom: 0;width: 20%;height:100%;padding: 15px;}\n'),
(57, 'cdata', 'noDataMessage', '<p><span style=\"font-size: 48px;\"><span style=\"color: #ffffff;\">No Data returned from the source</span></span></p>\n'),
(57, 'cdata', 'template', '<div class=\"linkfoto\">[linkfoto|image]\n<div class=\"cycle-overlay\">\n<div class=\"logo1\"><img src=\"https://www.mgatv.com.br/uol/logo1.png\"></div>\n\n<p style=\"font-family: Arial, Verdana, sans-serif; font-size:65px; color:yellow;\">[Title]</p>\n\n<p style=\"font-family: Arial, Verdana, sans-serif; font-size:50px; margin-top:40px;\">[Description]</p>\n</div>\n</div>\n'),
(58, 'attrib', 'datasetid', '0'),
(58, 'attrib', 'disableDateSort', '0'),
(58, 'attrib', 'durationIsPerItem', '1'),
(58, 'attrib', 'effect', 'fade'),
(58, 'attrib', 'enableStat', 'Inherit'),
(58, 'attrib', 'itemsPerPage', '1'),
(58, 'attrib', 'itemsSideBySide', '0'),
(58, 'attrib', 'lowerLimit', '0'),
(58, 'attrib', 'name', 'Uol-Internacional'),
(58, 'attrib', 'overrideTemplate', '1'),
(58, 'attrib', 'randomiseItems', '0'),
(58, 'attrib', 'sourceId', '1'),
(58, 'attrib', 'speed', '2'),
(58, 'attrib', 'takeItemsFrom', 'start'),
(58, 'attrib', 'templateId', 'title-only'),
(58, 'attrib', 'textDirection', 'ltr'),
(58, 'attrib', 'updateInterval', '90'),
(58, 'attrib', 'upperLimit', '0'),
(58, 'attrib', 'uri', 'http%3A%2F%2Fwww3.uol.com.br%2Fxml%2Fmidiaindoor%2Finternacional.xml'),
(58, 'attrib', 'xmds', '1'),
(58, 'cdata', 'css', '.linkfoto > img { width:1920px;height:1080px;}\n.logo1{display: block; margin: 15px auto 30px auto}\n.cycle-overlay {color: white;background-color: rgba(0,0,0,0.6);position: absolute;bottom: 0;width: 20%;height:100%;padding: 15px;}\n'),
(58, 'cdata', 'noDataMessage', '<p><span style=\"font-size: 48px;\"><span style=\"color: #ffffff;\">No Data returned from the source</span></span></p>\n'),
(58, 'cdata', 'template', '<div class=\"linkfoto\">[linkfoto|image]\n<div class=\"cycle-overlay\">\n<div class=\"logo1\"><img src=\"https://www.mgatv.com.br/uol/logo1.png\" /></div>\n\n<p style=\"font-family: Arial, Verdana, sans-serif; font-size:65px; color:yellow;\">[Title]</p>\n\n<p style=\"font-family: Arial, Verdana, sans-serif; font-size:50px; margin-top:40px;\">[Description]</p>\n</div>\n</div>\n'),
(59, 'attrib', 'datasetid', '0'),
(59, 'attrib', 'disableDateSort', '0'),
(59, 'attrib', 'durationIsPerItem', '1'),
(59, 'attrib', 'effect', 'fade'),
(59, 'attrib', 'enableStat', 'Inherit'),
(59, 'attrib', 'itemsPerPage', '1'),
(59, 'attrib', 'itemsSideBySide', '0'),
(59, 'attrib', 'lowerLimit', '0'),
(59, 'attrib', 'name', 'Uol-Política'),
(59, 'attrib', 'overrideTemplate', '1'),
(59, 'attrib', 'randomiseItems', '0'),
(59, 'attrib', 'sourceId', '1'),
(59, 'attrib', 'speed', '2'),
(59, 'attrib', 'takeItemsFrom', 'start'),
(59, 'attrib', 'templateId', 'title-only'),
(59, 'attrib', 'textDirection', 'ltr'),
(59, 'attrib', 'updateInterval', '90'),
(59, 'attrib', 'upperLimit', '0'),
(59, 'attrib', 'uri', 'http%3A%2F%2Fwww3.uol.com.br%2Fxml%2Fmidiaindoor%2Fpolitica.xml'),
(59, 'attrib', 'xmds', '1'),
(59, 'cdata', 'css', '.linkfoto > img { width:1920px;height:1080px;}\n.logo1{display: block; margin: 15px auto 30px auto}\n.cycle-overlay {color: white;background-color: rgba(0,0,0,0.6);position: absolute;bottom: 0;width: 20%;height:100%;padding: 15px;}\n'),
(59, 'cdata', 'noDataMessage', '<p><span style=\"font-size: 48px;\"><span style=\"color: #ffffff;\">No Data returned from the source</span></span></p>\n'),
(59, 'cdata', 'template', '<div class=\"linkfoto\">[linkfoto|image]\n<div class=\"cycle-overlay\">\n<div class=\"logo1\"><img src=\"https://www.mgatv.com.br/uol/logo1.png\" /></div>\n\n<p style=\"font-family: Arial, Verdana, sans-serif; font-size:65px; color:yellow;\">[Title]</p>\n\n<p style=\"font-family: Arial, Verdana, sans-serif; font-size:50px; margin-top:40px;\">[Description]</p>\n</div>\n</div>\n'),
(60, 'attrib', 'datasetid', '0'),
(60, 'attrib', 'disableDateSort', '0'),
(60, 'attrib', 'durationIsPerItem', '1'),
(60, 'attrib', 'effect', 'fade'),
(60, 'attrib', 'enableStat', 'Inherit'),
(60, 'attrib', 'itemsPerPage', '1'),
(60, 'attrib', 'itemsSideBySide', '0'),
(60, 'attrib', 'lowerLimit', '0'),
(60, 'attrib', 'name', 'Uol-Esportes'),
(60, 'attrib', 'overrideTemplate', '1'),
(60, 'attrib', 'randomiseItems', '0'),
(60, 'attrib', 'sourceId', '1'),
(60, 'attrib', 'speed', '2'),
(60, 'attrib', 'takeItemsFrom', 'start'),
(60, 'attrib', 'templateId', 'media-rss-with-left-hand-text'),
(60, 'attrib', 'textDirection', 'ltr'),
(60, 'attrib', 'updateInterval', '90'),
(60, 'attrib', 'upperLimit', '0'),
(60, 'attrib', 'uri', 'http%3A%2F%2Fwww3.uol.com.br%2Fxml%2Fmidiaindoor%2Fesporte.xml'),
(60, 'attrib', 'xmds', '1'),
(60, 'cdata', 'css', '.linkfoto > img { width:1920px;height:1080px;}\n.logo1{display: block; margin: 15px auto 30px auto}\n.cycle-overlay {color: white;background-color: rgba(0,0,0,0.6);position: absolute;bottom: 0;width: 20%;height:100%;padding: 15px;}'),
(60, 'cdata', 'noDataMessage', '<p><span style=\"font-size: 48px;\"><span style=\"color: #ffffff;\">No Data returned from the source</span></span></p>\n'),
(60, 'cdata', 'template', '<div class=\"linkfoto\">[linkfoto|image]\n<div class=\"cycle-overlay\">\n<div class=\"logo1\"><img src=\"https://www.mgatv.com.br/uol/logo1.png\" /></div>\n\n<p style=\"font-family: Arial, Verdana, sans-serif; font-size:65px; color:yellow;\">[Title]</p>\n\n<p style=\"font-family: Arial, Verdana, sans-serif; font-size:50px; margin-top:40px;\">[Description]</p>\n</div>\n</div>\n'),
(61, 'attrib', 'allowedAttributes', ''),
(61, 'attrib', 'backgroundColor', ''),
(61, 'attrib', 'copyright', ''),
(61, 'attrib', 'datasetid', '0'),
(61, 'attrib', 'dateFormat', NULL),
(61, 'attrib', 'decodeHtml', '0'),
(61, 'attrib', 'disableDateSort', '0'),
(61, 'attrib', 'durationIsPerItem', '1'),
(61, 'attrib', 'effect', 'fade'),
(61, 'attrib', 'enableStat', 'Inherit'),
(61, 'attrib', 'itemsPerPage', '1'),
(61, 'attrib', 'itemsSideBySide', '0'),
(61, 'attrib', 'lowerLimit', '0'),
(61, 'attrib', 'name', 'Uol-Celebridades'),
(61, 'attrib', 'noDataMessage_advanced', '0'),
(61, 'attrib', 'numItems', '1'),
(61, 'attrib', 'overrideTemplate', '1'),
(61, 'attrib', 'randomiseItems', '1'),
(61, 'attrib', 'reverseOrder', '0'),
(61, 'attrib', 'sourceId', '1'),
(61, 'attrib', 'speed', '2'),
(61, 'attrib', 'stripTags', ''),
(61, 'attrib', 'takeItemsFrom', 'start'),
(61, 'attrib', 'ta_text_advanced', '0'),
(61, 'attrib', 'templateId', 'title-only'),
(61, 'attrib', 'textDirection', 'ltr'),
(61, 'attrib', 'updateInterval', '90'),
(61, 'attrib', 'updateIntervalImages', '240'),
(61, 'attrib', 'upperLimit', '0'),
(61, 'attrib', 'uri', 'http%3A%2F%2Fwww3.uol.com.br%2Fxml%2Fmidiaindoor%2Fcelebridades.xml'),
(61, 'attrib', 'xmds', '1'),
(61, 'cdata', 'css', '.linkfoto > img { width:1920px;height:1080px;}\r\n.logo1{display: block; margin: 15px auto 30px auto}\r\n.cycle-overlay {color: white;background-color: rgba(0,0,0,0.6);position: absolute;bottom: 0;width: 20%;height:100%;padding: 15px;}\r\n'),
(61, 'cdata', 'javaScript', ''),
(61, 'cdata', 'noDataMessage', '<p><span style=\"font-size: 48px;\"><span style=\"color: #ffffff;\">No Data returned from the source</span></span></p>\r\n'),
(61, 'cdata', 'template', '<div class=\"linkfoto\">[linkfoto|image]\r\n<div class=\"cycle-overlay\">\r\n<div class=\"logo1\"><img src=\"https://www.mgatv.com.br/uol/logo1.png\" /></div>\r\n\r\n<p style=\"font-family: Arial, Verdana, sans-serif; font-size:65px; color:yellow;\">[Title]</p>\r\n\r\n<p style=\"font-family: Arial, Verdana, sans-serif; font-size:50px; margin-top:40px;\">[Description]</p>\r\n</div>\r\n</div>\r\n'),
(62, 'attrib', 'allowedAttributes', ''),
(62, 'attrib', 'backgroundColor', ''),
(62, 'attrib', 'copyright', ''),
(62, 'attrib', 'datasetid', '0'),
(62, 'attrib', 'dateFormat', NULL),
(62, 'attrib', 'decodeHtml', '0'),
(62, 'attrib', 'disableDateSort', '0'),
(62, 'attrib', 'durationIsPerItem', '1'),
(62, 'attrib', 'effect', 'fade'),
(62, 'attrib', 'enableStat', 'Inherit'),
(62, 'attrib', 'itemsPerPage', '1'),
(62, 'attrib', 'itemsSideBySide', '0'),
(62, 'attrib', 'lowerLimit', '0'),
(62, 'attrib', 'name', 'UOL-Cotidiano'),
(62, 'attrib', 'noDataMessage_advanced', '0'),
(62, 'attrib', 'numItems', '1'),
(62, 'attrib', 'overrideTemplate', '1'),
(62, 'attrib', 'randomiseItems', '1'),
(62, 'attrib', 'reverseOrder', '0'),
(62, 'attrib', 'sourceId', '1'),
(62, 'attrib', 'speed', '2'),
(62, 'attrib', 'stripTags', ''),
(62, 'attrib', 'takeItemsFrom', 'start'),
(62, 'attrib', 'ta_text_advanced', '0'),
(62, 'attrib', 'templateId', 'media-rss-with-left-hand-text'),
(62, 'attrib', 'textDirection', 'ltr'),
(62, 'attrib', 'updateInterval', '90'),
(62, 'attrib', 'updateIntervalImages', '240'),
(62, 'attrib', 'upperLimit', '0'),
(62, 'attrib', 'uri', 'http%3A%2F%2Fwww3.uol.com.br%2Fxml%2Fmidiaindoor%2Fcotidiano.xml'),
(62, 'attrib', 'xmds', '1'),
(62, 'cdata', 'css', '.linkfoto > img { width:1920px;height:1080px;}\r\n.logo1{display: block; margin: 15px auto 30px auto}\r\n.cycle-overlay {color: white;background-color: rgba(0,0,0,0.6);position: absolute;bottom: 0;width: 20%;height:100%;padding: 15px;}\r\n'),
(62, 'cdata', 'javaScript', ''),
(62, 'cdata', 'noDataMessage', '<p><span style=\"font-size: 48px;\"><span style=\"color: #ffffff;\">No Data returned from the source</span></span></p>\r\n'),
(62, 'cdata', 'template', '<div class=\"linkfoto\">[linkfoto|image]\r\n<div class=\"cycle-overlay\">\r\n<div class=\"logo1\"><img src=\"https://www.mgatv.com.br/uol/logo1.png\" /></div>\r\n\r\n<p style=\"font-family: Arial, Verdana, sans-serif; font-size:65px; color:yellow;\">[Title]</p>\r\n\r\n<p style=\"font-family: Arial, Verdana, sans-serif; font-size:50px; margin-top:40px;\">[Description]</p>\r\n</div>\r\n</div>\r\n'),
(63, 'attrib', 'datasetid', '0'),
(63, 'attrib', 'disableDateSort', '0'),
(63, 'attrib', 'durationIsPerItem', '1'),
(63, 'attrib', 'effect', 'fade'),
(63, 'attrib', 'enableStat', 'Inherit'),
(63, 'attrib', 'itemsPerPage', '1'),
(63, 'attrib', 'itemsSideBySide', '0'),
(63, 'attrib', 'lowerLimit', '0'),
(63, 'attrib', 'name', 'Loterias - TimeMania - Sorteio'),
(63, 'attrib', 'numItems', '1'),
(63, 'attrib', 'overrideTemplate', '1'),
(63, 'attrib', 'randomiseItems', '0'),
(63, 'attrib', 'sourceId', '1'),
(63, 'attrib', 'speed', '2'),
(63, 'attrib', 'takeItemsFrom', 'start'),
(63, 'attrib', 'templateId', 'title-only'),
(63, 'attrib', 'textDirection', 'ltr'),
(63, 'attrib', 'updateInterval', '120'),
(63, 'attrib', 'upperLimit', '0'),
(63, 'attrib', 'uri', 'http%3A%2F%2Fwww.mgaplay.com.br%2Floterias%2FConvert%2FDiadeSorte.php'),
(63, 'attrib', 'xmds', '1'),
(63, 'cdata', 'css', '.linkfoto > img { width:1920px; height:1080px;}\n.conteudo {\nposition: absolute;\ntop:3%;\n}\n.linha1 {\nfont-size:  43px;\ncolor: #007245;\ntext-align: center;\nmargin-top:150px;\nfont-family: \'Open Sans\', light300;\nfont-weight:300;\nfloat: left;\nwidth: 1920px;\n}\n.linha2 {\nfont-size:  63px;\ncolor: #007245;\ntext-align: center;\nmargin-top:35px;\nfont-family: \'Open Sans\', light300;\nfont-weight:300;\nfloat: left;\nwidth: 1920px;\n}\n#sorteiorealizado {\nwidth: 1920px;\nfont-size:  43px;\ncolor: #007245;\ntext-align: center;\nfont-family: \'Open Sans\', light300;\nfont-weight:300;\nfloat: left;\n}\n#sorteiovalor {\nfont-size:  70px;\ncolor: #007245;\ntext-align: center;\nfont-family: \'Open Sans\', light300;\nfont-weight:300;\nfloat: left;\nwidth: 1920px;\nheight: 50px;\n}\n#numeracao {\nfloat: left;\nwidth: 1920px;\nheight:350px;\npadding:2% 1% 2% 1%;\nline-height:280%;\nbox-sizing: border-box;\n}\n#numeracao ul{\n margin-left: px, auto; \npadding: 0;\n}\n#numeracao li{\ntext-align:center;\ndisplay: inline-block;\nfont-size:  90px;\ncolor: #007245;\nfont-family: \'Open Sans\', light300;\nbackground: #ffffff;\nborder-radius: 100px;\nfont-weight: 700;\nwidth: 170px;\nheight: 170px; \nmargin-left:2%;\npadding-top: 1%;\nbox-sizing: border-box;\n}\n#tabela {\npadding: 7% 0% 0% 15%;\nfont-family: \'Open Sans\', light300;\nwidth: 1920px\nheight: 20px;\nfont-size: 48px;\nfont-weight:300;\n}\n#colunadireita{\npadding: 0,8% 1% 0,8% 1%;\nfont-family: \'Open Sans\', light300;\nbackground-color: rgba(35,129,63,1);\nwidth:400px;\nfloat: left;\ntext-align:center;\nmargin:5px;\ncolor: #ffffff;\nfont-weight:300;\n}\n#colunaesquerda {\npadding: 0,8% 1% 0,8% 1%;\nfont-family: \'Open Sans\', light300;\nbackground-color: rgba(35,129,63,1);\nwidth:900px;\nfloat: left;\nmargin:5px;\ncolor: #ffffff;\nfont-weight:300;\n}'),
(63, 'cdata', 'noDataMessage', '<p><span style=\"font-size: 48px;\"><span style=\"color: #ffffff;\">No Data returned from the source</span></span></p>\n'),
(63, 'cdata', 'template', '<link href=\"https://fonts.googleapis.com/css?family=Open+Sans:400,800,600,700\" rel=\"stylesheet\" />\n<div class=\"linkfoto\">[linkfoto|image]\n<div class=\"conteudo\">\n<div class=\"image\">\n<p class=\"linha1\">[Cidade|] | Data:&nbsp;<strong>[Data|]&nbsp;</strong>| Concurso:&nbsp;<strong>[Concurso|]</strong></p>\n\n<p class=\"linha2\"><strong>M&ecirc;s da Sorte: [TimeCoracao|]</strong></p>\n\n<div id=\"sorteiorealizado\">&nbsp;\n<div>\n<div id=\"numeracao\">\n<ul>\n	<li>[Dezena1_1|]</li>\n	<li>[Dezena1_2|]</li>\n	<li>[Dezena1_3|]</li>\n	<li>[Dezena1_4|]</li>\n	<li>[Dezena1_5|]</li>\n	<li>[Dezena1_6|]</li>\n	<li>[Dezena1_7|]</li>\n</ul>\n</div>\n\n<div id=\"tabela\" open=\"\" style=\"font-family: \">\n<div id=\"colunaesquerda\">Pr&oacute;xima data:</div>\n\n<div id=\"colunadireita\">[ProximoData|]</div>\n\n<div id=\"colunaesquerda\">Pr&oacute;ximo estimativa pr&ecirc;mio:</div>\n\n<div id=\"colunadireita\">[ProximoEstimativaPremio|]</div>\n\n<div id=\"colunaesquerda\">Pr&oacute;ximo valor acumulado:</div>\n\n<div id=\"colunadireita\">[ProximoValorAcumulador|]</div>\n</div>\n</div>\n</div>\n</div>\n</div>\n</div>\n'),
(64, 'attrib', 'datasetid', '0'),
(64, 'attrib', 'disableDateSort', '0'),
(64, 'attrib', 'durationIsPerItem', '0'),
(64, 'attrib', 'effect', 'fade'),
(64, 'attrib', 'enableStat', 'Inherit'),
(64, 'attrib', 'itemsPerPage', '0'),
(64, 'attrib', 'itemsSideBySide', '0'),
(64, 'attrib', 'lowerLimit', '0'),
(64, 'attrib', 'name', 'Loterias - Duplasena - Numeração'),
(64, 'attrib', 'overrideTemplate', '1'),
(64, 'attrib', 'randomiseItems', '0'),
(64, 'attrib', 'sourceId', '1'),
(64, 'attrib', 'speed', '2'),
(64, 'attrib', 'takeItemsFrom', 'start'),
(64, 'attrib', 'templateId', 'title-only'),
(64, 'attrib', 'textDirection', 'ltr'),
(64, 'attrib', 'transOut', 'fadeOut'),
(64, 'attrib', 'transOutDirection', 'N'),
(64, 'attrib', 'transOutDuration', '2'),
(64, 'attrib', 'updateInterval', '120'),
(64, 'attrib', 'upperLimit', '0'),
(64, 'attrib', 'uri', 'http%3A%2F%2Fwww.mgaplay.com.br%2Floterias%2FConvert%2FDuplaSena.php'),
(64, 'attrib', 'xmds', '1'),
(64, 'cdata', 'css', '.linkfoto > img { width:1920px; height:1080px;}\n.conteudo {position: absolute;top: 0;}\n.linha1 {\nfont-size:  43px;\ncolor: #ffffff;\ntext-align: center;\nmargin-top:150px;\nfont-family: \'Open Sans\', light300;\nfont-weight:300;\nfloat: left;\nwidth: 1920px;\n}\n\n#sorteiorealizado {\nwidth: 1920px;\nfont-size:  43px;\ncolor: #ffffff;\ntext-align: center;\nfont-family: \'Open Sans\', light300;\nfont-weight:300;\nfloat: left;\n}\n#sorteiovalor {\nfont-size:  72px;\ncolor: #ffffff;\ntext-align: center;\nfont-family: \'Open Sans\', light300;\nfont-weight:300;\nfloat: left;\nwidth: 1920px;\n}\n#numeracao {\npadding:0% 12% 2% 12%;\nbox-sizing: border-box;\n}\n#numeracao ul{\nmargin: 0; \npadding: 0;\n}\n#numeracao li{\ntext-align:center;\ndisplay: inline-block;\nfont-size:  50px;\ncolor: #bf194e;\nfont-family: \'Open Sans\', light300;\nbackground: #ffffff;\nborder-radius: 100px;\nfont-weight: 700;\nwidth: 120px;\nheight: 120px; \nmargin-left:2%;\npadding-top: -1.9%;\nbox-sizing: border-box;\nline-height: 120px;\n}\n#tabela {\nfont-family: \'Open Sans\', light300;\nfont-size: 38px;\nfont-weight: 300;\nmargin-left: 15%;\nwidth: 80%;\n}\n#colunadireita {padding: 0.8% 1% 0.8% 1%;\nfont-family: \'Open Sans\', light300;\nbackground-color: rgba(147,0,47,0.5);\nwidth: 44%;\nfloat: left;\ntext-align: center;\nmargin: 5px;\ncolor: #ffffff;\nfont-weight: 300;\n}\n#colunaesquerda {\npadding: 0.8% 1% 0.8% 1%;\nfont-family: \'Open Sans\', light300;\nbackground-color: rgba(147,0,47,0.5);\nwidth: 44%;\nfloat: left;\nmargin: 5px;\ncolor: #ffffff;\nfont-weight: 300;\n}\n#1sorteio {\nfont-size:  23px;\ncolor: #ffffff;\ntext-align: center;\nfont-family: \'Open Sans\', light300;\nfont-weight:300;\n}\n#2sorteio {\nfont-size:  23px;\ncolor: #ffffff;\ntext-align: center;\nfont-family: \'Open Sans\', light300;\nfont-weight:300;\n}'),
(64, 'cdata', 'noDataMessage', '<p><span style=\"font-size: 48px;\"><span style=\"color: #ffffff;\">No Data returned from the source</span></span></p>\n'),
(64, 'cdata', 'template', '<link href=\"https://fonts.googleapis.com/css?family=Open+Sans:300,400,800,600,700\" rel=\"stylesheet\" />\n<div class=\"linkfoto\">[linkfoto|image]\n<div class=\"conteudo\">\n<p class=\"linha1\">[Cidade|] | Data: <strong> [Data|] </strong> | Concurso: <strong>[Concurso|]</strong></p>\n\n<div id=\"sorteiorealizado\">\n<div id=\"sorteiovalor\">&nbsp;</div>\n\n<div id=\"numeracao\">\n<div id=\"1sorteio\">1&ordm; Sorteio</div>\n\n<ul>\n	<li style=\"\">[Dezena1_1|]</li>\n	<li>[Dezena1_2|]</li>\n	<li>[Dezena1_3|]</li>\n	<li>[Dezena1_4|]</li>\n	<li>[Dezena1_5|]</li>\n	<li>[Dezena1_6|]</li>\n</ul>\n</div>\n\n<div id=\"numeracao\">\n<div id=\"2sorteio\">2&ordm; Sorteio</div>\n\n<ul>\n	<li style=\"\">[Dezena1_1|]</li>\n	<li>[Dezena1_2|]</li>\n	<li>[Dezena1_3|]</li>\n	<li>[Dezena1_4|]</li>\n	<li>[Dezena1_5|]</li>\n	<li>[Dezena1_6|]</li>\n</ul>\n</div>\n\n<div id=\"tabela\" style=\"font-family: \'Open Sans\', light300;\">\n<div id=\"colunaesquerda\">Pr&oacute;xima data:</div>\n\n<div id=\"colunadireita\">[ProximoData|]</div>\n\n<div id=\"colunaesquerda\">Pr&oacute;xima estimativa pr&ecirc;mio:</div>\n\n<div id=\"colunadireita\">[ProximoEstimativaPremio|]</div>\n\n<div id=\"colunaesquerda\">Pr&oacute;ximo Valor Acumulado:</div>\n\n<div id=\"colunadireita\">[ProximoValorAcumulador|]</div>\n</div>\n</div>\n</div>\n</div>\n'),
(65, 'attrib', 'datasetid', '0'),
(65, 'attrib', 'disableDateSort', '0'),
(65, 'attrib', 'durationIsPerItem', '1'),
(65, 'attrib', 'effect', 'fade'),
(65, 'attrib', 'enableStat', 'Inherit'),
(65, 'attrib', 'itemsPerPage', '1'),
(65, 'attrib', 'itemsSideBySide', '0'),
(65, 'attrib', 'lowerLimit', '0'),
(65, 'attrib', 'name', 'Loterias - Mega-Sena - Numeração'),
(65, 'attrib', 'numItems', '1'),
(65, 'attrib', 'overrideTemplate', '1'),
(65, 'attrib', 'randomiseItems', '0'),
(65, 'attrib', 'sourceId', '1'),
(65, 'attrib', 'speed', '2'),
(65, 'attrib', 'takeItemsFrom', 'start'),
(65, 'attrib', 'templateId', 'title-only'),
(65, 'attrib', 'textDirection', 'ltr'),
(65, 'attrib', 'transOut', 'fadeOut'),
(65, 'attrib', 'transOutDirection', 'N'),
(65, 'attrib', 'transOutDuration', '2'),
(65, 'attrib', 'updateInterval', '120'),
(65, 'attrib', 'upperLimit', '0'),
(65, 'attrib', 'uri', 'http%3A%2F%2Fwww.mgaplay.com.br%2Floterias%2FConvert%2FMegaSena.php'),
(65, 'attrib', 'xmds', '1'),
(65, 'cdata', 'css', '.linkfoto > img { width:1920px; height:1080px;}\n.conteudo {position: absolute;top: 0;}\n.linha1 {\nfont-size:  43px;\ncolor: #ffffff;\n text-align: center;\nmargin-top:180px;\nfont-family: \'Open Sans\', light300;\nfont-weight:300;\nfloat: left;\nwidth: 1920px;\n}\n#sorteiorealizado {\nwidth: 1920px;\nfont-size:  43px;\ncolor: #ffffff;\ntext-align: center;\nfont-family: \'Open Sans\', light300;\nfont-weight:300;\nfloat: left;\n}\n#sorteiovalor {\nfont-size:  92px;\ncolor: #ffffff;\ntext-align: center;\nfont-family: \'Open Sans\', light300;\nfont-weight:300;\nfloat: left;\nwidth: 1920px;\n}\n#numeracao {\nfloat: left;\nwidth: 1920px;\nheight:350px;\npadding:2% 12% 2% 12%;\nline-height:300%;\nbox-sizing: border-box;\n}\n#numeracao ul{\nmargin-left: px, auto; \npadding: 0;\n}\n#numeracao li{\ntext-align:center;\ndisplay: inline-block;\nfont-size:  90px;\ncolor: #1d723c;\nfont-family: \'Open Sans\', light300;\nbackground: #ffffff;\nborder-radius: 100px;\nfont-weight: 700;\nwidth: 180px;\nheight: 180px; \nmargin-left:2%;\npadding-top: 1.5%;\nbox-sizing: border-box;\n}\n#tabela {\npadding: 0% 15% 0% 16%;\nfont-family: \'Open Sans\', light300;\nwidth: 1920px\nheight: 20px;\nfont-size: 48px;\nbackground-color: #ff0012;\nfont-weight:300;\n}\n#colunadireita{\npadding: 0,8% 1% 0,8% 1%;\nfont-family: \'Open Sans\', light300;\nbackground-color: rgba(0,46,30,0.5);\nwidth:400px;\nfloat: left;\ntext-align:center;\nmargin:5px;\ncolor: #ffffff;\nfont-weight:300;\n}\n#colunaesquerda {\npadding: 0,8% 1% 0,8% 1%;\nfont-family: \'Open Sans\', light300;\nbackground-color: rgba(0,46,30,0.5);\nwidth:900px;\nfloat: left;\nmargin:5px;\ncolor: #ffffff;\nfont-weight:300;\n}'),
(65, 'cdata', 'noDataMessage', '<p><span style=\"font-size: 48px;\"><span style=\"color: #ffffff;\">No Data returned from the source</span></span></p>\n'),
(65, 'cdata', 'template', '<link href=\"https://fonts.googleapis.com/css?family=Open+Sans:300,400,800,600,700\" rel=\"stylesheet\" />\n<div class=\"linkfoto\">[linkfoto|image]\n<div class=\"conteudo\">\n<p class=\"linha1\">[Cidade|] | Data: <strong> [Data|] </strong> | Concurso: <strong>[Concurso|]</strong></p>\n\n<div id=\"sorteiorealizado\">&nbsp;\n<div>\n<div id=\"numeracao\">\n<ul>\n	<li>[Dezena1_1|]</li>\n	<li>[Dezena1_2|]</li>\n	<li>[Dezena1_3|]</li>\n	<li>[Dezena1_4|]</li>\n	<li>[Dezena1_5|]</li>\n	<li>[Dezena1_6|]</li>\n</ul>\n</div>\n\n<div id=\"tabela\" style=\"font-family: \'Open Sans\', light300;\">\n<div id=\"colunaesquerda\">Pr&oacute;xima data:</div>\n\n<div id=\"colunadireita\">[ProximoData|]</div>\n\n<div id=\"colunaesquerda\">Pr&oacute;ximo estimativa pr&ecirc;mio:</div>\n\n<div id=\"colunadireita\">[ProximoEstimativaPremio|]</div>\n\n<div id=\"colunaesquerda\">Pr&oacute;ximo valor acumulado:</div>\n\n<div id=\"colunadireita\">[ProximoValorAcumulador|]</div>\n</div>\n</div>\n</div>\n</div>\n</div>\n'),
(66, 'attrib', 'datasetid', '0'),
(66, 'attrib', 'disableDateSort', '0'),
(66, 'attrib', 'durationIsPerItem', '1'),
(66, 'attrib', 'effect', 'none'),
(66, 'attrib', 'enableStat', 'Inherit'),
(66, 'attrib', 'itemsPerPage', '1'),
(66, 'attrib', 'itemsSideBySide', '0'),
(66, 'attrib', 'lowerLimit', '0'),
(66, 'attrib', 'name', 'Lotofacil - Numeração'),
(66, 'attrib', 'numItems', '1'),
(66, 'attrib', 'overrideTemplate', '1'),
(66, 'attrib', 'randomiseItems', '0'),
(66, 'attrib', 'sourceId', '1'),
(66, 'attrib', 'speed', '2'),
(66, 'attrib', 'takeItemsFrom', 'start'),
(66, 'attrib', 'templateId', 'media-rss-with-left-hand-text'),
(66, 'attrib', 'textDirection', 'ltr'),
(66, 'attrib', 'updateInterval', '10'),
(66, 'attrib', 'upperLimit', '0'),
(66, 'attrib', 'uri', 'http%3A%2F%2Fwww.mgaplay.com.br%2Floterias%2FConvert%2FLotoFacil.php'),
(66, 'attrib', 'xmds', '1'),
(66, 'cdata', 'css', '.linkfoto > img { width:1920px; height:1080px;}\n.conteudo {\nposition: absolute;bottom: 0;}\n.linha1 {\nfont-size:  43px;\ncolor: #ffffff;\ntext-align: center;\nmargin-top:150px;\nfont-family: \'Open Sans\', light300;\nfont-weight:300;\nfloat: left;\nwidth: 1920px;\n}\n#sorteiorealizado {\nwidth: 1920px;\nfont-size:  43px;\ncolor: #ffffff;\ntext-align: center;\nfont-family: \'Open Sans\', light300;\nfont-weight:300;\nfloat: left;\n}\n#sorteiovalor {\nfont-size:  70px;\ncolor: #ffffff;\ntext-align: center;\nfont-family: \'Open Sans\', light300;\nfont-weight:300;\nfloat: left;\nwidth: 1920px;\nheight: 50px;\n}\n#numeracao {\nfloat: left;\nwidth: 1920px;\npadding:1% 1% 2% 1%;\nline-height:280%;\nbox-sizing: border-box;\n}\n#numeracao ul{\nmargin-left: px, auto; \npadding: 0;\nmargin-bottom:-9%;\n}\n#numeracao li{\ntext-align:center;\ndisplay: inline-block;\nfont-size:  90px;\ncolor: #930989;\nfont-family: \'Open Sans\', light300;\nbackground: #ffffff;\nborder-radius: 100px;\nfont-weight: 700;\nwidth: 170px;\nheight: 170px; \nmargin-left:2%;\npadding-top: 1%;\nbox-sizing: border-box;\n}\n#tabela {\npadding: 27% 0% 13% 15%;\nfont-family: \'Open Sans\', light300;\nwidth: 1920px\nheight: 20px;\nfont-size: 48px;\nfont-weight:300;\n}\n#colunadireita{\npadding: 0,8% 1% 0,8% 1%;\nfont-family: \'Open Sans\', light300;\nbackground-color: rgba(119,45,120,0.5);\nwidth:400px;\nfloat: left;\ntext-align:center;\nmargin:5px;\ncolor: #ffffff;\nfont-weight:300;\n}\n#colunaesquerda {\npadding: 0,8% 1% 0,8% 1%;\nfont-family: \'Open Sans\', light300;\nbackground-color: rgba(119,45,120,0.5);\nwidth:900px;\nfloat: left;\nmargin:5px;\ncolor: #ffffff;\nfont-weight:300;\n}'),
(66, 'cdata', 'noDataMessage', '<p><span style=\"font-size: 48px;\"><span style=\"color: #ffffff;\">No Data returned from the source</span></span></p>\n'),
(66, 'cdata', 'template', '<link href=\"https://fonts.googleapis.com/css?family=Open+Sans:300,400,800,600,700\" rel=\"stylesheet\" />\n<div class=\"linkfoto\">[linkfoto|image]\n<div class=\"conteudo\">\n<div class=\"image\">\n<p class=\"linha1\">[Cidade|] | Data:&nbsp;<strong>[Data|]&nbsp;</strong>| Concurso:&nbsp;<strong>[Concurso|]</strong></p>\n\n<div id=\"sorteiorealizado\">&nbsp;\n<div>\n<div id=\"numeracao\">\n<ul>\n	<li>[Dezena1_1|]</li>\n	<li>[Dezena1_2|]</li>\n	<li>[Dezena1_3|]</li>\n	<li>[Dezena1_4|]</li>\n	<li>[Dezena1_5|]</li>\n	<li>[Dezena1_6|]</li>\n	<li>[Dezena1_7|]</li>\n	<li>[Dezena1_8|]</li>\n	<li>[Dezena1_9|]</li>\n	<li>[Dezena1_10|]</li>\n	<li>[Dezena1_11|]</li>\n	<li>[Dezena1_12|]</li>\n	<li>[Dezena1_13|]</li>\n	<li>[Dezena1_14|]</li>\n	<li>[Dezena1_15|]</li>\n</ul>\n</div>\n\n<div id=\"tabela\" open=\"\" style=\"font-family: \">\n<div id=\"colunaesquerda\">Pr&oacute;xima data:</div>\n\n<div id=\"colunadireita\">[ProximoData|]</div>\n\n<div id=\"colunaesquerda\">Pr&oacute;ximo estimativa pr&ecirc;mio:</div>\n\n<div id=\"colunadireita\">[ProximoEstimativaPremio|]</div>\n\n<div id=\"colunaesquerda\">Pr&oacute;ximo valor acumulado:</div>\n\n<div id=\"colunadireita\">[ProximoValorAcumulador|]</div>\n</div>\n</div>\n</div>\n</div>\n</div>\n</div>\n'),
(67, 'attrib', 'datasetid', '0'),
(67, 'attrib', 'disableDateSort', '0'),
(67, 'attrib', 'durationIsPerItem', '1'),
(67, 'attrib', 'effect', 'fade'),
(67, 'attrib', 'enableStat', 'Inherit'),
(67, 'attrib', 'itemsPerPage', '1'),
(67, 'attrib', 'itemsSideBySide', '0'),
(67, 'attrib', 'lowerLimit', '0'),
(67, 'attrib', 'name', 'Loterias - TimeMania - Sorteio'),
(67, 'attrib', 'numItems', '1'),
(67, 'attrib', 'overrideTemplate', '1'),
(67, 'attrib', 'randomiseItems', '0'),
(67, 'attrib', 'sourceId', '1'),
(67, 'attrib', 'speed', '2'),
(67, 'attrib', 'takeItemsFrom', 'start'),
(67, 'attrib', 'templateId', 'title-only'),
(67, 'attrib', 'textDirection', 'ltr'),
(67, 'attrib', 'updateInterval', '120'),
(67, 'attrib', 'upperLimit', '0'),
(67, 'attrib', 'uri', 'http%3A%2F%2Fwww.mgaplay.com.br%2Floterias%2FConvert%2FTimeMania.php'),
(67, 'attrib', 'xmds', '1'),
(67, 'cdata', 'css', '.linkfoto > img { width:1920px; height:1080px;}\n.conteudo {\nposition: absolute;\ntop:3%;\n}\n.linha1 {\nfont-size:  43px;\ncolor: #007245;\ntext-align: center;\nmargin-top:150px;\nfont-family: \'Open Sans\', light300;\nfont-weight:300;\nfloat: left;\nwidth: 1920px;\n}\n.linha2 {\nfont-size:  63px;\ncolor: #007245;\ntext-align: center;\nmargin-top:25px;\nfont-family: \'Open Sans\', light300;\nfont-weight:300;\nfloat: left;\nwidth: 1920px;\n}\n#sorteiorealizado {\nwidth: 1920px;\nfont-size:  43px;\ncolor: #007245;\ntext-align: center;\nfont-family: \'Open Sans\', light300;\nfont-weight:300;\nfloat: left;\n}\n#sorteiovalor {\nfont-size:  70px;\ncolor: #007245;\ntext-align: center;\nfont-family: \'Open Sans\', light300;\nfont-weight:300;\nfloat: left;\nwidth: 1920px;\nheight: 50px;\n}\n#numeracao {\nfloat: left;\nwidth: 1920px;\nheight:350px;\npadding:2% 1% 2% 1%;\nline-height:280%;\nbox-sizing: border-box;\n}\n#numeracao ul{\n margin-left: px, auto; \npadding: 0;\n}\n#numeracao li{\ntext-align:center;\ndisplay: inline-block;\nfont-size:  90px;\ncolor: #007245;\nfont-family: \'Open Sans\', light300;\nbackground: #ffffff;\nborder-radius: 100px;\nfont-weight: 700;\nwidth: 170px;\nheight: 170px; \nmargin-left:2%;\npadding-top: 1%;\nbox-sizing: border-box;\n}\n#tabela {\npadding: 7% 0% 0% 15%;\nfont-family: \'Open Sans\', light300;\nwidth: 1920px\nheight: 20px;\nfont-size: 48px;\nfont-weight:300;\n}\n#colunadireita{\npadding: 0,8% 1% 0,8% 1%;\nfont-family: \'Open Sans\', light300;\nbackground-color: rgba(35,129,63,1);\nwidth:400px;\nfloat: left;\ntext-align:center;\nmargin:5px;\ncolor: #ffffff;\nfont-weight:300;\n}\n#colunaesquerda {\npadding: 0,8% 1% 0,8% 1%;\nfont-family: \'Open Sans\', light300;\nbackground-color: rgba(35,129,63,1);\nwidth:900px;\nfloat: left;\nmargin:5px;\ncolor: #ffffff;\nfont-weight:300;\n}'),
(67, 'cdata', 'noDataMessage', '<p><span style=\"font-size: 48px;\"><span style=\"color: #ffffff;\">No Data returned from the source</span></span></p>\n'),
(67, 'cdata', 'template', '<link href=\"https://fonts.googleapis.com/css?family=Open+Sans:400,800,600,700\" rel=\"stylesheet\" />\n<div class=\"linkfoto\">[linkfoto|image]\n<div class=\"conteudo\">\n<div class=\"image\">\n<p class=\"linha1\">[Cidade|] | Data:&nbsp;<strong>[Data|]&nbsp;</strong>| Concurso:&nbsp;<strong>[Concurso|]</strong></p>\n\n<p class=\"linha2\">[TimeCoracao|]</p>\n\n<div id=\"sorteiorealizado\">&nbsp;\n<div>\n<div id=\"numeracao\">\n<ul>\n	<li>[Dezena1_1|]</li>\n	<li>[Dezena1_2|]</li>\n	<li>[Dezena1_3|]</li>\n	<li>[Dezena1_4|]</li>\n	<li>[Dezena1_5|]</li>\n	<li>[Dezena1_6|]</li>\n	<li>[Dezena1_7|]</li>\n</ul>\n</div>\n\n<div id=\"tabela\" open=\"\" style=\"font-family: \">\n<div id=\"colunaesquerda\">Pr&oacute;xima data:</div>\n\n<div id=\"colunadireita\">[ProximoData|]</div>\n\n<div id=\"colunaesquerda\">Pr&oacute;ximo estimativa pr&ecirc;mio:</div>\n\n<div id=\"colunadireita\">[ProximoEstimativaPremio|]</div>\n\n<div id=\"colunaesquerda\">Pr&oacute;ximo valor acumulado:</div>\n\n<div id=\"colunadireita\">[ProximoValorAcumulador|]</div>\n</div>\n</div>\n</div>\n</div>\n</div>\n</div>\n'),
(68, 'attrib', 'datasetid', '0'),
(68, 'attrib', 'disableDateSort', '0'),
(68, 'attrib', 'durationIsPerItem', '1'),
(68, 'attrib', 'effect', 'fade'),
(68, 'attrib', 'enableStat', 'Inherit'),
(68, 'attrib', 'itemsPerPage', '1'),
(68, 'attrib', 'itemsSideBySide', '0'),
(68, 'attrib', 'lowerLimit', '0'),
(68, 'attrib', 'name', 'Loterias - Quina - Sorteio'),
(68, 'attrib', 'numItems', '1'),
(68, 'attrib', 'overrideTemplate', '1'),
(68, 'attrib', 'randomiseItems', '0'),
(68, 'attrib', 'sourceId', '1'),
(68, 'attrib', 'speed', '2'),
(68, 'attrib', 'takeItemsFrom', 'start'),
(68, 'attrib', 'templateId', 'title-only'),
(68, 'attrib', 'textDirection', 'ltr'),
(68, 'attrib', 'updateInterval', '120'),
(68, 'attrib', 'upperLimit', '0'),
(68, 'attrib', 'uri', 'http%3A%2F%2Fwww.mgaplay.com.br%2Floterias%2FConvert%2FQuina.php'),
(68, 'attrib', 'xmds', '1'),
(68, 'cdata', 'css', '.linkfoto > img { width:1920px; height:1080px;}\n.conteudo {\nposition: absolute;\ntop:3%;\n}\n.linha1 {\nfont-size:  43px;\ncolor: #ffffff;\n text-align: center;\nmargin-top:150px;\nfont-family: \'Open Sans\', light300;\nfont-weight:300;\nfloat: left;\nwidth: 1920px;\n}\n#sorteiorealizado {\nwidth: 1920px;\nfont-size:  43px;\ncolor: #ffffff;\ntext-align: center;\nfont-family: \'Open Sans\', light300;\nfont-weight:300;\nfloat: left;\n}\n#sorteiovalor {\nfont-size:  70px;\ncolor: #ffffff;\ntext-align: center;\nfont-family: \'Open Sans\', light300;\nfont-weight:300;\nfloat: left;\nwidth: 1920px;\nheight: 50px;\n}\n#numeracao {\nfloat: left;\nwidth: 1920px;\nheight:350px;\npadding:2% 1% 2% 1%;\nline-height:280%;\nbox-sizing: border-box;\n}\n#numeracao ul{\nmargin-left: px, auto; \npadding: 0;\n}\n#numeracao li{\ntext-align:center;\ndisplay: inline-block;\nfont-size:  90px;\ncolor: #260085;\nfont-family: \'Open Sans\', light300;\nbackground: #ffffff;\nborder-radius: 100px;\nfont-weight: 700;\nwidth: 170px;\nheight: 170px; \nmargin-left:2%;\npadding-top: 1%;\nbox-sizing: border-box;\n}\n#tabela {\npadding: 7% 0% 0% 15%;\nfont-family: \'Open Sans\', light300;\nwidth: 1920px\nheight: 20px;\nfont-size: 48px;\nfont-weight:300;\n}\n#colunadireita{\npadding: 0,8% 1% 0,8% 1%;\nfont-family: \'Open Sans\', light300;\nbackground-color: rgba(38,0,133,0.5);\nwidth:400px;\nfloat: left;\ntext-align:center;\nmargin:5px;\ncolor: #ffffff;\nfont-weight:300;\n}\n#colunaesquerda {\npadding: 0,8% 1% 0,8% 1%;\nfont-family: \'Open Sans\', light300;\nbackground-color: rgba(38,0,133,0.5);\nwidth:900px;\nfloat: left;\nmargin:5px;\ncolor: #ffffff;\nfont-weight:300;\n}'),
(68, 'cdata', 'noDataMessage', '<p><span style=\"font-size: 48px;\"><span style=\"color: #ffffff;\">No Data returned from the source</span></span></p>\n'),
(68, 'cdata', 'template', '<meta charset=\"utf-8″\" content=\"”text/html;\" http-equiv=\"”Content-Type”\" />\n<link href=\"https://fonts.googleapis.com/css?family=Open+Sans:300,400,800,600,700\" rel=\"stylesheet\" />\n<div class=\"linkfoto\">[linkfoto|image]\n<div class=\"conteudo\">\n<div class=\"image\">\n<p class=\"linha1\">[Cidade|] | Data:&nbsp;<strong>[Data|]&nbsp;</strong>| Concurso:&nbsp;<strong>[Concurso|]</strong></p>\n\n<div id=\"sorteiorealizado\">&nbsp;\n<div>\n<div id=\"numeracao\">\n<ul>\n	<li>[Dezena1_1|]</li>\n	<li>[Dezena1_2|]</li>\n	<li>[Dezena1_3|]</li>\n	<li>[Dezena1_4|]</li>\n	<li>[Dezena1_5|]</li>\n</ul>\n</div>\n\n<div id=\"tabela\" open=\"\" style=\"font-family: \">\n<div id=\"colunaesquerda\">Pr&oacute;xima data:</div>\n\n<div id=\"colunadireita\">[ProximoData|]</div>\n\n<div id=\"colunaesquerda\">Pr&oacute;ximo estimativa pr&ecirc;mio:</div>\n\n<div id=\"colunadireita\">[ProximoEstimativaPremio|]</div>\n\n<div id=\"colunaesquerda\">Pr&oacute;ximo valor acumulado:</div>\n\n<div id=\"colunadireita\">[ProximoValorAcumulador|]</div>\n</div>\n</div>\n</div>\n</div>\n</div>\n</div>\n'),
(69, 'attrib', 'datasetid', '0'),
(69, 'attrib', 'disableDateSort', '0'),
(69, 'attrib', 'durationIsPerItem', '1'),
(69, 'attrib', 'effect', 'fade'),
(69, 'attrib', 'enableStat', 'Inherit'),
(69, 'attrib', 'itemsPerPage', '1'),
(69, 'attrib', 'itemsSideBySide', '0'),
(69, 'attrib', 'lowerLimit', '0'),
(69, 'attrib', 'name', 'Loterias - Lotomania - Numeração'),
(69, 'attrib', 'numItems', '1'),
(69, 'attrib', 'overrideTemplate', '1'),
(69, 'attrib', 'randomiseItems', '0'),
(69, 'attrib', 'sourceId', '1'),
(69, 'attrib', 'speed', '2'),
(69, 'attrib', 'takeItemsFrom', 'start'),
(69, 'attrib', 'templateId', 'title-only'),
(69, 'attrib', 'textDirection', 'ltr'),
(69, 'attrib', 'updateInterval', '120'),
(69, 'attrib', 'upperLimit', '0'),
(69, 'attrib', 'uri', 'http%3A%2F%2Fwww.mgaplay.com.br%2Floterias%2FConvert%2FLotoMania.php'),
(69, 'attrib', 'xmds', '1'),
(69, 'cdata', 'css', '.linkfoto > img { width:1920px; height:1080px;}\n.conteudo{position: absolute;bottom: 0;}\n.linha1 {\nfont-size:  43px;\ncolor: #ffffff;\ntext-align: center;\nmargin-top:100px;\nfont-family: \'Open Sans\', light300;\nfont-weight:300;\nfloat: left;\nwidth: 1920px;\n}\n#sorteiorealizado {\nwidth: 1920px;\nfont-size:  43px;\ncolor: #ffffff;\ntext-align: center;\nfont-family: \'Open Sans\', light300;\nfont-weight:300;\nfloat: left;\n}\n#sorteiovalor {\nfont-size:  70px;\ncolor: #ffffff;\ntext-align: center;\nfont-family: \'Open Sans\', light300;\nfont-weight:300;\nfloat: left;\nwidth: 1920px;\nheight: 50px;\n}\n#numeracao {\nfloat: left;\nwidth: 1920px;\nheight: 688px;\npadding: 1% 1% 2% 1%;\nline-height: 280%;\nbox-sizing: border-box;\n}\n#numeracao ul{\nmargin-left: px, auto; \npadding: 0;\n}\n#numeracao li{\ntext-align:center;\ndisplay: inline-block;\nfont-size:  90px;\ncolor: #f78100;\nfont-family: \'Open Sans\', light300;\nbackground: #ffffff;\nborder-radius: 100px;\nfont-weight: 700;\nwidth: 170px;\nheight: 170px; \nmargin-left:2%;\npadding-top: 1%;\nbox-sizing: border-box;\n}\n#tabela {\npadding: 25% 0% 0% 15%;\nfont-family: \'Open Sans\', light300;\nwidth: 1920px height: 20px;\nfont-size: 48px;\nposition: absolute;\n}\n#colunadireita{\npadding: 0,8% 1% 0,8% 1%;\nfont-family: \'Open Sans\', light300;\nbackground-color: rgba(247,129,0,0.5);\nwidth:400px;\nfloat: left;\ntext-align:center;\nmargin:5px;\ncolor: #ffffff;\nfont-weight:300;\n}\n#colunaesquerda {\npadding: 0,8% 1% 0,8% 1%;\nfont-family: \'Open Sans\', light300;\nbackground-color: rgba(247,129,0,0.5);\nwidth:900px;\nfloat: left;\nmargin:5px;\ncolor: #ffffff;\nfont-weight:300;\n}'),
(69, 'cdata', 'noDataMessage', '<p><span style=\"font-size: 48px;\"><span style=\"color: #ffffff;\">No Data returned from the source</span></span></p>\n'),
(69, 'cdata', 'template', '<link href=\"https://fonts.googleapis.com/css?family=Open+Sans:300,400,800,600,700\" rel=\"stylesheet\" />\n<div class=\"linkfoto\">[linkfoto|image]\n<div class=\"conteudo\">\n<p class=\"linha1\">[Cidade|]| Data:<strong>[Data|]</strong>|Concurso:<strong>[Concurso|]</strong></p>\n\n<div id=\"sorteiorealizado\">\n<div id=\"sorteiovalor\">&nbsp;</div>\n\n<div id=\"numeracao\">\n<ul>\n	<li>[Dezena1_1|]</li>\n	<li>[Dezena1_2|]</li>\n	<li>[Dezena1_3|]</li>\n	<li>[Dezena1_4|]</li>\n	<li>[Dezena1_5|]</li>\n	<li>[Dezena1_6|]</li>\n	<li>[Dezena1_7|]</li>\n	<li>[Dezena1_8|]</li>\n	<li>[Dezena1_9|]</li>\n	<li>[Dezena1_10|]</li>\n	<li>[Dezena1_11|]</li>\n	<li>[Dezena1_12|]</li>\n	<li>[Dezena1_13|]</li>\n	<li>[Dezena1_14|]</li>\n	<li>[Dezena1_15|]</li>\n</ul>\n</div>\n\n<div id=\"tabela\" open=\"\" style=\"font-family: \">\n<div id=\"colunaesquerda\">Pr&oacute;xima data:</div>\n\n<div id=\"colunadireita\">[ProximoData|]</div>\n\n<div id=\"colunaesquerda\">Pr&oacute;ximo estimativa pr&ecirc;mio:</div>\n\n<div id=\"colunadireita\">[ProximoEstimativaPremio|]</div>\n\n<div id=\"colunaesquerda\">Pr&oacute;ximo valor acumulado:</div>\n\n<div id=\"colunadireita\">[ProximoValorAcumulador|]</div>\n</div>\n</div>\n</div>\n</div>\n'),
(70, 'attrib', 'allowedAttributes', ''),
(70, 'attrib', 'backgroundColor', ''),
(70, 'attrib', 'copyright', ''),
(70, 'attrib', 'datasetid', '0'),
(70, 'attrib', 'dateFormat', NULL),
(70, 'attrib', 'decodeHtml', '0'),
(70, 'attrib', 'disableDateSort', '0'),
(70, 'attrib', 'durationIsPerItem', '1'),
(70, 'attrib', 'effect', 'fade'),
(70, 'attrib', 'enableStat', 'Inherit'),
(70, 'attrib', 'itemsPerPage', '1'),
(70, 'attrib', 'itemsSideBySide', '0'),
(70, 'attrib', 'lowerLimit', '0'),
(70, 'attrib', 'name', 'Loterias - Mega-Sena - Numeração'),
(70, 'attrib', 'noDataMessage_advanced', '0'),
(70, 'attrib', 'numItems', '1'),
(70, 'attrib', 'overrideTemplate', '1'),
(70, 'attrib', 'randomiseItems', '0'),
(70, 'attrib', 'reverseOrder', '0'),
(70, 'attrib', 'sourceId', '1'),
(70, 'attrib', 'speed', '2'),
(70, 'attrib', 'stripTags', ''),
(70, 'attrib', 'takeItemsFrom', 'start'),
(70, 'attrib', 'ta_text_advanced', '0'),
(70, 'attrib', 'templateId', 'title-only'),
(70, 'attrib', 'textDirection', 'ltr'),
(70, 'attrib', 'transOut', 'fadeOut'),
(70, 'attrib', 'transOutDirection', 'N'),
(70, 'attrib', 'transOutDuration', '2'),
(70, 'attrib', 'updateInterval', '120'),
(70, 'attrib', 'updateIntervalImages', '240'),
(70, 'attrib', 'upperLimit', '0'),
(70, 'attrib', 'uri', 'http%3A%2F%2Fwww.mgaplay.com.br%2Floterias%2FConvert%2FMegaSena.php'),
(70, 'attrib', 'xmds', '1');
INSERT INTO `widgetoption` (`widgetId`, `type`, `option`, `value`) VALUES
(70, 'cdata', 'css', '.linkfoto > img { width:1920px; height:1080px;}\r\n.conteudo {position: absolute;top: 0;}\r\n.linha1 {\r\nfont-size:  43px;\r\ncolor: #ffffff;\r\n text-align: center;\r\nmargin-top:180px;\r\nfont-family: \'Open Sans\', light300;\r\nfont-weight:300;\r\nfloat: left;\r\nwidth: 1920px;\r\n}\r\n#sorteiorealizado {\r\nwidth: 1920px;\r\nfont-size:  43px;\r\ncolor: #ffffff;\r\ntext-align: center;\r\nfont-family: \'Open Sans\', light300;\r\nfont-weight:300;\r\nfloat: left;\r\n}\r\n#sorteiovalor {\r\nfont-size:  92px;\r\ncolor: #ffffff;\r\ntext-align: center;\r\nfont-family: \'Open Sans\', light300;\r\nfont-weight:300;\r\nfloat: left;\r\nwidth: 1920px;\r\n}\r\n#numeracao {\r\nfloat: left;\r\nwidth: 1920px;\r\nheight:350px;\r\npadding:2% 12% 2% 12%;\r\nline-height:300%;\r\nbox-sizing: border-box;\r\n}\r\n#numeracao ul{\r\nmargin-left: px, auto; \r\npadding: 0;\r\n}\r\n#numeracao li{\r\ntext-align:center;\r\ndisplay: inline-block;\r\nfont-size:  90px;\r\ncolor: #1d723c;\r\nfont-family: \'Open Sans\', light300;\r\nbackground: #ffffff;\r\nborder-radius: 100px;\r\nfont-weight: 700;\r\nwidth: 180px;\r\nheight: 180px; \r\nmargin-left:2%;\r\npadding-top: 1.5%;\r\nbox-sizing: border-box;\r\n}\r\n#tabela {\r\npadding: 0% 15% 0% 16%;\r\nfont-family: \'Open Sans\', light300;\r\nwidth: 1920px\r\nheight: 20px;\r\nfont-size: 48px;\r\nbackground-color: #ff0012;\r\nfont-weight:300;\r\n}\r\n#colunadireita{\r\npadding: 0,8% 1% 0,8% 1%;\r\nfont-family: \'Open Sans\', light300;\r\nbackground-color: rgba(0,46,30,0.5);\r\nwidth:400px;\r\nfloat: left;\r\ntext-align:center;\r\nmargin:5px;\r\ncolor: #ffffff;\r\nfont-weight:300;\r\n}\r\n#colunaesquerda {\r\npadding: 0,8% 1% 0,8% 1%;\r\nfont-family: \'Open Sans\', light300;\r\nbackground-color: rgba(0,46,30,0.5);\r\nwidth:900px;\r\nfloat: left;\r\nmargin:5px;\r\ncolor: #ffffff;\r\nfont-weight:300;\r\n}'),
(70, 'cdata', 'javaScript', ''),
(70, 'cdata', 'noDataMessage', '<p><span style=\"font-size: 48px;\"><span style=\"color: #ffffff;\">No Data returned from the source</span></span></p>\r\n'),
(70, 'cdata', 'template', '<link href=\"https://fonts.googleapis.com/css?family=Open+Sans:300,400,800,600,700\" rel=\"stylesheet\" />\r\n<div class=\"linkfoto\">[linkfoto|image]\r\n<div class=\"conteudo\">\r\n<p class=\"linha1\">[Cidade|] | Data: <strong> [Data|] </strong> | Concurso: <strong>[Concurso|]</strong></p>\r\n\r\n<div id=\"sorteiorealizado\">&nbsp;\r\n<div>\r\n<div id=\"numeracao\">\r\n<ul>\r\n	<li>[Dezena1_1|]</li>\r\n	<li>[Dezena1_2|]</li>\r\n	<li>[Dezena1_3|]</li>\r\n	<li>[Dezena1_4|]</li>\r\n	<li>[Dezena1_5|]</li>\r\n	<li>[Dezena1_6|]</li>\r\n</ul>\r\n</div>\r\n\r\n<div id=\"tabela\" style=\"font-family: \'Open Sans\', light300;\">\r\n<div id=\"colunaesquerda\">Pr&oacute;xima data:</div>\r\n\r\n<div id=\"colunadireita\">[ProximoData|]</div>\r\n\r\n<div id=\"colunaesquerda\">Pr&oacute;ximo estimativa pr&ecirc;mio:</div>\r\n\r\n<div id=\"colunadireita\">[ProximoEstimativaPremio|]</div>\r\n\r\n<div id=\"colunaesquerda\">Pr&oacute;ximo valor acumulado:</div>\r\n\r\n<div id=\"colunadireita\">[ProximoValorAcumulador|]</div>\r\n</div>\r\n</div>\r\n</div>\r\n</div>\r\n</div>\r\n');

--
-- Índices para tabelas despejadas
--

--
-- Índices para tabela `action`
--
ALTER TABLE `action`
  ADD PRIMARY KEY (`actionId`),
  ADD KEY `ownerId` (`ownerId`);

--
-- Índices para tabela `auditlog`
--
ALTER TABLE `auditlog`
  ADD PRIMARY KEY (`logId`);

--
-- Índices para tabela `bandwidth`
--
ALTER TABLE `bandwidth`
  ADD PRIMARY KEY (`displayId`,`type`,`month`),
  ADD KEY `type` (`type`);

--
-- Índices para tabela `bandwidthtype`
--
ALTER TABLE `bandwidthtype`
  ADD PRIMARY KEY (`bandwidthTypeId`);

--
-- Índices para tabela `blacklist`
--
ALTER TABLE `blacklist`
  ADD PRIMARY KEY (`blacklistId`),
  ADD KEY `mediaId` (`mediaId`),
  ADD KEY `displayId` (`displayId`);

--
-- Índices para tabela `campaign`
--
ALTER TABLE `campaign`
  ADD PRIMARY KEY (`campaignId`),
  ADD KEY `userId` (`userId`),
  ADD KEY `folderId` (`folderId`);

--
-- Índices para tabela `command`
--
ALTER TABLE `command`
  ADD PRIMARY KEY (`commandId`),
  ADD KEY `userId` (`userId`);

--
-- Índices para tabela `dataset`
--
ALTER TABLE `dataset`
  ADD PRIMARY KEY (`dataSetId`),
  ADD KEY `userId` (`userId`),
  ADD KEY `folderId` (`folderId`);

--
-- Índices para tabela `datasetcolumn`
--
ALTER TABLE `datasetcolumn`
  ADD PRIMARY KEY (`dataSetColumnId`),
  ADD KEY `dataSetId` (`dataSetId`),
  ADD KEY `dataTypeId` (`dataTypeId`),
  ADD KEY `dataSetColumnTypeId` (`dataSetColumnTypeId`);

--
-- Índices para tabela `datasetcolumntype`
--
ALTER TABLE `datasetcolumntype`
  ADD PRIMARY KEY (`dataSetColumnTypeId`);

--
-- Índices para tabela `datasetrss`
--
ALTER TABLE `datasetrss`
  ADD PRIMARY KEY (`id`),
  ADD KEY `dataSetId` (`dataSetId`);

--
-- Índices para tabela `dataset_1`
--
ALTER TABLE `dataset_1`
  ADD PRIMARY KEY (`id`);

--
-- Índices para tabela `datatype`
--
ALTER TABLE `datatype`
  ADD PRIMARY KEY (`dataTypeId`);

--
-- Índices para tabela `daypart`
--
ALTER TABLE `daypart`
  ADD PRIMARY KEY (`dayPartId`),
  ADD KEY `userId` (`userId`);

--
-- Índices para tabela `display`
--
ALTER TABLE `display`
  ADD PRIMARY KEY (`displayId`),
  ADD UNIQUE KEY `license` (`license`),
  ADD KEY `defaultLayoutId` (`defaultLayoutId`),
  ADD KEY `displayProfileId` (`displayProfileId`);

--
-- Índices para tabela `displayevent`
--
ALTER TABLE `displayevent`
  ADD PRIMARY KEY (`displayEventId`),
  ADD KEY `eventDate` (`eventDate`),
  ADD KEY `displayId` (`displayId`,`end`);

--
-- Índices para tabela `displaygroup`
--
ALTER TABLE `displaygroup`
  ADD PRIMARY KEY (`displayGroupId`),
  ADD KEY `userId` (`userId`),
  ADD KEY `folderId` (`folderId`);

--
-- Índices para tabela `displayprofile`
--
ALTER TABLE `displayprofile`
  ADD PRIMARY KEY (`displayProfileId`),
  ADD KEY `userId` (`userId`);

--
-- Índices para tabela `folder`
--
ALTER TABLE `folder`
  ADD PRIMARY KEY (`folderId`);

--
-- Índices para tabela `group`
--
ALTER TABLE `group`
  ADD PRIMARY KEY (`groupId`);

--
-- Índices para tabela `help`
--
ALTER TABLE `help`
  ADD PRIMARY KEY (`helpId`);

--
-- Índices para tabela `layout`
--
ALTER TABLE `layout`
  ADD PRIMARY KEY (`layoutId`),
  ADD KEY `userId` (`userId`),
  ADD KEY `backgroundImageId` (`backgroundImageId`),
  ADD KEY `publishedStatusId` (`publishedStatusId`);

--
-- Índices para tabela `layouthistory`
--
ALTER TABLE `layouthistory`
  ADD PRIMARY KEY (`layoutHistoryId`),
  ADD KEY `campaignId` (`campaignId`);

--
-- Índices para tabela `lkcampaignlayout`
--
ALTER TABLE `lkcampaignlayout`
  ADD PRIMARY KEY (`lkCampaignLayoutId`),
  ADD UNIQUE KEY `campaignId` (`campaignId`,`layoutId`,`displayOrder`),
  ADD KEY `layoutId` (`layoutId`);

--
-- Índices para tabela `lkcommanddisplayprofile`
--
ALTER TABLE `lkcommanddisplayprofile`
  ADD PRIMARY KEY (`commandId`,`displayProfileId`),
  ADD KEY `displayProfileId` (`displayProfileId`);

--
-- Índices para tabela `lkdgdg`
--
ALTER TABLE `lkdgdg`
  ADD KEY `parentId` (`parentId`,`childId`,`depth`),
  ADD KEY `childId` (`childId`,`parentId`,`depth`);

--
-- Índices para tabela `lkdisplaydg`
--
ALTER TABLE `lkdisplaydg`
  ADD PRIMARY KEY (`LkDisplayDGID`),
  ADD UNIQUE KEY `displayGroupId` (`displayGroupId`,`displayId`),
  ADD KEY `displayId` (`displayId`);

--
-- Índices para tabela `lklayoutdisplaygroup`
--
ALTER TABLE `lklayoutdisplaygroup`
  ADD PRIMARY KEY (`id`),
  ADD UNIQUE KEY `displayGroupId` (`displayGroupId`,`layoutId`),
  ADD KEY `layoutId` (`layoutId`);

--
-- Índices para tabela `lkmediadisplaygroup`
--
ALTER TABLE `lkmediadisplaygroup`
  ADD PRIMARY KEY (`id`),
  ADD UNIQUE KEY `displayGroupId` (`displayGroupId`,`mediaId`),
  ADD KEY `mediaId` (`mediaId`);

--
-- Índices para tabela `lknotificationdg`
--
ALTER TABLE `lknotificationdg`
  ADD PRIMARY KEY (`lkNotificationDgId`),
  ADD UNIQUE KEY `notificationId` (`notificationId`,`displayGroupId`);

--
-- Índices para tabela `lknotificationgroup`
--
ALTER TABLE `lknotificationgroup`
  ADD PRIMARY KEY (`lkNotificationGroupId`),
  ADD UNIQUE KEY `notificationId` (`notificationId`,`groupId`),
  ADD KEY `groupId` (`groupId`);

--
-- Índices para tabela `lknotificationuser`
--
ALTER TABLE `lknotificationuser`
  ADD PRIMARY KEY (`lkNotificationUserId`),
  ADD UNIQUE KEY `notificationId` (`notificationId`,`userId`),
  ADD KEY `userId` (`userId`);

--
-- Índices para tabela `lkplaylistplaylist`
--
ALTER TABLE `lkplaylistplaylist`
  ADD PRIMARY KEY (`parentId`,`childId`,`depth`),
  ADD UNIQUE KEY `childId` (`childId`,`parentId`,`depth`);

--
-- Índices para tabela `lkscheduledisplaygroup`
--
ALTER TABLE `lkscheduledisplaygroup`
  ADD PRIMARY KEY (`eventId`,`displayGroupId`),
  ADD KEY `displayGroupId` (`displayGroupId`);

--
-- Índices para tabela `lktagcampaign`
--
ALTER TABLE `lktagcampaign`
  ADD PRIMARY KEY (`lkTagCampaignId`),
  ADD UNIQUE KEY `tagId` (`tagId`,`campaignId`),
  ADD KEY `campaignId` (`campaignId`);

--
-- Índices para tabela `lktagdisplaygroup`
--
ALTER TABLE `lktagdisplaygroup`
  ADD PRIMARY KEY (`lkTagDisplayGroupId`),
  ADD UNIQUE KEY `tagId` (`tagId`,`displayGroupId`),
  ADD KEY `displayGroupId` (`displayGroupId`);

--
-- Índices para tabela `lktaglayout`
--
ALTER TABLE `lktaglayout`
  ADD PRIMARY KEY (`lkTagLayoutId`),
  ADD UNIQUE KEY `tagId` (`tagId`,`layoutId`),
  ADD KEY `layoutId` (`layoutId`);

--
-- Índices para tabela `lktagmedia`
--
ALTER TABLE `lktagmedia`
  ADD PRIMARY KEY (`lkTagMediaId`),
  ADD UNIQUE KEY `tagId` (`tagId`,`mediaId`),
  ADD KEY `mediaId` (`mediaId`);

--
-- Índices para tabela `lktagplaylist`
--
ALTER TABLE `lktagplaylist`
  ADD PRIMARY KEY (`lkTagPlaylistId`),
  ADD UNIQUE KEY `tagId` (`tagId`,`playlistId`),
  ADD KEY `lktagplaylist_ibfk_2` (`playlistId`);

--
-- Índices para tabela `lkusergroup`
--
ALTER TABLE `lkusergroup`
  ADD PRIMARY KEY (`lkUserGroupID`),
  ADD UNIQUE KEY `groupId` (`groupId`,`userId`),
  ADD KEY `userId` (`userId`);

--
-- Índices para tabela `lkwidgetaudio`
--
ALTER TABLE `lkwidgetaudio`
  ADD PRIMARY KEY (`widgetId`,`mediaId`),
  ADD KEY `mediaId` (`mediaId`);

--
-- Índices para tabela `lkwidgetmedia`
--
ALTER TABLE `lkwidgetmedia`
  ADD PRIMARY KEY (`widgetId`,`mediaId`),
  ADD KEY `mediaId` (`mediaId`);

--
-- Índices para tabela `log`
--
ALTER TABLE `log`
  ADD PRIMARY KEY (`logId`),
  ADD KEY `logDate` (`logDate`);

--
-- Índices para tabela `media`
--
ALTER TABLE `media`
  ADD PRIMARY KEY (`mediaId`),
  ADD KEY `userId` (`userId`),
  ADD KEY `editedMediaId` (`editedMediaId`),
  ADD KEY `folderId` (`folderId`);

--
-- Índices para tabela `module`
--
ALTER TABLE `module`
  ADD PRIMARY KEY (`moduleId`);

--
-- Índices para tabela `notification`
--
ALTER TABLE `notification`
  ADD PRIMARY KEY (`notificationId`),
  ADD KEY `userId` (`userId`);

--
-- Índices para tabela `oauth_clients`
--
ALTER TABLE `oauth_clients`
  ADD PRIMARY KEY (`id`),
  ADD KEY `userId` (`userId`);

--
-- Índices para tabela `oauth_client_redirect_uris`
--
ALTER TABLE `oauth_client_redirect_uris`
  ADD PRIMARY KEY (`id`);

--
-- Índices para tabela `oauth_client_scopes`
--
ALTER TABLE `oauth_client_scopes`
  ADD PRIMARY KEY (`id`),
  ADD UNIQUE KEY `clientId` (`clientId`,`scopeId`);

--
-- Índices para tabela `oauth_scopes`
--
ALTER TABLE `oauth_scopes`
  ADD PRIMARY KEY (`id`);

--
-- Índices para tabela `oauth_scope_routes`
--
ALTER TABLE `oauth_scope_routes`
  ADD PRIMARY KEY (`id`);

--
-- Índices para tabela `permission`
--
ALTER TABLE `permission`
  ADD PRIMARY KEY (`permissionId`),
  ADD KEY `permission_ibfk_1` (`groupId`),
  ADD KEY `permission_ibfk_2` (`entityId`),
  ADD KEY `permission_objectId_index` (`objectId`);

--
-- Índices para tabela `permissionentity`
--
ALTER TABLE `permissionentity`
  ADD PRIMARY KEY (`entityId`),
  ADD UNIQUE KEY `entity` (`entity`);

--
-- Índices para tabela `phinxlog`
--
ALTER TABLE `phinxlog`
  ADD PRIMARY KEY (`version`);

--
-- Índices para tabela `player_software`
--
ALTER TABLE `player_software`
  ADD PRIMARY KEY (`versionId`),
  ADD KEY `mediaId` (`mediaId`);

--
-- Índices para tabela `playlist`
--
ALTER TABLE `playlist`
  ADD PRIMARY KEY (`playlistId`),
  ADD KEY `ownerId` (`ownerId`),
  ADD KEY `folderId` (`folderId`);

--
-- Índices para tabela `region`
--
ALTER TABLE `region`
  ADD PRIMARY KEY (`regionId`),
  ADD KEY `ownerId` (`ownerId`);

--
-- Índices para tabela `regionoption`
--
ALTER TABLE `regionoption`
  ADD PRIMARY KEY (`regionId`,`option`);

--
-- Índices para tabela `reportschedule`
--
ALTER TABLE `reportschedule`
  ADD PRIMARY KEY (`reportScheduleId`),
  ADD KEY `userId` (`userId`);

--
-- Índices para tabela `requiredfile`
--
ALTER TABLE `requiredfile`
  ADD PRIMARY KEY (`rfId`),
  ADD KEY `displayId` (`displayId`,`type`);

--
-- Índices para tabela `resolution`
--
ALTER TABLE `resolution`
  ADD PRIMARY KEY (`resolutionId`),
  ADD KEY `userId` (`userId`);

--
-- Índices para tabela `saved_report`
--
ALTER TABLE `saved_report`
  ADD PRIMARY KEY (`savedReportId`),
  ADD KEY `userId` (`userId`),
  ADD KEY `mediaId` (`mediaId`),
  ADD KEY `reportScheduleId` (`reportScheduleId`);

--
-- Índices para tabela `schedule`
--
ALTER TABLE `schedule`
  ADD PRIMARY KEY (`eventId`),
  ADD KEY `campaignId` (`campaignId`),
  ADD KEY `userId` (`userId`);

--
-- Índices para tabela `scheduleexclusions`
--
ALTER TABLE `scheduleexclusions`
  ADD PRIMARY KEY (`scheduleExclusionId`),
  ADD KEY `eventId` (`eventId`);

--
-- Índices para tabela `schedulereminder`
--
ALTER TABLE `schedulereminder`
  ADD PRIMARY KEY (`scheduleReminderId`),
  ADD KEY `eventId` (`eventId`);

--
-- Índices para tabela `session`
--
ALTER TABLE `session`
  ADD PRIMARY KEY (`session_id`),
  ADD KEY `userId` (`userId`);

--
-- Índices para tabela `setting`
--
ALTER TABLE `setting`
  ADD PRIMARY KEY (`settingId`);

--
-- Índices para tabela `stat`
--
ALTER TABLE `stat`
  ADD PRIMARY KEY (`statId`),
  ADD KEY `statDate` (`statDate`),
  ADD KEY `displayId` (`displayId`,`end`,`type`);

--
-- Índices para tabela `status`
--
ALTER TABLE `status`
  ADD PRIMARY KEY (`id`);

--
-- Índices para tabela `stat_archive`
--
ALTER TABLE `stat_archive`
  ADD PRIMARY KEY (`statId`),
  ADD KEY `statDate` (`statDate`),
  ADD KEY `displayId` (`displayId`,`end`,`type`);

--
-- Índices para tabela `tag`
--
ALTER TABLE `tag`
  ADD PRIMARY KEY (`tagId`);

--
-- Índices para tabela `task`
--
ALTER TABLE `task`
  ADD PRIMARY KEY (`taskId`);

--
-- Índices para tabela `transition`
--
ALTER TABLE `transition`
  ADD PRIMARY KEY (`transitionId`);

--
-- Índices para tabela `user`
--
ALTER TABLE `user`
  ADD PRIMARY KEY (`userId`),
  ADD KEY `userTypeId` (`userTypeId`);

--
-- Índices para tabela `useroption`
--
ALTER TABLE `useroption`
  ADD PRIMARY KEY (`userId`,`option`);

--
-- Índices para tabela `usertype`
--
ALTER TABLE `usertype`
  ADD PRIMARY KEY (`userTypeId`);

--
-- Índices para tabela `widget`
--
ALTER TABLE `widget`
  ADD PRIMARY KEY (`widgetId`),
  ADD KEY `playlistId` (`playlistId`),
  ADD KEY `ownerId` (`ownerId`);

--
-- Índices para tabela `widgethistory`
--
ALTER TABLE `widgethistory`
  ADD PRIMARY KEY (`id`),
  ADD KEY `layoutHistoryId` (`layoutHistoryId`);

--
-- Índices para tabela `widgetoption`
--
ALTER TABLE `widgetoption`
  ADD PRIMARY KEY (`widgetId`,`type`,`option`);

--
-- AUTO_INCREMENT de tabelas despejadas
--

--
-- AUTO_INCREMENT de tabela `action`
--
ALTER TABLE `action`
  MODIFY `actionId` int(11) NOT NULL AUTO_INCREMENT, AUTO_INCREMENT=4;

--
-- AUTO_INCREMENT de tabela `auditlog`
--
ALTER TABLE `auditlog`
  MODIFY `logId` int(11) NOT NULL AUTO_INCREMENT, AUTO_INCREMENT=663;

--
-- AUTO_INCREMENT de tabela `bandwidthtype`
--
ALTER TABLE `bandwidthtype`
  MODIFY `bandwidthTypeId` int(11) NOT NULL AUTO_INCREMENT, AUTO_INCREMENT=12;

--
-- AUTO_INCREMENT de tabela `blacklist`
--
ALTER TABLE `blacklist`
  MODIFY `blacklistId` int(11) NOT NULL AUTO_INCREMENT;

--
-- AUTO_INCREMENT de tabela `campaign`
--
ALTER TABLE `campaign`
  MODIFY `campaignId` int(11) NOT NULL AUTO_INCREMENT, AUTO_INCREMENT=24;

--
-- AUTO_INCREMENT de tabela `command`
--
ALTER TABLE `command`
  MODIFY `commandId` int(11) NOT NULL AUTO_INCREMENT;

--
-- AUTO_INCREMENT de tabela `dataset`
--
ALTER TABLE `dataset`
  MODIFY `dataSetId` int(11) NOT NULL AUTO_INCREMENT, AUTO_INCREMENT=2;

--
-- AUTO_INCREMENT de tabela `datasetcolumn`
--
ALTER TABLE `datasetcolumn`
  MODIFY `dataSetColumnId` int(11) NOT NULL AUTO_INCREMENT, AUTO_INCREMENT=2;

--
-- AUTO_INCREMENT de tabela `datasetcolumntype`
--
ALTER TABLE `datasetcolumntype`
  MODIFY `dataSetColumnTypeId` int(11) NOT NULL AUTO_INCREMENT, AUTO_INCREMENT=4;

--
-- AUTO_INCREMENT de tabela `datasetrss`
--
ALTER TABLE `datasetrss`
  MODIFY `id` int(11) NOT NULL AUTO_INCREMENT;

--
-- AUTO_INCREMENT de tabela `dataset_1`
--
ALTER TABLE `dataset_1`
  MODIFY `id` int(11) NOT NULL AUTO_INCREMENT;

--
-- AUTO_INCREMENT de tabela `datatype`
--
ALTER TABLE `datatype`
  MODIFY `dataTypeId` int(11) NOT NULL AUTO_INCREMENT, AUTO_INCREMENT=7;

--
-- AUTO_INCREMENT de tabela `daypart`
--
ALTER TABLE `daypart`
  MODIFY `dayPartId` int(11) NOT NULL AUTO_INCREMENT, AUTO_INCREMENT=3;

--
-- AUTO_INCREMENT de tabela `display`
--
ALTER TABLE `display`
  MODIFY `displayId` int(11) NOT NULL AUTO_INCREMENT, AUTO_INCREMENT=2;

--
-- AUTO_INCREMENT de tabela `displayevent`
--
ALTER TABLE `displayevent`
  MODIFY `displayEventId` int(11) NOT NULL AUTO_INCREMENT, AUTO_INCREMENT=2;

--
-- AUTO_INCREMENT de tabela `displaygroup`
--
ALTER TABLE `displaygroup`
  MODIFY `displayGroupId` int(11) NOT NULL AUTO_INCREMENT, AUTO_INCREMENT=2;

--
-- AUTO_INCREMENT de tabela `displayprofile`
--
ALTER TABLE `displayprofile`
  MODIFY `displayProfileId` int(11) NOT NULL AUTO_INCREMENT, AUTO_INCREMENT=6;

--
-- AUTO_INCREMENT de tabela `folder`
--
ALTER TABLE `folder`
  MODIFY `folderId` int(11) NOT NULL AUTO_INCREMENT, AUTO_INCREMENT=5;

--
-- AUTO_INCREMENT de tabela `group`
--
ALTER TABLE `group`
  MODIFY `groupId` int(11) NOT NULL AUTO_INCREMENT, AUTO_INCREMENT=10;

--
-- AUTO_INCREMENT de tabela `help`
--
ALTER TABLE `help`
  MODIFY `helpId` int(11) NOT NULL AUTO_INCREMENT, AUTO_INCREMENT=85;

--
-- AUTO_INCREMENT de tabela `layout`
--
ALTER TABLE `layout`
  MODIFY `layoutId` int(11) NOT NULL AUTO_INCREMENT, AUTO_INCREMENT=34;

--
-- AUTO_INCREMENT de tabela `layouthistory`
--
ALTER TABLE `layouthistory`
  MODIFY `layoutHistoryId` int(11) NOT NULL AUTO_INCREMENT, AUTO_INCREMENT=24;

--
-- AUTO_INCREMENT de tabela `lkcampaignlayout`
--
ALTER TABLE `lkcampaignlayout`
  MODIFY `lkCampaignLayoutId` int(11) NOT NULL AUTO_INCREMENT, AUTO_INCREMENT=44;

--
-- AUTO_INCREMENT de tabela `lkdisplaydg`
--
ALTER TABLE `lkdisplaydg`
  MODIFY `LkDisplayDGID` int(11) NOT NULL AUTO_INCREMENT, AUTO_INCREMENT=2;

--
-- AUTO_INCREMENT de tabela `lklayoutdisplaygroup`
--
ALTER TABLE `lklayoutdisplaygroup`
  MODIFY `id` int(11) NOT NULL AUTO_INCREMENT;

--
-- AUTO_INCREMENT de tabela `lkmediadisplaygroup`
--
ALTER TABLE `lkmediadisplaygroup`
  MODIFY `id` int(11) NOT NULL AUTO_INCREMENT;

--
-- AUTO_INCREMENT de tabela `lknotificationdg`
--
ALTER TABLE `lknotificationdg`
  MODIFY `lkNotificationDgId` int(11) NOT NULL AUTO_INCREMENT;

--
-- AUTO_INCREMENT de tabela `lknotificationgroup`
--
ALTER TABLE `lknotificationgroup`
  MODIFY `lkNotificationGroupId` int(11) NOT NULL AUTO_INCREMENT;

--
-- AUTO_INCREMENT de tabela `lknotificationuser`
--
ALTER TABLE `lknotificationuser`
  MODIFY `lkNotificationUserId` int(11) NOT NULL AUTO_INCREMENT;

--
-- AUTO_INCREMENT de tabela `lktagcampaign`
--
ALTER TABLE `lktagcampaign`
  MODIFY `lkTagCampaignId` int(11) NOT NULL AUTO_INCREMENT;

--
-- AUTO_INCREMENT de tabela `lktagdisplaygroup`
--
ALTER TABLE `lktagdisplaygroup`
  MODIFY `lkTagDisplayGroupId` int(11) NOT NULL AUTO_INCREMENT;

--
-- AUTO_INCREMENT de tabela `lktaglayout`
--
ALTER TABLE `lktaglayout`
  MODIFY `lkTagLayoutId` int(11) NOT NULL AUTO_INCREMENT, AUTO_INCREMENT=17;

--
-- AUTO_INCREMENT de tabela `lktagmedia`
--
ALTER TABLE `lktagmedia`
  MODIFY `lkTagMediaId` int(11) NOT NULL AUTO_INCREMENT, AUTO_INCREMENT=7;

--
-- AUTO_INCREMENT de tabela `lktagplaylist`
--
ALTER TABLE `lktagplaylist`
  MODIFY `lkTagPlaylistId` int(11) NOT NULL AUTO_INCREMENT;

--
-- AUTO_INCREMENT de tabela `lkusergroup`
--
ALTER TABLE `lkusergroup`
  MODIFY `lkUserGroupID` int(11) NOT NULL AUTO_INCREMENT, AUTO_INCREMENT=2;

--
-- AUTO_INCREMENT de tabela `log`
--
ALTER TABLE `log`
  MODIFY `logId` int(11) NOT NULL AUTO_INCREMENT, AUTO_INCREMENT=23;

--
-- AUTO_INCREMENT de tabela `media`
--
ALTER TABLE `media`
  MODIFY `mediaId` int(11) NOT NULL AUTO_INCREMENT, AUTO_INCREMENT=79;

--
-- AUTO_INCREMENT de tabela `module`
--
ALTER TABLE `module`
  MODIFY `moduleId` int(11) NOT NULL AUTO_INCREMENT, AUTO_INCREMENT=31;

--
-- AUTO_INCREMENT de tabela `notification`
--
ALTER TABLE `notification`
  MODIFY `notificationId` int(11) NOT NULL AUTO_INCREMENT;

--
-- AUTO_INCREMENT de tabela `oauth_client_redirect_uris`
--
ALTER TABLE `oauth_client_redirect_uris`
  MODIFY `id` int(11) NOT NULL AUTO_INCREMENT;

--
-- AUTO_INCREMENT de tabela `oauth_client_scopes`
--
ALTER TABLE `oauth_client_scopes`
  MODIFY `id` int(11) NOT NULL AUTO_INCREMENT;

--
-- AUTO_INCREMENT de tabela `oauth_scope_routes`
--
ALTER TABLE `oauth_scope_routes`
  MODIFY `id` int(11) NOT NULL AUTO_INCREMENT, AUTO_INCREMENT=4;

--
-- AUTO_INCREMENT de tabela `permission`
--
ALTER TABLE `permission`
  MODIFY `permissionId` int(11) NOT NULL AUTO_INCREMENT, AUTO_INCREMENT=26;

--
-- AUTO_INCREMENT de tabela `permissionentity`
--
ALTER TABLE `permissionentity`
  MODIFY `entityId` int(11) NOT NULL AUTO_INCREMENT, AUTO_INCREMENT=14;

--
-- AUTO_INCREMENT de tabela `player_software`
--
ALTER TABLE `player_software`
  MODIFY `versionId` int(11) NOT NULL AUTO_INCREMENT;

--
-- AUTO_INCREMENT de tabela `playlist`
--
ALTER TABLE `playlist`
  MODIFY `playlistId` int(11) NOT NULL AUTO_INCREMENT, AUTO_INCREMENT=50;

--
-- AUTO_INCREMENT de tabela `region`
--
ALTER TABLE `region`
  MODIFY `regionId` int(11) NOT NULL AUTO_INCREMENT, AUTO_INCREMENT=48;

--
-- AUTO_INCREMENT de tabela `reportschedule`
--
ALTER TABLE `reportschedule`
  MODIFY `reportScheduleId` int(11) NOT NULL AUTO_INCREMENT;

--
-- AUTO_INCREMENT de tabela `requiredfile`
--
ALTER TABLE `requiredfile`
  MODIFY `rfId` int(11) NOT NULL AUTO_INCREMENT, AUTO_INCREMENT=36;

--
-- AUTO_INCREMENT de tabela `resolution`
--
ALTER TABLE `resolution`
  MODIFY `resolutionId` int(11) NOT NULL AUTO_INCREMENT, AUTO_INCREMENT=9;

--
-- AUTO_INCREMENT de tabela `saved_report`
--
ALTER TABLE `saved_report`
  MODIFY `savedReportId` int(11) NOT NULL AUTO_INCREMENT;

--
-- AUTO_INCREMENT de tabela `schedule`
--
ALTER TABLE `schedule`
  MODIFY `eventId` int(11) NOT NULL AUTO_INCREMENT, AUTO_INCREMENT=2;

--
-- AUTO_INCREMENT de tabela `scheduleexclusions`
--
ALTER TABLE `scheduleexclusions`
  MODIFY `scheduleExclusionId` int(11) NOT NULL AUTO_INCREMENT;

--
-- AUTO_INCREMENT de tabela `schedulereminder`
--
ALTER TABLE `schedulereminder`
  MODIFY `scheduleReminderId` int(11) NOT NULL AUTO_INCREMENT;

--
-- AUTO_INCREMENT de tabela `setting`
--
ALTER TABLE `setting`
  MODIFY `settingId` int(11) NOT NULL AUTO_INCREMENT, AUTO_INCREMENT=126;

--
-- AUTO_INCREMENT de tabela `stat`
--
ALTER TABLE `stat`
  MODIFY `statId` int(11) NOT NULL AUTO_INCREMENT;

--
-- AUTO_INCREMENT de tabela `status`
--
ALTER TABLE `status`
  MODIFY `id` int(11) NOT NULL AUTO_INCREMENT, AUTO_INCREMENT=4;

--
-- AUTO_INCREMENT de tabela `stat_archive`
--
ALTER TABLE `stat_archive`
  MODIFY `statId` int(11) NOT NULL AUTO_INCREMENT;

--
-- AUTO_INCREMENT de tabela `tag`
--
ALTER TABLE `tag`
  MODIFY `tagId` int(11) NOT NULL AUTO_INCREMENT, AUTO_INCREMENT=5;

--
-- AUTO_INCREMENT de tabela `task`
--
ALTER TABLE `task`
  MODIFY `taskId` int(11) NOT NULL AUTO_INCREMENT, AUTO_INCREMENT=15;

--
-- AUTO_INCREMENT de tabela `transition`
--
ALTER TABLE `transition`
  MODIFY `transitionId` int(11) NOT NULL AUTO_INCREMENT, AUTO_INCREMENT=4;

--
-- AUTO_INCREMENT de tabela `user`
--
ALTER TABLE `user`
  MODIFY `userId` int(11) NOT NULL AUTO_INCREMENT, AUTO_INCREMENT=2;

--
-- AUTO_INCREMENT de tabela `usertype`
--
ALTER TABLE `usertype`
  MODIFY `userTypeId` int(11) NOT NULL AUTO_INCREMENT, AUTO_INCREMENT=5;

--
-- AUTO_INCREMENT de tabela `widget`
--
ALTER TABLE `widget`
  MODIFY `widgetId` int(11) NOT NULL AUTO_INCREMENT, AUTO_INCREMENT=71;

--
-- AUTO_INCREMENT de tabela `widgethistory`
--
ALTER TABLE `widgethistory`
  MODIFY `id` int(11) NOT NULL AUTO_INCREMENT, AUTO_INCREMENT=7;

--
-- Restrições para despejos de tabelas
--

--
-- Limitadores para a tabela `action`
--
ALTER TABLE `action`
  ADD CONSTRAINT `action_ibfk_1` FOREIGN KEY (`ownerId`) REFERENCES `user` (`userId`);

--
-- Limitadores para a tabela `bandwidth`
--
ALTER TABLE `bandwidth`
  ADD CONSTRAINT `bandwidth_ibfk_1` FOREIGN KEY (`type`) REFERENCES `bandwidthtype` (`bandwidthTypeId`);

--
-- Limitadores para a tabela `blacklist`
--
ALTER TABLE `blacklist`
  ADD CONSTRAINT `blacklist_ibfk_1` FOREIGN KEY (`mediaId`) REFERENCES `media` (`mediaId`),
  ADD CONSTRAINT `blacklist_ibfk_2` FOREIGN KEY (`displayId`) REFERENCES `display` (`displayId`);

--
-- Limitadores para a tabela `campaign`
--
ALTER TABLE `campaign`
  ADD CONSTRAINT `campaign_ibfk_1` FOREIGN KEY (`userId`) REFERENCES `user` (`userId`),
  ADD CONSTRAINT `campaign_ibfk_2` FOREIGN KEY (`folderId`) REFERENCES `folder` (`folderId`);

--
-- Limitadores para a tabela `command`
--
ALTER TABLE `command`
  ADD CONSTRAINT `command_ibfk_1` FOREIGN KEY (`userId`) REFERENCES `user` (`userId`);

--
-- Limitadores para a tabela `dataset`
--
ALTER TABLE `dataset`
  ADD CONSTRAINT `dataset_ibfk_1` FOREIGN KEY (`userId`) REFERENCES `user` (`userId`),
  ADD CONSTRAINT `dataset_ibfk_2` FOREIGN KEY (`folderId`) REFERENCES `folder` (`folderId`);

--
-- Limitadores para a tabela `datasetcolumn`
--
ALTER TABLE `datasetcolumn`
  ADD CONSTRAINT `datasetcolumn_ibfk_1` FOREIGN KEY (`dataSetId`) REFERENCES `dataset` (`dataSetId`),
  ADD CONSTRAINT `datasetcolumn_ibfk_2` FOREIGN KEY (`dataTypeId`) REFERENCES `datatype` (`dataTypeId`),
  ADD CONSTRAINT `datasetcolumn_ibfk_3` FOREIGN KEY (`dataSetColumnTypeId`) REFERENCES `datasetcolumntype` (`dataSetColumnTypeId`);

--
-- Limitadores para a tabela `datasetrss`
--
ALTER TABLE `datasetrss`
  ADD CONSTRAINT `datasetrss_ibfk_1` FOREIGN KEY (`dataSetId`) REFERENCES `dataset` (`dataSetId`);

--
-- Limitadores para a tabela `daypart`
--
ALTER TABLE `daypart`
  ADD CONSTRAINT `daypart_ibfk_1` FOREIGN KEY (`userId`) REFERENCES `user` (`userId`);

--
-- Limitadores para a tabela `display`
--
ALTER TABLE `display`
  ADD CONSTRAINT `display_ibfk_1` FOREIGN KEY (`displayProfileId`) REFERENCES `displayprofile` (`displayProfileId`);

--
-- Limitadores para a tabela `displaygroup`
--
ALTER TABLE `displaygroup`
  ADD CONSTRAINT `displaygroup_ibfk_1` FOREIGN KEY (`userId`) REFERENCES `user` (`userId`),
  ADD CONSTRAINT `displaygroup_ibfk_2` FOREIGN KEY (`folderId`) REFERENCES `folder` (`folderId`);

--
-- Limitadores para a tabela `displayprofile`
--
ALTER TABLE `displayprofile`
  ADD CONSTRAINT `displayprofile_ibfk_1` FOREIGN KEY (`userId`) REFERENCES `user` (`userId`);

--
-- Limitadores para a tabela `layout`
--
ALTER TABLE `layout`
  ADD CONSTRAINT `layout_ibfk_1` FOREIGN KEY (`userId`) REFERENCES `user` (`userId`),
  ADD CONSTRAINT `layout_ibfk_2` FOREIGN KEY (`backgroundImageId`) REFERENCES `media` (`mediaId`),
  ADD CONSTRAINT `layout_ibfk_3` FOREIGN KEY (`publishedStatusId`) REFERENCES `status` (`id`);

--
-- Limitadores para a tabela `layouthistory`
--
ALTER TABLE `layouthistory`
  ADD CONSTRAINT `layouthistory_ibfk_1` FOREIGN KEY (`campaignId`) REFERENCES `campaign` (`campaignId`);

--
-- Limitadores para a tabela `lkcampaignlayout`
--
ALTER TABLE `lkcampaignlayout`
  ADD CONSTRAINT `lkcampaignlayout_ibfk_1` FOREIGN KEY (`campaignId`) REFERENCES `campaign` (`campaignId`),
  ADD CONSTRAINT `lkcampaignlayout_ibfk_2` FOREIGN KEY (`layoutId`) REFERENCES `layout` (`layoutId`);

--
-- Limitadores para a tabela `lkcommanddisplayprofile`
--
ALTER TABLE `lkcommanddisplayprofile`
  ADD CONSTRAINT `lkcommanddisplayprofile_ibfk_1` FOREIGN KEY (`commandId`) REFERENCES `command` (`commandId`),
  ADD CONSTRAINT `lkcommanddisplayprofile_ibfk_2` FOREIGN KEY (`displayProfileId`) REFERENCES `displayprofile` (`displayProfileId`);

--
-- Limitadores para a tabela `lkdisplaydg`
--
ALTER TABLE `lkdisplaydg`
  ADD CONSTRAINT `lkdisplaydg_ibfk_1` FOREIGN KEY (`displayGroupId`) REFERENCES `displaygroup` (`displayGroupId`),
  ADD CONSTRAINT `lkdisplaydg_ibfk_2` FOREIGN KEY (`displayId`) REFERENCES `display` (`displayId`);

--
-- Limitadores para a tabela `lklayoutdisplaygroup`
--
ALTER TABLE `lklayoutdisplaygroup`
  ADD CONSTRAINT `lklayoutdisplaygroup_ibfk_1` FOREIGN KEY (`displayGroupId`) REFERENCES `displaygroup` (`displayGroupId`),
  ADD CONSTRAINT `lklayoutdisplaygroup_ibfk_2` FOREIGN KEY (`layoutId`) REFERENCES `layout` (`layoutId`);

--
-- Limitadores para a tabela `lkmediadisplaygroup`
--
ALTER TABLE `lkmediadisplaygroup`
  ADD CONSTRAINT `lkmediadisplaygroup_ibfk_1` FOREIGN KEY (`displayGroupId`) REFERENCES `displaygroup` (`displayGroupId`),
  ADD CONSTRAINT `lkmediadisplaygroup_ibfk_2` FOREIGN KEY (`mediaId`) REFERENCES `media` (`mediaId`);

--
-- Limitadores para a tabela `lknotificationdg`
--
ALTER TABLE `lknotificationdg`
  ADD CONSTRAINT `lknotificationdg_ibfk_1` FOREIGN KEY (`notificationId`) REFERENCES `notification` (`notificationId`);

--
-- Limitadores para a tabela `lknotificationgroup`
--
ALTER TABLE `lknotificationgroup`
  ADD CONSTRAINT `lknotificationgroup_ibfk_1` FOREIGN KEY (`notificationId`) REFERENCES `notification` (`notificationId`),
  ADD CONSTRAINT `lknotificationgroup_ibfk_2` FOREIGN KEY (`groupId`) REFERENCES `group` (`groupId`);

--
-- Limitadores para a tabela `lknotificationuser`
--
ALTER TABLE `lknotificationuser`
  ADD CONSTRAINT `lknotificationuser_ibfk_1` FOREIGN KEY (`notificationId`) REFERENCES `notification` (`notificationId`),
  ADD CONSTRAINT `lknotificationuser_ibfk_2` FOREIGN KEY (`userId`) REFERENCES `user` (`userId`);

--
-- Limitadores para a tabela `lkscheduledisplaygroup`
--
ALTER TABLE `lkscheduledisplaygroup`
  ADD CONSTRAINT `lkscheduledisplaygroup_ibfk_1` FOREIGN KEY (`eventId`) REFERENCES `schedule` (`eventId`),
  ADD CONSTRAINT `lkscheduledisplaygroup_ibfk_2` FOREIGN KEY (`displayGroupId`) REFERENCES `displaygroup` (`displayGroupId`);

--
-- Limitadores para a tabela `lktagcampaign`
--
ALTER TABLE `lktagcampaign`
  ADD CONSTRAINT `lktagcampaign_ibfk_1` FOREIGN KEY (`tagId`) REFERENCES `tag` (`tagId`),
  ADD CONSTRAINT `lktagcampaign_ibfk_2` FOREIGN KEY (`campaignId`) REFERENCES `campaign` (`campaignId`);

--
-- Limitadores para a tabela `lktagdisplaygroup`
--
ALTER TABLE `lktagdisplaygroup`
  ADD CONSTRAINT `lktagdisplaygroup_ibfk_1` FOREIGN KEY (`tagId`) REFERENCES `tag` (`tagId`),
  ADD CONSTRAINT `lktagdisplaygroup_ibfk_2` FOREIGN KEY (`displayGroupId`) REFERENCES `displaygroup` (`displayGroupId`);

--
-- Limitadores para a tabela `lktaglayout`
--
ALTER TABLE `lktaglayout`
  ADD CONSTRAINT `lktaglayout_ibfk_1` FOREIGN KEY (`tagId`) REFERENCES `tag` (`tagId`),
  ADD CONSTRAINT `lktaglayout_ibfk_2` FOREIGN KEY (`layoutId`) REFERENCES `layout` (`layoutId`);

--
-- Limitadores para a tabela `lktagmedia`
--
ALTER TABLE `lktagmedia`
  ADD CONSTRAINT `lktagmedia_ibfk_1` FOREIGN KEY (`tagId`) REFERENCES `tag` (`tagId`),
  ADD CONSTRAINT `lktagmedia_ibfk_2` FOREIGN KEY (`mediaId`) REFERENCES `media` (`mediaId`);

--
-- Limitadores para a tabela `lktagplaylist`
--
ALTER TABLE `lktagplaylist`
  ADD CONSTRAINT `lktagplaylist_ibfk_1` FOREIGN KEY (`tagId`) REFERENCES `tag` (`tagId`),
  ADD CONSTRAINT `lktagplaylist_ibfk_2` FOREIGN KEY (`playlistId`) REFERENCES `playlist` (`playlistId`);

--
-- Limitadores para a tabela `lkusergroup`
--
ALTER TABLE `lkusergroup`
  ADD CONSTRAINT `lkusergroup_ibfk_1` FOREIGN KEY (`groupId`) REFERENCES `group` (`groupId`),
  ADD CONSTRAINT `lkusergroup_ibfk_2` FOREIGN KEY (`userId`) REFERENCES `user` (`userId`);

--
-- Limitadores para a tabela `lkwidgetaudio`
--
ALTER TABLE `lkwidgetaudio`
  ADD CONSTRAINT `lkwidgetaudio_ibfk_1` FOREIGN KEY (`widgetId`) REFERENCES `widget` (`widgetId`),
  ADD CONSTRAINT `lkwidgetaudio_ibfk_2` FOREIGN KEY (`mediaId`) REFERENCES `media` (`mediaId`);

--
-- Limitadores para a tabela `lkwidgetmedia`
--
ALTER TABLE `lkwidgetmedia`
  ADD CONSTRAINT `lkwidgetmedia_ibfk_1` FOREIGN KEY (`widgetId`) REFERENCES `widget` (`widgetId`),
  ADD CONSTRAINT `lkwidgetmedia_ibfk_2` FOREIGN KEY (`mediaId`) REFERENCES `media` (`mediaId`);

--
-- Limitadores para a tabela `media`
--
ALTER TABLE `media`
  ADD CONSTRAINT `media_ibfk_1` FOREIGN KEY (`userId`) REFERENCES `user` (`userId`),
  ADD CONSTRAINT `media_ibfk_2` FOREIGN KEY (`folderId`) REFERENCES `folder` (`folderId`);

--
-- Limitadores para a tabela `notification`
--
ALTER TABLE `notification`
  ADD CONSTRAINT `notification_ibfk_1` FOREIGN KEY (`userId`) REFERENCES `user` (`userId`);

--
-- Limitadores para a tabela `oauth_clients`
--
ALTER TABLE `oauth_clients`
  ADD CONSTRAINT `oauth_clients_ibfk_1` FOREIGN KEY (`userId`) REFERENCES `user` (`userId`);

--
-- Limitadores para a tabela `permission`
--
ALTER TABLE `permission`
  ADD CONSTRAINT `permission_ibfk_1` FOREIGN KEY (`groupId`) REFERENCES `group` (`groupId`),
  ADD CONSTRAINT `permission_ibfk_2` FOREIGN KEY (`entityId`) REFERENCES `permissionentity` (`entityId`);

--
-- Limitadores para a tabela `player_software`
--
ALTER TABLE `player_software`
  ADD CONSTRAINT `player_software_ibfk_1` FOREIGN KEY (`mediaId`) REFERENCES `media` (`mediaId`);

--
-- Limitadores para a tabela `playlist`
--
ALTER TABLE `playlist`
  ADD CONSTRAINT `playlist_ibfk_1` FOREIGN KEY (`ownerId`) REFERENCES `user` (`userId`),
  ADD CONSTRAINT `playlist_ibfk_2` FOREIGN KEY (`folderId`) REFERENCES `folder` (`folderId`);

--
-- Limitadores para a tabela `region`
--
ALTER TABLE `region`
  ADD CONSTRAINT `region_ibfk_1` FOREIGN KEY (`ownerId`) REFERENCES `user` (`userId`);

--
-- Limitadores para a tabela `reportschedule`
--
ALTER TABLE `reportschedule`
  ADD CONSTRAINT `reportschedule_ibfk_1` FOREIGN KEY (`userId`) REFERENCES `user` (`userId`);

--
-- Limitadores para a tabela `requiredfile`
--
ALTER TABLE `requiredfile`
  ADD CONSTRAINT `requiredfile_ibfk_1` FOREIGN KEY (`displayId`) REFERENCES `display` (`displayId`);

--
-- Limitadores para a tabela `resolution`
--
ALTER TABLE `resolution`
  ADD CONSTRAINT `resolution_ibfk_1` FOREIGN KEY (`userId`) REFERENCES `user` (`userId`);

--
-- Limitadores para a tabela `saved_report`
--
ALTER TABLE `saved_report`
  ADD CONSTRAINT `saved_report_ibfk_1` FOREIGN KEY (`userId`) REFERENCES `user` (`userId`),
  ADD CONSTRAINT `saved_report_ibfk_2` FOREIGN KEY (`mediaId`) REFERENCES `media` (`mediaId`),
  ADD CONSTRAINT `saved_report_ibfk_3` FOREIGN KEY (`reportScheduleId`) REFERENCES `reportschedule` (`reportScheduleId`);

--
-- Limitadores para a tabela `schedule`
--
ALTER TABLE `schedule`
  ADD CONSTRAINT `schedule_ibfk_1` FOREIGN KEY (`userId`) REFERENCES `user` (`userId`);

--
-- Limitadores para a tabela `scheduleexclusions`
--
ALTER TABLE `scheduleexclusions`
  ADD CONSTRAINT `scheduleexclusions_ibfk_1` FOREIGN KEY (`eventId`) REFERENCES `schedule` (`eventId`);

--
-- Limitadores para a tabela `schedulereminder`
--
ALTER TABLE `schedulereminder`
  ADD CONSTRAINT `schedulereminder_ibfk_1` FOREIGN KEY (`eventId`) REFERENCES `schedule` (`eventId`);

--
-- Limitadores para a tabela `user`
--
ALTER TABLE `user`
  ADD CONSTRAINT `user_ibfk_1` FOREIGN KEY (`userTypeId`) REFERENCES `usertype` (`userTypeId`);

--
-- Limitadores para a tabela `widget`
--
ALTER TABLE `widget`
  ADD CONSTRAINT `widget_ibfk_1` FOREIGN KEY (`playlistId`) REFERENCES `playlist` (`playlistId`),
  ADD CONSTRAINT `widget_ibfk_2` FOREIGN KEY (`ownerId`) REFERENCES `user` (`userId`);

--
-- Limitadores para a tabela `widgethistory`
--
ALTER TABLE `widgethistory`
  ADD CONSTRAINT `widgethistory_ibfk_1` FOREIGN KEY (`layoutHistoryId`) REFERENCES `layouthistory` (`layoutHistoryId`);

--
-- Limitadores para a tabela `widgetoption`
--
ALTER TABLE `widgetoption`
  ADD CONSTRAINT `widgetoption_ibfk_1` FOREIGN KEY (`widgetId`) REFERENCES `widget` (`widgetId`);
COMMIT;

